Last updated on 2024-04-19 10:57:22 CEST.
Flavor | Version | Tinstall | Tcheck | Ttotal | Status | Flags |
---|---|---|---|---|---|---|
r-devel-linux-x86_64-debian-clang | 1.0-2.2 | 245.67 | 168.02 | 413.69 | NOTE | |
r-devel-linux-x86_64-debian-gcc | 1.0-2.2 | NOTE | ||||
r-devel-linux-x86_64-fedora-clang | 1.0-2.2 | 529.57 | NOTE | |||
r-devel-linux-x86_64-fedora-gcc | 1.0-2.2 | 596.42 | NOTE | |||
r-prerel-macos-arm64 | 1.0-2.2 | 123.00 | NOTE | |||
r-prerel-windows-x86_64 | 1.0-2.2 | 184.00 | 160.00 | 344.00 | NOTE | |
r-patched-linux-x86_64 | 1.0-2.2 | 0.01 | 2.34 | 2.35 | ERROR | |
r-release-linux-x86_64 | 1.0-2.2 | 189.42 | 171.34 | 360.76 | NOTE | |
r-release-macos-arm64 | 1.0-2.2 | 134.00 | NOTE | |||
r-release-macos-x86_64 | 1.0-2.2 | 206.00 | NOTE | |||
r-release-windows-x86_64 | 1.0-2.2 | 226.00 | 190.00 | 416.00 | NOTE | |
r-oldrel-macos-arm64 | 1.0-2.2 | 130.00 | NOTE | |||
r-oldrel-windows-x86_64 | 1.0-2.2 | 221.00 | 184.00 | 405.00 | NOTE |
Version: 1.0-2.2
Check: for GNU extensions in Makefiles
Result: NOTE
GNU make is a SystemRequirements.
Flavors: r-devel-linux-x86_64-debian-clang, r-devel-linux-x86_64-debian-gcc, r-devel-linux-x86_64-fedora-clang, r-devel-linux-x86_64-fedora-gcc, r-prerel-macos-arm64, r-prerel-windows-x86_64, r-release-linux-x86_64, r-release-macos-arm64, r-release-macos-x86_64, r-release-windows-x86_64, r-oldrel-macos-arm64, r-oldrel-windows-x86_64
Version: 1.0-2.2
Check: installed package size
Result: NOTE
installed size is 44.7Mb
sub-directories of 1Mb or more:
doc 1.9Mb
libs 42.5Mb
Flavors: r-prerel-macos-arm64, r-release-macos-arm64, r-release-macos-x86_64, r-oldrel-macos-arm64
Version: 1.0-2.2
Check: whether package can be installed
Result: ERROR
Installation failed.
Flavor: r-patched-linux-x86_64