CRAN Package Check Results for Package dendroTools

Last updated on 2021-07-29 10:52:55 CEST.

Flavor Version Tinstall Tcheck Ttotal Status Flags
r-devel-linux-x86_64-debian-clang 1.1.4 OK
r-devel-linux-x86_64-debian-gcc 1.1.4 22.95 312.07 335.02 OK
r-devel-linux-x86_64-fedora-clang 1.1.4 563.44 OK
r-devel-linux-x86_64-fedora-gcc 1.1.4 556.95 OK
r-devel-windows-x86_64 1.1.4 45.00 211.00 256.00 OK --no-vignettes
r-devel-windows-x86_64-gcc10-UCRT 1.1.4 OK
r-patched-linux-x86_64 1.1.4 24.74 431.24 455.98 OK
r-patched-solaris-x86 1.1.4 692.10 OK
r-release-linux-x86_64 1.1.4 26.51 431.46 457.97 OK
r-release-macos-arm64 1.1.4 WARN
r-release-macos-x86_64 1.1.4 OK
r-release-windows-ix86+x86_64 1.1.4 52.00 150.00 202.00 OK --no-vignettes
r-oldrel-macos-x86_64 1.1.4 OK
r-oldrel-windows-ix86+x86_64 1.1.4 52.00 209.00 261.00 OK --no-vignettes

Check Details

Version: 1.1.4
Check: re-building of vignette outputs
Result: WARN
    Error(s) in re-building vignettes:
    --- re-building ‘Compare_different_regression_methods.Rmd’ using rmarkdown
    Warning in engine$weave(file, quiet = quiet, encoding = enc) :
     Pandoc (>= 1.12.3) not available. Falling back to R Markdown v1.
    Warning in grid.Call(C_stringMetric, as.graphicsAnnot(x$label)) :
     no font could be found for family "Arial"
    Warning in grid.Call(C_stringMetric, as.graphicsAnnot(x$label)) :
     no font could be found for family "Arial"
    Warning in grid.Call(C_stringMetric, as.graphicsAnnot(x$label)) :
     no font could be found for family "Arial"
    Warning in grid.Call(C_stringMetric, as.graphicsAnnot(x$label)) :
     no font could be found for family "Arial"
    Warning in grid.Call(C_stringMetric, as.graphicsAnnot(x$label)) :
     no font could be found for family "Arial"
    Warning in grid.Call(C_stringMetric, as.graphicsAnnot(x$label)) :
     no font could be found for family "Arial"
    Warning in grid.Call(C_stringMetric, as.graphicsAnnot(x$label)) :
     no font could be found for family "Arial"
    Warning in grid.Call(C_stringMetric, as.graphicsAnnot(x$label)) :
     no font could be found for family "Arial"
    Warning in grid.Call(C_stringMetric, as.graphicsAnnot(x$label)) :
     no font could be found for family "Arial"
    Warning in grid.Call(C_stringMetric, as.graphicsAnnot(x$label)) :
     no font could be found for family "Arial"
    Warning in grid.Call(C_stringMetric, as.graphicsAnnot(x$label)) :
     no font could be found for family "Arial"
    Warning in grid.Call(C_stringMetric, as.graphicsAnnot(x$label)) :
     no font could be found for family "Arial"
    Warning in grid.Call(C_stringMetric, as.graphicsAnnot(x$label)) :
     no font could be found for family "Arial"
    Warning in grid.Call(C_stringMetric, as.graphicsAnnot(x$label)) :
     no font could be found for family "Arial"
    Warning in grid.Call(C_textBounds, as.graphicsAnnot(x$label), x$x, x$y, :
     no font could be found for family "Arial"
    Quitting from lines 53-55 (Compare_different_regression_methods.Rmd)
    Error: processing vignette 'Compare_different_regression_methods.Rmd' failed with diagnostics:
    polygon edge not found
    --- failed re-building ‘Compare_different_regression_methods.Rmd’
    
    --- re-building ‘Examples_with_daily_climate_data.Rmd’ using rmarkdown
    Warning in engine$weave(file, quiet = quiet, encoding = enc) :
     Pandoc (>= 1.12.3) not available. Falling back to R Markdown v1.
    Warning in grid.Call(C_stringMetric, as.graphicsAnnot(x$label)) :
     no font could be found for family "Arial"
    Warning in grid.Call(C_stringMetric, as.graphicsAnnot(x$label)) :
     no font could be found for family "Arial"
    Warning in grid.Call(C_stringMetric, as.graphicsAnnot(x$label)) :
     no font could be found for family "Arial"
    Warning in grid.Call(C_stringMetric, as.graphicsAnnot(x$label)) :
     no font could be found for family "Arial"
    Warning in grid.Call(C_stringMetric, as.graphicsAnnot(x$label)) :
     no font could be found for family "Arial"
    Warning in grid.Call(C_stringMetric, as.graphicsAnnot(x$label)) :
     no font could be found for family "Arial"
    Warning in grid.Call(C_stringMetric, as.graphicsAnnot(x$label)) :
     no font could be found for family "Arial"
    Warning in grid.Call(C_stringMetric, as.graphicsAnnot(x$label)) :
     no font could be found for family "Arial"
    Warning in grid.Call(C_stringMetric, as.graphicsAnnot(x$label)) :
     no font could be found for family "Arial"
    Warning in grid.Call(C_stringMetric, as.graphicsAnnot(x$label)) :
     no font could be found for family "Arial"
    Warning in grid.Call(C_stringMetric, as.graphicsAnnot(x$label)) :
     no font could be found for family "Arial"
    Warning in grid.Call(C_stringMetric, as.graphicsAnnot(x$label)) :
     no font could be found for family "Arial"
    Warning in grid.Call(C_stringMetric, as.graphicsAnnot(x$label)) :
     no font could be found for family "Arial"
    Warning in grid.Call(C_stringMetric, as.graphicsAnnot(x$label)) :
     no font could be found for family "Arial"
    Warning in grid.Call(C_stringMetric, as.graphicsAnnot(x$label)) :
     no font could be found for family "Arial"
    Warning in grid.Call(C_stringMetric, as.graphicsAnnot(x$label)) :
     no font could be found for family "Arial"
    Warning in grid.Call(C_stringMetric, as.graphicsAnnot(x$label)) :
     no font could be found for family "Arial"
    Warning in grid.Call(C_stringMetric, as.graphicsAnnot(x$label)) :
     no font could be found for family "Arial"
    Warning in grid.Call(C_stringMetric, as.graphicsAnnot(x$label)) :
     no font could be found for family "Arial"
    Warning in grid.Call(C_stringMetric, as.graphicsAnnot(x$label)) :
     no font could be found for family "Arial"
    Warning in grid.Call(C_stringMetric, as.graphicsAnnot(x$label)) :
     no font could be found for family "Arial"
    Warning in grid.Call(C_stringMetric, as.graphicsAnnot(x$label)) :
     no font could be found for family "Arial"
    Warning in grid.Call(C_stringMetric, as.graphicsAnnot(x$label)) :
     no font could be found for family "Arial"
    Warning in grid.Call(C_stringMetric, as.graphicsAnnot(x$label)) :
     no font could be found for family "Arial"
    Warning in grid.Call(C_stringMetric, as.graphicsAnnot(x$label)) :
     no font could be found for family "Arial"
    Warning in grid.Call(C_stringMetric, as.graphicsAnnot(x$label)) :
     no font could be found for family "Arial"
    Warning in grid.Call(C_stringMetric, as.graphicsAnnot(x$label)) :
     no font could be found for family "Arial"
    Warning in grid.Call(C_stringMetric, as.graphicsAnnot(x$label)) :
     no font could be found for family "Arial"
    Warning in grid.Call(C_textBounds, as.graphicsAnnot(x$label), x$x, x$y, :
     no font could be found for family "Arial"
    Quitting from lines 36-43 (Examples_with_daily_climate_data.Rmd)
    Error: processing vignette 'Examples_with_daily_climate_data.Rmd' failed with diagnostics:
    polygon edge not found
    --- failed re-building ‘Examples_with_daily_climate_data.Rmd’
    
    SUMMARY: processing the following files failed:
     ‘Compare_different_regression_methods.Rmd’
     ‘Examples_with_daily_climate_data.Rmd’
    
    Error: Vignette re-building failed.
    Execution halted
Flavor: r-release-macos-arm64