CRAN Package Check Results for Package deconstructSigs

Last updated on 2021-10-18 09:54:40 CEST.

Flavor Version Tinstall Tcheck Ttotal Status Flags
r-devel-linux-x86_64-debian-clang 1.8.0 3.25 46.58 49.83 OK
r-devel-linux-x86_64-debian-gcc 1.8.0 2.41 35.58 37.99 OK
r-devel-linux-x86_64-fedora-clang 1.8.0 70.60 OK
r-devel-linux-x86_64-fedora-gcc 1.8.0 58.29 OK
r-devel-windows-x86_64 1.8.0 5.00 68.00 73.00 OK
r-devel-windows-x86_64-gcc10-UCRT 1.8.0 OK
r-patched-linux-x86_64 1.8.0 3.11 45.48 48.59 OK
r-patched-solaris-x86 1.8.0 89.80 OK
r-release-linux-x86_64 1.8.0 2.93 44.99 47.92 OK
r-release-macos-arm64 1.8.0 OK
r-release-macos-x86_64 1.8.0 ERROR
r-release-windows-ix86+x86_64 1.8.0 4.00 64.00 68.00 OK
r-oldrel-macos-x86_64 1.8.0 OK
r-oldrel-windows-ix86+x86_64 1.8.0 6.00 68.00 74.00 OK

Check Details

Version: 1.8.0
Check: package dependencies
Result: ERROR
    Package required but not available: ‘BSgenome.Hsapiens.UCSC.hg19’
    
    See section ‘The DESCRIPTION file’ in the ‘Writing R Extensions’
    manual.
Flavor: r-release-macos-x86_64