CRAN Package Check Results for Package debugr

Last updated on 2021-10-24 10:04:03 CEST.

Flavor Version Tinstall Tcheck Ttotal Status Flags
r-devel-linux-x86_64-debian-clang 0.0.1 1.79 22.23 24.02 NOTE
r-devel-linux-x86_64-debian-gcc 0.0.1 1.50 17.38 18.88 NOTE
r-devel-linux-x86_64-fedora-clang 0.0.1 40.83 NOTE
r-devel-linux-x86_64-fedora-gcc 0.0.1 30.54 NOTE
r-devel-windows-x86_64 0.0.1 4.00 41.00 45.00 NOTE
r-devel-windows-x86_64-gcc10-UCRT 0.0.1 NOTE
r-patched-linux-x86_64 0.0.1 2.26 21.44 23.70 NOTE
r-patched-solaris-x86 0.0.1 45.40 NOTE
r-release-linux-x86_64 0.0.1 1.75 21.59 23.34 NOTE
r-release-macos-arm64 0.0.1 NOTE
r-release-macos-x86_64 0.0.1 NOTE
r-release-windows-ix86+x86_64 0.0.1 5.00 42.00 47.00 NOTE
r-oldrel-macos-x86_64 0.0.1 OK
r-oldrel-windows-ix86+x86_64 0.0.1 5.00 38.00 43.00 OK

Check Details

Version: 0.0.1
Check: LazyData
Result: NOTE
     'LazyData' is specified without a 'data' directory
Flavors: r-devel-linux-x86_64-debian-clang, r-devel-linux-x86_64-debian-gcc, r-devel-linux-x86_64-fedora-clang, r-devel-linux-x86_64-fedora-gcc, r-devel-windows-x86_64, r-devel-windows-x86_64-gcc10-UCRT, r-patched-linux-x86_64, r-patched-solaris-x86, r-release-linux-x86_64, r-release-macos-arm64, r-release-macos-x86_64, r-release-windows-ix86+x86_64