CRAN Package Check Results for Package ddalpha

Last updated on 2021-10-21 09:54:48 CEST.

Flavor Version Tinstall Tcheck Ttotal Status Flags
r-devel-linux-x86_64-debian-clang 1.3.11 163.36 121.79 285.15 OK
r-devel-linux-x86_64-debian-gcc 1.3.11 116.28 92.50 208.78 OK
r-devel-linux-x86_64-fedora-clang 1.3.11 442.00 NOTE
r-devel-linux-x86_64-fedora-gcc 1.3.11 378.33 OK
r-devel-windows-x86_64 1.3.11 233.00 170.00 403.00 OK
r-devel-windows-x86_64-gcc10-UCRT 1.3.11 OK
r-patched-linux-x86_64 1.3.11 146.85 118.94 265.79 OK
r-patched-solaris-x86 1.3.11 405.10 OK
r-release-linux-x86_64 1.3.11 141.34 118.29 259.63 OK
r-release-macos-arm64 1.3.11 NOTE
r-release-macos-x86_64 1.3.11 OK
r-release-windows-ix86+x86_64 1.3.11 321.00 220.00 541.00 OK
r-oldrel-macos-x86_64 1.3.11 OK
r-oldrel-windows-ix86+x86_64 1.3.11 449.00 219.00 668.00 OK

Check Details

Version: 1.3.11
Check: Rd cross-references
Result: NOTE
    Undeclared package ‘fda.usc’ in Rd xrefs
Flavor: r-devel-linux-x86_64-fedora-clang

Version: 1.3.11
Check: installed package size
Result: NOTE
     installed size is 5.4Mb
     sub-directories of 1Mb or more:
     libs 4.1Mb
Flavor: r-release-macos-arm64