CRAN Package Check Results for Package dccmidas

Last updated on 2021-10-20 09:55:06 CEST.

Flavor Version Tinstall Tcheck Ttotal Status Flags
r-devel-linux-x86_64-debian-clang 0.1.0 47.05 108.25 155.30 OK
r-devel-linux-x86_64-debian-gcc 0.1.0 33.57 82.20 115.77 OK
r-devel-linux-x86_64-fedora-clang 0.1.0 216.97 NOTE
r-devel-linux-x86_64-fedora-gcc 0.1.0 197.85 NOTE
r-devel-windows-x86_64 0.1.0 69.00 149.00 218.00 OK
r-devel-windows-x86_64-gcc10-UCRT 0.1.0 NOTE
r-patched-linux-x86_64 0.1.0 43.07 103.04 146.11 OK
r-patched-solaris-x86 0.1.0 246.20 NOTE
r-release-linux-x86_64 0.1.0 45.25 103.01 148.26 OK
r-release-macos-arm64 0.1.0 NOTE
r-release-macos-x86_64 0.1.0 NOTE
r-release-windows-ix86+x86_64 0.1.0 125.00 184.00 309.00 OK
r-oldrel-macos-x86_64 0.1.0 NOTE
r-oldrel-windows-ix86+x86_64 0.1.0 128.00 187.00 315.00 OK

Check Details

Version: 0.1.0
Check: dependencies in R code
Result: NOTE
    Namespaces in Imports field not imported from:
     ‘Rcpp’ ‘lubridate’ ‘tseries’
     All declared Imports should be used.
Flavors: r-devel-linux-x86_64-fedora-clang, r-devel-linux-x86_64-fedora-gcc, r-devel-windows-x86_64-gcc10-UCRT, r-patched-solaris-x86, r-release-macos-arm64, r-release-macos-x86_64, r-oldrel-macos-x86_64