CRAN Package Check Results for Package dataquieR

Last updated on 2021-09-22 09:52:20 CEST.

Flavor Version Tinstall Tcheck Ttotal Status Flags
r-devel-linux-x86_64-debian-clang 1.0.9 21.26 397.99 419.25 OK
r-devel-linux-x86_64-debian-gcc 1.0.9 16.30 276.38 292.68 OK
r-devel-linux-x86_64-fedora-clang 1.0.9 475.49 OK
r-devel-linux-x86_64-fedora-gcc 1.0.9 476.18 OK
r-devel-windows-x86_64 1.0.9 23.00 367.00 390.00 OK
r-devel-windows-x86_64-gcc10-UCRT 1.0.9 ERROR
r-patched-linux-x86_64 1.0.9 29.24 364.54 393.78 OK
r-patched-solaris-x86 1.0.9 614.70 OK
r-release-linux-x86_64 1.0.9 18.24 364.18 382.42 OK
r-release-macos-arm64 1.0.9 OK
r-release-macos-x86_64 1.0.9 OK
r-release-windows-ix86+x86_64 1.0.9 41.00 342.00 383.00 OK
r-oldrel-macos-x86_64 1.0.9 OK
r-oldrel-windows-ix86+x86_64 1.0.9 29.00 351.00 380.00 OK

Check Details

Version: 1.0.9
Check: package dependencies
Result: NOTE
    Package suggested but not available for checking: 'vdiffr'
Flavor: r-devel-windows-x86_64-gcc10-UCRT

Version: 1.0.9
Check: PDF version of manual
Result: WARN
    LaTeX errors when creating PDF version.
    This typically indicates Rd problems.
Flavor: r-devel-windows-x86_64-gcc10-UCRT

Version: 1.0.9
Check: PDF version of manual without hyperrefs or index
Result: ERROR
    Re-running with no redirection of stdout/stderr.
Flavor: r-devel-windows-x86_64-gcc10-UCRT