CRAN Package Check Results for Package dataone

Last updated on 2021-09-21 09:52:31 CEST.

Flavor Version Tinstall Tcheck Ttotal Status Flags
r-devel-linux-x86_64-debian-clang 2.2.1 11.92 84.48 96.40 OK
r-devel-linux-x86_64-debian-gcc 2.2.1 9.44 65.56 75.00 OK
r-devel-linux-x86_64-fedora-clang 2.2.1 125.35 OK
r-devel-linux-x86_64-fedora-gcc 2.2.1 115.11 OK
r-devel-windows-x86_64 2.2.1 15.00 112.00 127.00 OK
r-devel-windows-x86_64-gcc10-UCRT 2.2.1 ERROR
r-patched-linux-x86_64 2.2.1 16.31 85.42 101.73 OK
r-patched-solaris-x86 2.2.1 158.80 OK
r-release-linux-x86_64 2.2.1 12.08 86.25 98.33 OK
r-release-macos-arm64 2.2.1 OK
r-release-macos-x86_64 2.2.1 OK
r-release-windows-ix86+x86_64 2.2.1 26.00 106.00 132.00 OK
r-oldrel-macos-x86_64 2.2.1 OK
r-oldrel-windows-ix86+x86_64 2.2.1 26.00 137.00 163.00 OK

Check Details

Version: 2.2.1
Check: package dependencies
Result: ERROR
    Packages required but not available: 'XML', 'datapack'
    
    See section 'The DESCRIPTION file' in the 'Writing R Extensions'
    manual.
Flavor: r-devel-windows-x86_64-gcc10-UCRT