CRAN Package Check Results for Package dann

Last updated on 2021-07-25 09:50:15 CEST.

Flavor Version Tinstall Tcheck Ttotal Status Flags
r-devel-linux-x86_64-debian-clang 0.2.2 39.31 172.50 211.81 NOTE
r-devel-linux-x86_64-debian-gcc 0.2.2 24.22 115.12 139.34 NOTE
r-devel-linux-x86_64-fedora-clang 0.2.2 259.57 NOTE
r-devel-linux-x86_64-fedora-gcc 0.2.2 248.74 NOTE
r-devel-windows-x86_64 0.2.2 40.00 145.00 185.00 NOTE
r-devel-windows-x86_64-gcc10-UCRT 0.2.2 NOTE
r-patched-linux-x86_64 0.2.2 31.00 160.35 191.35 NOTE
r-patched-solaris-x86 0.2.2 313.90 NOTE
r-release-linux-x86_64 0.2.2 31.33 163.98 195.31 NOTE
r-release-macos-arm64 0.2.2 NOTE
r-release-macos-x86_64 0.2.2 NOTE
r-release-windows-ix86+x86_64 0.2.2 91.00 317.00 408.00 NOTE
r-oldrel-macos-x86_64 0.2.2 OK
r-oldrel-windows-ix86+x86_64 0.2.2 91.00 303.00 394.00 OK

Check Details

Version: 0.2.2
Check: LazyData
Result: NOTE
     'LazyData' is specified without a 'data' directory
Flavors: r-devel-linux-x86_64-debian-clang, r-devel-linux-x86_64-debian-gcc, r-devel-linux-x86_64-fedora-clang, r-devel-linux-x86_64-fedora-gcc, r-devel-windows-x86_64, r-devel-windows-x86_64-gcc10-UCRT, r-patched-linux-x86_64, r-patched-solaris-x86, r-release-linux-x86_64, r-release-macos-arm64, r-release-macos-x86_64, r-release-windows-ix86+x86_64