Last updated on 2024-04-23 10:54:00 CEST.
Flavor | Version | Tinstall | Tcheck | Ttotal | Status | Flags |
---|---|---|---|---|---|---|
r-devel-linux-x86_64-debian-clang | 1.0.2 | 4.29 | 40.25 | 44.54 | NOTE | |
r-devel-linux-x86_64-debian-gcc | 1.0.2 | 3.20 | 30.95 | 34.15 | NOTE | |
r-devel-linux-x86_64-fedora-clang | 1.0.2 | 57.46 | NOTE | |||
r-devel-linux-x86_64-fedora-gcc | 1.0.2 | 53.59 | NOTE | |||
r-prerel-macos-arm64 | 1.0.2 | 29.00 | NOTE | |||
r-prerel-windows-x86_64 | 1.0.2 | 6.00 | 51.00 | 57.00 | NOTE | |
r-patched-linux-x86_64 | 1.0.2 | 3.79 | 39.29 | 43.08 | NOTE | |
r-release-linux-x86_64 | 1.0.2 | 4.62 | 39.28 | 43.90 | NOTE | |
r-release-macos-arm64 | 1.0.2 | 24.00 | NOTE | |||
r-release-macos-x86_64 | 1.0.2 | 33.00 | NOTE | |||
r-release-windows-x86_64 | 1.0.2 | 7.00 | 55.00 | 62.00 | NOTE | |
r-oldrel-macos-arm64 | 1.0.2 | 24.00 | NOTE | |||
r-oldrel-windows-x86_64 | 1.0.2 | 6.00 | 60.00 | 66.00 | NOTE |
Version: 1.0.2
Check: LazyData
Result: NOTE
'LazyData' is specified without a 'data' directory
Flavors: r-devel-linux-x86_64-debian-clang, r-devel-linux-x86_64-debian-gcc, r-devel-linux-x86_64-fedora-clang, r-devel-linux-x86_64-fedora-gcc, r-prerel-macos-arm64, r-prerel-windows-x86_64, r-patched-linux-x86_64, r-release-linux-x86_64, r-release-macos-arm64, r-release-macos-x86_64, r-release-windows-x86_64, r-oldrel-macos-arm64, r-oldrel-windows-x86_64