Last updated on 2024-04-26 09:51:56 CEST.
Flavor | Version | Tinstall | Tcheck | Ttotal | Status | Flags |
---|---|---|---|---|---|---|
r-devel-linux-x86_64-debian-clang | 0.1.0 | 4.42 | 56.58 | 61.00 | NOTE | |
r-devel-linux-x86_64-debian-gcc | 0.1.0 | 4.49 | 42.00 | 46.49 | NOTE | |
r-devel-linux-x86_64-fedora-clang | 0.1.0 | 77.94 | NOTE | |||
r-devel-linux-x86_64-fedora-gcc | 0.1.0 | 72.90 | NOTE | |||
r-devel-windows-x86_64 | 0.1.0 | 6.00 | 63.00 | 69.00 | NOTE | |
r-patched-linux-x86_64 | 0.1.0 | 5.26 | 54.18 | 59.44 | NOTE | |
r-release-linux-x86_64 | 0.1.0 | 4.37 | 53.83 | 58.20 | OK | |
r-release-macos-arm64 | 0.1.0 | 27.00 | NOTE | |||
r-release-windows-x86_64 | 0.1.0 | 7.00 | 61.00 | 68.00 | NOTE | |
r-oldrel-macos-arm64 | 0.1.0 | 29.00 | OK | |||
r-oldrel-macos-x86_64 | 0.1.0 | 41.00 | OK | |||
r-oldrel-windows-x86_64 | 0.1.0 | 9.00 | 69.00 | 78.00 | OK |
Version: 0.1.0
Check: Rd files
Result: NOTE
checkRd: (-1) fit.Rd:37: Lost braces in \itemize; meant \describe ?
checkRd: (-1) fit.Rd:38: Lost braces in \itemize; meant \describe ?
checkRd: (-1) fit.Rd:39: Lost braces in \itemize; meant \describe ?
Flavors: r-devel-linux-x86_64-debian-clang, r-devel-linux-x86_64-debian-gcc, r-devel-linux-x86_64-fedora-clang, r-devel-linux-x86_64-fedora-gcc, r-devel-windows-x86_64, r-patched-linux-x86_64, r-release-macos-arm64, r-release-windows-x86_64