CRAN Package Check Results for Package cubature

Last updated on 2021-09-17 09:53:20 CEST.

Flavor Version Tinstall Tcheck Ttotal Status Flags
r-devel-linux-x86_64-debian-clang 2.0.4.2 77.38 231.02 308.40 NOTE
r-devel-linux-x86_64-debian-gcc 2.0.4.2 46.26 147.09 193.35 NOTE
r-devel-linux-x86_64-fedora-clang 2.0.4.2 376.27 NOTE
r-devel-linux-x86_64-fedora-gcc 2.0.4.2 356.23 NOTE
r-devel-windows-x86_64 2.0.4.2 1.00 9.00 10.00 ERROR
r-devel-windows-x86_64-gcc10-UCRT 2.0.4.2 NOTE
r-patched-linux-x86_64 2.0.4.2 62.04 216.53 278.57 NOTE
r-patched-solaris-x86 2.0.4.2 364.40 NOTE
r-release-linux-x86_64 2.0.4.2 61.18 216.90 278.08 NOTE
r-release-macos-arm64 2.0.4.2 NOTE
r-release-macos-x86_64 2.0.4.2 WARN
r-release-windows-ix86+x86_64 2.0.4.2 97.00 224.00 321.00 NOTE
r-oldrel-macos-x86_64 2.0.4.2 NOTE
r-oldrel-windows-ix86+x86_64 2.0.4.2 77.00 308.00 385.00 NOTE

Check Details

Version: 2.0.4.2
Check: for GNU extensions in Makefiles
Result: NOTE
    GNU make is a SystemRequirements.
Flavors: r-devel-linux-x86_64-debian-clang, r-devel-linux-x86_64-debian-gcc, r-devel-linux-x86_64-fedora-clang, r-devel-linux-x86_64-fedora-gcc, r-devel-windows-x86_64-gcc10-UCRT, r-patched-linux-x86_64, r-patched-solaris-x86, r-release-linux-x86_64, r-release-macos-arm64, r-release-macos-x86_64, r-release-windows-ix86+x86_64, r-oldrel-macos-x86_64, r-oldrel-windows-ix86+x86_64

Version: 2.0.4.2
Check: whether package can be installed
Result: ERROR
    Installation failed.
Flavor: r-devel-windows-x86_64

Version: 2.0.4.2
Check: re-building of vignette outputs
Result: WARN
    Error(s) in re-building vignettes:
     ...
    --- re-building ‘cubature.Rmd’ using rmarkdown
    Warning in engine$weave(file, quiet = quiet, encoding = enc) :
     Pandoc (>= 1.12.3) not available. Falling back to R Markdown v1.
    Error: processing vignette 'cubature.Rmd' failed with diagnostics:
    there is no package called 'stringi'
    --- failed re-building ‘cubature.Rmd’
    
    --- re-building ‘version2.Rmd’ using rmarkdown
    Warning in engine$weave(file, quiet = quiet, encoding = enc) :
     Pandoc (>= 1.12.3) not available. Falling back to R Markdown v1.
    Error: processing vignette 'version2.Rmd' failed with diagnostics:
    there is no package called 'stringi'
    --- failed re-building ‘version2.Rmd’
    
    SUMMARY: processing the following files failed:
     ‘cubature.Rmd’ ‘version2.Rmd’
    
    Error: Vignette re-building failed.
    Execution halted
Flavor: r-release-macos-x86_64

Version: 2.0.4.2
Check: installed package size
Result: NOTE
     installed size is 6.9Mb
     sub-directories of 1Mb or more:
     doc 1.3Mb
     libs 5.5Mb
Flavors: r-release-windows-ix86+x86_64, r-oldrel-windows-ix86+x86_64