CRAN Package Check Results for Package ctrdata

Last updated on 2021-09-21 09:52:31 CEST.

Flavor Version Tinstall Tcheck Ttotal Status Flags
r-devel-linux-x86_64-debian-clang 1.7.1 6.50 45.04 51.54 OK
r-devel-linux-x86_64-debian-gcc 1.7.1 4.60 34.00 38.60 OK
r-devel-linux-x86_64-fedora-clang 1.7.1 73.32 OK
r-devel-linux-x86_64-fedora-gcc 1.7.1 61.71 OK
r-devel-windows-x86_64 1.7.1 10.00 70.00 80.00 OK
r-devel-windows-x86_64-gcc10-UCRT 1.7.1 ERROR
r-patched-linux-x86_64 1.7.1 4.70 44.87 49.57 OK
r-patched-solaris-x86 1.7.1 90.60 OK
r-release-linux-x86_64 1.7.1 5.19 44.03 49.22 OK
r-release-macos-arm64 1.7.1 OK
r-release-macos-x86_64 1.7.1 OK
r-release-windows-ix86+x86_64 1.7.1 18.00 72.00 90.00 OK
r-oldrel-macos-x86_64 1.7.1 OK
r-oldrel-windows-ix86+x86_64 1.7.1 20.00 97.00 117.00 OK

Check Details

Version: 1.7.1
Check: whether package can be installed
Result: WARN
    Found the following significant warnings:
     WARNING: installation-time patches will not be applied, could not get the patches index
Flavor: r-devel-windows-x86_64-gcc10-UCRT

Version: 1.7.1
Check: PDF version of manual
Result: WARN
    LaTeX errors when creating PDF version.
    This typically indicates Rd problems.
Flavor: r-devel-windows-x86_64-gcc10-UCRT

Version: 1.7.1
Check: PDF version of manual without hyperrefs or index
Result: ERROR
    Re-running with no redirection of stdout/stderr.
Flavor: r-devel-windows-x86_64-gcc10-UCRT