CRAN Package Check Results for Package crsra

Last updated on 2021-09-17 09:53:20 CEST.

Flavor Version Tinstall Tcheck Ttotal Status Flags
r-devel-linux-x86_64-debian-clang 0.2.3 11.04 118.16 129.20 OK
r-devel-linux-x86_64-debian-gcc 0.2.3 9.68 78.90 88.58 OK
r-devel-linux-x86_64-fedora-clang 0.2.3 153.49 NOTE
r-devel-linux-x86_64-fedora-gcc 0.2.3 140.17 NOTE
r-devel-windows-x86_64 0.2.3 13.00 128.00 141.00 ERROR
r-devel-windows-x86_64-gcc10-UCRT 0.2.3 ERROR
r-patched-linux-x86_64 0.2.3 16.66 99.31 115.97 OK
r-patched-solaris-x86 0.2.3 201.20 NOTE
r-release-linux-x86_64 0.2.3 7.34 99.41 106.75 OK
r-release-macos-arm64 0.2.3 NOTE
r-release-macos-x86_64 0.2.3 NOTE
r-release-windows-ix86+x86_64 0.2.3 24.00 90.00 114.00 ERROR
r-oldrel-macos-x86_64 0.2.3 NOTE
r-oldrel-windows-ix86+x86_64 0.2.3 18.00 124.00 142.00 ERROR

Check Details

Version: 0.2.3
Check: data for non-ASCII characters
Result: NOTE
     Note: found 500 marked UTF-8 strings
Flavors: r-devel-linux-x86_64-fedora-clang, r-devel-linux-x86_64-fedora-gcc, r-devel-windows-x86_64-gcc10-UCRT, r-patched-solaris-x86, r-release-macos-arm64, r-release-macos-x86_64, r-oldrel-macos-x86_64

Version: 0.2.3
Check: examples
Result: ERROR
    Running examples in 'crsra-Ex.R' failed
    The error most likely occurred in:
    
    > ### Name: crsra_import_course
    > ### Title: Imports all the .csv files into one list consisting of all the
    > ### tables within the course.
    > ### Aliases: crsra_import_course
    >
    > ### ** Examples
    >
    > zip_file = system.file("extdata", "fake_course_7051862327916.zip",
    + package = "crsra")
    > bn = basename(zip_file)
    > bn = sub("[.]zip$", "", bn)
    > res = unzip(zip_file, exdir = tempdir(), overwrite = TRUE)
    Error in unzip(zip_file, exdir = tempdir(), overwrite = TRUE) :
     cannot open file 'D:/temp/RtmpgvrIeA/fake_course_7051862327916/programming_submission_part_grid_grading_statuses.csv': Invalid argument
    Execution halted
Flavor: r-devel-windows-x86_64

Version: 0.2.3
Check: examples
Result: ERROR
    Running examples in 'crsra-Ex.R' failed
    The error most likely occurred in:
    
    > ### Name: crsra_import_course
    > ### Title: Imports all the .csv files into one list consisting of all the
    > ### tables within the course.
    > ### Aliases: crsra_import_course
    >
    > ### ** Examples
    >
    > zip_file = system.file("extdata", "fake_course_7051862327916.zip",
    + package = "crsra")
    > bn = basename(zip_file)
    > bn = sub("[.]zip$", "", bn)
    > res = unzip(zip_file, exdir = tempdir(), overwrite = TRUE)
    Error in unzip(zip_file, exdir = tempdir(), overwrite = TRUE) :
     cannot open file 'C:/msys64/home/tomas/ucrt3/svn/ucrt3/r_packages/pkgcheck/CRAN/crsra/tmp/Rtmpqivnt3/fake_course_7051862327916/programming_submission_part_grid_grading_statuses.csv': Invalid argument
    Execution halted
Flavor: r-devel-windows-x86_64-gcc10-UCRT

Version: 0.2.3
Check: examples
Result: ERROR
    Running examples in 'crsra-Ex.R' failed
    The error most likely occurred in:
    
    > ### Name: crsra_import_course
    > ### Title: Imports all the .csv files into one list consisting of all the
    > ### tables within the course.
    > ### Aliases: crsra_import_course
    >
    > ### ** Examples
    >
    > zip_file = system.file("extdata", "fake_course_7051862327916.zip",
    + package = "crsra")
    > bn = basename(zip_file)
    > bn = sub("[.]zip$", "", bn)
    > res = unzip(zip_file, exdir = tempdir(), overwrite = TRUE)
    Error in unzip(zip_file, exdir = tempdir(), overwrite = TRUE) :
     cannot open file 'D:/temp/RtmpC0T5V0/fake_course_7051862327916/programming_submission_part_grid_grading_statuses.csv': Invalid argument
    Execution halted
Flavor: r-release-windows-ix86+x86_64

Version: 0.2.3
Check: examples
Result: ERROR
    Running examples in 'crsra-Ex.R' failed
    The error most likely occurred in:
    
    > ### Name: crsra_import_course
    > ### Title: Imports all the .csv files into one list consisting of all the
    > ### tables within the course.
    > ### Aliases: crsra_import_course
    >
    > ### ** Examples
    >
    > zip_file = system.file("extdata", "fake_course_7051862327916.zip",
    + package = "crsra")
    > bn = basename(zip_file)
    > bn = sub("[.]zip$", "", bn)
    > res = unzip(zip_file, exdir = tempdir(), overwrite = TRUE)
    Error in unzip(zip_file, exdir = tempdir(), overwrite = TRUE) :
     cannot open file 'D:/temp/RtmpaW628q/fake_course_7051862327916/programming_submission_part_grid_grading_statuses.csv': Invalid argument
    Execution halted
Flavor: r-oldrel-windows-ix86+x86_64