CRAN Package Check Results for Package crossword.r

Last updated on 2021-10-16 09:54:14 CEST.

Flavor Version Tinstall Tcheck Ttotal Status Flags
r-devel-linux-x86_64-debian-clang 0.3.6 2.91 24.64 27.55 NOTE
r-devel-linux-x86_64-debian-gcc 0.3.6 2.48 19.50 21.98 NOTE
r-devel-linux-x86_64-fedora-clang 0.3.6 44.58 NOTE
r-devel-linux-x86_64-fedora-gcc 0.3.6 33.46 NOTE
r-devel-windows-x86_64 0.3.6 6.00 31.00 37.00 NOTE
r-devel-windows-x86_64-gcc10-UCRT 0.3.6 NOTE
r-patched-linux-x86_64 0.3.6 6.28 23.33 29.61 NOTE
r-patched-solaris-x86 0.3.6 51.50 NOTE
r-release-linux-x86_64 0.3.6 3.11 23.50 26.61 NOTE
r-release-macos-arm64 0.3.6 NOTE
r-release-macos-x86_64 0.3.6 NOTE
r-release-windows-ix86+x86_64 0.3.6 6.00 43.00 49.00 NOTE
r-oldrel-macos-x86_64 0.3.6 NOTE
r-oldrel-windows-ix86+x86_64 0.3.6 8.00 45.00 53.00 OK

Check Details

Version: 0.3.6
Check: LazyData
Result: NOTE
     'LazyData' is specified without a 'data' directory
Flavors: r-devel-linux-x86_64-debian-clang, r-devel-linux-x86_64-debian-gcc, r-devel-linux-x86_64-fedora-clang, r-devel-linux-x86_64-fedora-gcc, r-devel-windows-x86_64, r-devel-windows-x86_64-gcc10-UCRT, r-patched-linux-x86_64, r-patched-solaris-x86, r-release-linux-x86_64, r-release-macos-arm64, r-release-macos-x86_64, r-release-windows-ix86+x86_64

Version: 0.3.6
Check: dependencies in R code
Result: NOTE
    Namespaces in Imports field not imported from:
     ‘R6’ ‘dplyr’ ‘r6extended’
     All declared Imports should be used.
Flavors: r-devel-linux-x86_64-fedora-clang, r-devel-linux-x86_64-fedora-gcc, r-devel-windows-x86_64-gcc10-UCRT, r-patched-solaris-x86, r-release-macos-arm64, r-release-macos-x86_64, r-oldrel-macos-x86_64