CRAN Package Check Results for Package cranlike

Last updated on 2021-10-25 09:55:16 CEST.

Flavor Version Tinstall Tcheck Ttotal Status Flags
r-devel-linux-x86_64-debian-clang 1.0.2 4.92 41.55 46.47 NOTE
r-devel-linux-x86_64-debian-gcc 1.0.2 3.59 32.94 36.53 NOTE
r-devel-linux-x86_64-fedora-clang 1.0.2 66.12 NOTE
r-devel-linux-x86_64-fedora-gcc 1.0.2 56.07 NOTE
r-devel-windows-x86_64 1.0.2 7.00 64.00 71.00 NOTE
r-devel-windows-x86_64-gcc10-UCRT 1.0.2 NOTE
r-patched-linux-x86_64 1.0.2 4.80 41.37 46.17 NOTE
r-patched-solaris-x86 1.0.2 84.10 NOTE
r-release-linux-x86_64 1.0.2 4.15 41.30 45.45 NOTE
r-release-macos-arm64 1.0.2 NOTE
r-release-macos-x86_64 1.0.2 NOTE
r-release-windows-ix86+x86_64 1.0.2 8.00 65.00 73.00 NOTE
r-oldrel-macos-x86_64 1.0.2 OK
r-oldrel-windows-ix86+x86_64 1.0.2 11.00 72.00 83.00 OK

Check Details

Version: 1.0.2
Check: LazyData
Result: NOTE
     'LazyData' is specified without a 'data' directory
Flavors: r-devel-linux-x86_64-debian-clang, r-devel-linux-x86_64-debian-gcc, r-devel-linux-x86_64-fedora-clang, r-devel-linux-x86_64-fedora-gcc, r-devel-windows-x86_64, r-devel-windows-x86_64-gcc10-UCRT, r-patched-linux-x86_64, r-patched-solaris-x86, r-release-linux-x86_64, r-release-macos-arm64, r-release-macos-x86_64, r-release-windows-ix86+x86_64