CRAN Package Check Results for Package cppRouting

Last updated on 2021-09-17 09:53:20 CEST.

Flavor Version Tinstall Tcheck Ttotal Status Flags
r-devel-linux-x86_64-debian-clang 2.0 283.34 34.42 317.76 OK
r-devel-linux-x86_64-debian-gcc 2.0 168.76 26.94 195.70 OK
r-devel-linux-x86_64-fedora-clang 2.0 489.49 NOTE
r-devel-linux-x86_64-fedora-gcc 2.0 389.03 NOTE
r-devel-windows-x86_64 2.0 264.00 67.00 331.00 OK
r-devel-windows-x86_64-gcc10-UCRT 2.0 NOTE
r-patched-linux-x86_64 2.0 217.01 32.97 249.98 OK
r-patched-solaris-x86 2.0 318.10 NOTE
r-release-linux-x86_64 2.0 210.36 32.83 243.19 OK
r-release-macos-arm64 2.0 NOTE
r-release-macos-x86_64 2.0 NOTE
r-release-windows-ix86+x86_64 2.0 615.00 68.00 683.00 OK
r-oldrel-macos-x86_64 2.0 NOTE
r-oldrel-windows-ix86+x86_64 2.0 466.00 77.00 543.00 OK

Check Details

Version: 2.0
Check: installed package size
Result: NOTE
     installed size is 8.7Mb
     sub-directories of 1Mb or more:
     libs 8.5Mb
Flavors: r-devel-linux-x86_64-fedora-clang, r-release-macos-arm64, r-release-macos-x86_64, r-oldrel-macos-x86_64

Version: 2.0
Check: dependencies in R code
Result: NOTE
    Namespace in Imports field not imported from: ‘RcppProgress’
     All declared Imports should be used.
Flavors: r-devel-linux-x86_64-fedora-clang, r-devel-linux-x86_64-fedora-gcc, r-devel-windows-x86_64-gcc10-UCRT, r-patched-solaris-x86, r-release-macos-arm64, r-release-macos-x86_64, r-oldrel-macos-x86_64