CRAN Package Check Results for Package covidregionaldata

Last updated on 2021-07-29 10:52:53 CEST.

Flavor Version Tinstall Tcheck Ttotal Status Flags
r-devel-linux-x86_64-debian-clang 0.9.2 OK
r-devel-linux-x86_64-debian-gcc 0.9.2 23.66 173.09 196.75 OK
r-devel-linux-x86_64-fedora-clang 0.9.2 300.78 NOTE
r-devel-linux-x86_64-fedora-gcc 0.9.2 294.24 NOTE
r-devel-windows-x86_64 0.9.2 34.00 287.00 321.00 OK
r-devel-windows-x86_64-gcc10-UCRT 0.9.2 NOTE
r-patched-linux-x86_64 0.9.2 27.10 201.88 228.98 WARN
r-patched-solaris-x86 0.9.2 667.10 NOTE
r-release-linux-x86_64 0.9.2 19.88 219.50 239.38 OK
r-release-macos-arm64 0.9.2 WARN
r-release-macos-x86_64 0.9.2 NOTE
r-release-windows-ix86+x86_64 0.9.2 43.00 274.00 317.00 WARN
r-oldrel-macos-x86_64 0.9.2 NOTE
r-oldrel-windows-ix86+x86_64 0.9.2 30.00 323.00 353.00 OK

Check Details

Version: 0.9.2
Check: data for non-ASCII characters
Result: NOTE
     Note: found 200 marked UTF-8 strings
Flavors: r-devel-linux-x86_64-fedora-clang, r-devel-linux-x86_64-fedora-gcc, r-devel-windows-x86_64-gcc10-UCRT, r-patched-solaris-x86, r-release-macos-arm64, r-release-macos-x86_64, r-oldrel-macos-x86_64

Version: 0.9.2
Check: re-building of vignette outputs
Result: WARN
    Error(s) in re-building vignettes:
     ...
    --- re-building ‘quickstart.Rmd’ using rmarkdown
    
    Attaching package: 'dplyr'
    
    The following objects are masked from 'package:stats':
    
     filter, lag
    
    The following objects are masked from 'package:base':
    
     intersect, setdiff, setequal, union
    
    Warning: Removed 102 row(s) containing missing values (geom_path).
    --- finished re-building ‘quickstart.Rmd’
    
    --- re-building ‘slowstart.Rmd’ using rmarkdown
    Using a cache at: /tmp/RtmpFU1Tt4
    Downloading data from https://www.data.gouv.fr/fr/datasets/r/001aca18-df6a-45c8-89e6-f82d689e6c01
    Quitting from lines 59-63 (slowstart.Rmd)
    Error: processing vignette 'slowstart.Rmd' failed with diagnostics:
    transfer closed with outstanding read data remaining
    --- failed re-building ‘slowstart.Rmd’
    
    --- re-building ‘supported-countries.Rmd’ using rmarkdown
    --- finished re-building ‘supported-countries.Rmd’
    
    --- re-building ‘testing.Rmd’ using rmarkdown
    --- finished re-building ‘testing.Rmd’
    
    SUMMARY: processing the following file failed:
     ‘slowstart.Rmd’
    
    Error: Vignette re-building failed.
    Execution halted
Flavor: r-patched-linux-x86_64

Version: 0.9.2
Check: re-building of vignette outputs
Result: WARN
    Error(s) in re-building vignettes:
    --- re-building ‘quickstart.Rmd’ using rmarkdown
    Warning in engine$weave(file, quiet = quiet, encoding = enc) :
     Pandoc (>= 1.12.3) not available. Falling back to R Markdown v1.
    
    Attaching package: 'dplyr'
    
    The following objects are masked from 'package:stats':
    
     filter, lag
    
    The following objects are masked from 'package:base':
    
     intersect, setdiff, setequal, union
    
    Quitting from lines 49-59 (quickstart.Rmd)
    Error: processing vignette 'quickstart.Rmd' failed with diagnostics:
    polygon edge not found
    --- failed re-building ‘quickstart.Rmd’
    
    --- re-building ‘slowstart.Rmd’ using rmarkdown
    Warning in engine$weave(file, quiet = quiet, encoding = enc) :
     Pandoc (>= 1.12.3) not available. Falling back to R Markdown v1.
    Using a cache at: /Volumes/Temp/tmp/Rtmpr684mM
    Downloading data from https://www.data.gouv.fr/fr/datasets/r/001aca18-df6a-45c8-89e6-f82d689e6c01
    Rows: 100485 Columns: 10
    ── Column specification ────────────────────────────────────────────────────────
    Delimiter: ";"
    chr (2): reg, cl_age90
    dbl (7): P_f, P_h, P, T_f, T_h, T, pop
    date (1): jour
    
    ℹ Use `spec()` to retrieve the full column specification for this data.
    ℹ Specify the column types or set `show_col_types = FALSE` to quiet this message.
    Cleaning data
    Processing data
    Downloading data from https://www.data.gouv.fr/fr/datasets/r/406c6a23-e283-4300-9484-54e78c8ae675
    Rows: 497640 Columns: 6
    ── Column specification ────────────────────────────────────────────────────────
    Delimiter: ";"
    chr (2): dep, cl_age90
    dbl (3): P, T, pop
    date (1): jour
    
    ℹ Use `spec()` to retrieve the full column specification for this data.
    ℹ Specify the column types or set `show_col_types = FALSE` to quiet this message.
    Downloading data from https://www.data.gouv.fr/fr/datasets/r/6fadff46-9efd-4c53-942a-54aca783c30c
    Rows: 49793 Columns: 6
    ── Column specification ────────────────────────────────────────────────────────
    Delimiter: ";"
    chr (1): dep
    dbl (4): incid_hosp, incid_rea, incid_dc, incid_rad
    date (1): jour
    
    ℹ Use `spec()` to retrieve the full column specification for this data.
    ℹ Specify the column types or set `show_col_types = FALSE` to quiet this message.
    Cleaning data
    Processing data
    Downloading data from https://www.data.gouv.fr/fr/datasets/r/001aca18-df6a-45c8-89e6-f82d689e6c01
    Cleaning data
    Processing data
    --- finished re-building ‘slowstart.Rmd’
    
    --- re-building ‘supported-countries.Rmd’ using rmarkdown
    Warning in engine$weave(file, quiet = quiet, encoding = enc) :
     Pandoc (>= 1.12.3) not available. Falling back to R Markdown v1.
    Quitting from lines 31-58 (supported-countries.Rmd)
    Error: processing vignette 'supported-countries.Rmd' failed with diagnostics:
    polygon edge not found
    --- failed re-building ‘supported-countries.Rmd’
    
    --- re-building ‘testing.Rmd’ using rmarkdown
    Warning in engine$weave(file, quiet = quiet, encoding = enc) :
     Pandoc (>= 1.12.3) not available. Falling back to R Markdown v1.
    --- finished re-building ‘testing.Rmd’
    
    SUMMARY: processing the following files failed:
     ‘quickstart.Rmd’ ‘supported-countries.Rmd’
    
    Error: Vignette re-building failed.
    Execution halted
Flavor: r-release-macos-arm64

Version: 0.9.2
Check: re-building of vignette outputs
Result: WARN
    Error(s) in re-building vignettes:
    --- re-building 'quickstart.Rmd' using rmarkdown
    
    Attaching package: 'dplyr'
    
    The following objects are masked from 'package:stats':
    
     filter, lag
    
    The following objects are masked from 'package:base':
    
     intersect, setdiff, setequal, union
    
    Warning: Removed 102 row(s) containing missing values (geom_path).
    --- finished re-building 'quickstart.Rmd'
    
    --- re-building 'slowstart.Rmd' using rmarkdown
    Using a cache at: D:\temp\Rtmp8k2yLj
    Downloading data from https://www.data.gouv.fr/fr/datasets/r/001aca18-df6a-45c8-89e6-f82d689e6c01
    Quitting from lines 59-63 (slowstart.Rmd)
    Error: processing vignette 'slowstart.Rmd' failed with diagnostics:
    Timeout was reached: [www.data.gouv.fr] Operation timed out after 10003 milliseconds with 0 out of 0 bytes received
    --- failed re-building 'slowstart.Rmd'
    
    --- re-building 'supported-countries.Rmd' using rmarkdown
    --- finished re-building 'supported-countries.Rmd'
    
    --- re-building 'testing.Rmd' using rmarkdown
    --- finished re-building 'testing.Rmd'
    
    SUMMARY: processing the following file failed:
     'slowstart.Rmd'
    
    Error: Vignette re-building failed.
    Execution halted
Flavor: r-release-windows-ix86+x86_64