CRAN Package Check Results for Package covid19us

Last updated on 2021-09-28 09:53:13 CEST.

Flavor Version Tinstall Tcheck Ttotal Status Flags
r-devel-linux-x86_64-debian-clang 0.1.7 4.17 231.62 235.79 NOTE
r-devel-linux-x86_64-debian-gcc 0.1.7 3.30 159.13 162.43 NOTE
r-devel-linux-x86_64-fedora-clang 0.1.7 268.87 NOTE
r-devel-linux-x86_64-fedora-gcc 0.1.7 259.74 NOTE
r-devel-windows-x86_64 0.1.7 5.00 240.00 245.00 NOTE
r-devel-windows-x86_64-gcc10-UCRT 0.1.7 NOTE
r-patched-linux-x86_64 0.1.7 4.36 212.80 217.16 NOTE
r-patched-solaris-x86 0.1.7 360.90 NOTE
r-release-linux-x86_64 0.1.7 2.83 214.46 217.29 NOTE
r-release-macos-arm64 0.1.7 NOTE
r-release-macos-x86_64 0.1.7 NOTE
r-release-windows-ix86+x86_64 0.1.7 11.00 246.00 257.00 NOTE
r-oldrel-macos-x86_64 0.1.7 OK
r-oldrel-windows-ix86+x86_64 0.1.7 8.00 236.00 244.00 OK

Check Details

Version: 0.1.7
Check: LazyData
Result: NOTE
     'LazyData' is specified without a 'data' directory
Flavors: r-devel-linux-x86_64-debian-clang, r-devel-linux-x86_64-debian-gcc, r-devel-linux-x86_64-fedora-clang, r-devel-linux-x86_64-fedora-gcc, r-devel-windows-x86_64, r-devel-windows-x86_64-gcc10-UCRT, r-patched-linux-x86_64, r-patched-solaris-x86, r-release-linux-x86_64, r-release-macos-arm64, r-release-macos-x86_64, r-release-windows-ix86+x86_64