CRAN Package Check Results for Package covid19dbcand

Last updated on 2021-10-22 09:53:00 CEST.

Flavor Version Tinstall Tcheck Ttotal Status Flags
r-devel-linux-x86_64-debian-clang 0.1.1 3.40 26.86 30.26 OK
r-devel-linux-x86_64-debian-gcc 0.1.1 3.47 21.36 24.83 OK
r-devel-linux-x86_64-fedora-clang 0.1.1 49.53 OK
r-devel-linux-x86_64-fedora-gcc 0.1.1 40.90 OK
r-devel-windows-x86_64 0.1.1 8.00 51.00 59.00 OK
r-devel-windows-x86_64-gcc10-UCRT 0.1.1 WARN
r-patched-linux-x86_64 0.1.1 4.41 25.83 30.24 OK
r-patched-solaris-x86 0.1.1 56.30 OK
r-release-linux-x86_64 0.1.1 3.44 25.99 29.43 OK
r-release-macos-arm64 0.1.1 OK
r-release-macos-x86_64 0.1.1 WARN
r-release-windows-ix86+x86_64 0.1.1 7.00 50.00 57.00 OK
r-oldrel-macos-x86_64 0.1.1 WARN
r-oldrel-windows-ix86+x86_64 0.1.1 10.00 49.00 59.00 OK

Check Details

Version: 0.1.1
Check: package dependencies
Result: NOTE
    Package suggested but not available for checking: 'networkD3'
Flavor: r-devel-windows-x86_64-gcc10-UCRT

Version: 0.1.1
Check: re-building of vignette outputs
Result: WARN
    Error(s) in re-building vignettes:
    --- re-building 'covid19dbcand.Rmd' using rmarkdown
    Quitting from lines 78-190 (covid19dbcand.Rmd)
    Error: processing vignette 'covid19dbcand.Rmd' failed with diagnostics:
    there is no package called 'networkD3'
    --- failed re-building 'covid19dbcand.Rmd'
    
    SUMMARY: processing the following file failed:
     'covid19dbcand.Rmd'
    
    Error: Vignette re-building failed.
    Execution halted
Flavor: r-devel-windows-x86_64-gcc10-UCRT

Version: 0.1.1
Check: re-building of vignette outputs
Result: WARN
    Error(s) in re-building vignettes:
     ...
    --- re-building ‘covid19dbcand.Rmd’ using rmarkdown
    Warning in engine$weave(file, quiet = quiet, encoding = enc) :
     Pandoc (>= 1.12.3) not available. Falling back to R Markdown v1.
    Quitting from lines 70-71 (covid19dbcand.Rmd)
    Error: processing vignette 'covid19dbcand.Rmd' failed with diagnostics:
    invalid 'path' argument
    --- failed re-building ‘covid19dbcand.Rmd’
    
    SUMMARY: processing the following file failed:
     ‘covid19dbcand.Rmd’
    
    Error: Vignette re-building failed.
    Execution halted
Flavor: r-release-macos-x86_64

Version: 0.1.1
Check: re-building of vignette outputs
Result: WARN
    Error(s) in re-building vignettes:
     ...
    --- re-building ‘covid19dbcand.Rmd’ using rmarkdown
    Warning in engine$weave(file, quiet = quiet, encoding = enc) :
     Pandoc (>= 1.12.3) and/or pandoc-citeproc not available. Falling back to R Markdown v1.
    Quitting from lines 70-71 (covid19dbcand.Rmd)
    Error: processing vignette 'covid19dbcand.Rmd' failed with diagnostics:
    cannot open the connection
    --- failed re-building ‘covid19dbcand.Rmd’
    
    SUMMARY: processing the following file failed:
     ‘covid19dbcand.Rmd’
    
    Error: Vignette re-building failed.
    Execution halted
Flavor: r-oldrel-macos-x86_64