CRAN Package Check Results for Package covid19.analytics

Last updated on 2021-10-21 09:54:47 CEST.

Flavor Version Tinstall Tcheck Ttotal Status Flags
r-devel-linux-x86_64-debian-clang 2.1.1 13.15 267.27 280.42 OK
r-devel-linux-x86_64-debian-gcc 2.1.1 11.50 182.76 194.26 OK
r-devel-linux-x86_64-fedora-clang 2.1.1 326.96 NOTE
r-devel-linux-x86_64-fedora-gcc 2.1.1 335.19 OK
r-devel-windows-x86_64 2.1.1 24.00 327.00 351.00 NOTE
r-devel-windows-x86_64-gcc10-UCRT 2.1.1 OK
r-patched-linux-x86_64 2.1.1 11.69 254.19 265.88 OK
r-patched-solaris-x86 2.1.1 384.60 NOTE
r-release-linux-x86_64 2.1.1 13.12 251.74 264.86 OK
r-release-macos-arm64 2.1.1 NOTE
r-release-macos-x86_64 2.1.1 NOTE
r-release-windows-ix86+x86_64 2.1.1 22.00 425.00 447.00 NOTE
r-oldrel-macos-x86_64 2.1.1 NOTE
r-oldrel-windows-ix86+x86_64 2.1.1 31.00 442.00 473.00 NOTE

Check Details

Version: 2.1.1
Check: installed package size
Result: NOTE
     installed size is 5.1Mb
     sub-directories of 1Mb or more:
     doc 1.6Mb
     extdata 2.7Mb
Flavors: r-devel-linux-x86_64-fedora-clang, r-devel-windows-x86_64, r-patched-solaris-x86, r-release-macos-arm64, r-release-macos-x86_64, r-release-windows-ix86+x86_64, r-oldrel-macos-x86_64, r-oldrel-windows-ix86+x86_64