Last updated on 2024-04-23 10:53:59 CEST.
Flavor | Version | Tinstall | Tcheck | Ttotal | Status | Flags |
---|---|---|---|---|---|---|
r-devel-linux-x86_64-debian-clang | 1.4 | 6.22 | 93.77 | 99.99 | NOTE | |
r-devel-linux-x86_64-debian-gcc | 1.4 | 6.17 | 67.87 | 74.04 | NOTE | |
r-devel-linux-x86_64-fedora-clang | 1.4 | 133.73 | NOTE | |||
r-devel-linux-x86_64-fedora-gcc | 1.4 | 138.00 | NOTE | |||
r-prerel-macos-arm64 | 1.4 | 43.00 | NOTE | |||
r-prerel-windows-x86_64 | 1.4 | 9.00 | 87.00 | 96.00 | NOTE | |
r-patched-linux-x86_64 | 1.4 | 7.21 | 89.33 | 96.54 | NOTE | |
r-release-linux-x86_64 | 1.4 | 5.22 | 87.96 | 93.18 | OK | |
r-release-macos-arm64 | 1.4 | 40.00 | OK | |||
r-release-macos-x86_64 | 1.4 | 64.00 | OK | |||
r-release-windows-x86_64 | 1.4 | 11.00 | 99.00 | 110.00 | OK | |
r-oldrel-macos-arm64 | 1.4 | 37.00 | OK | |||
r-oldrel-windows-x86_64 | 1.4 | 13.00 | 106.00 | 119.00 | OK |
Version: 1.4
Check: Rd files
Result: NOTE
checkRd: (-1) summary_fitlist.Rd:15: Lost braces in \itemize; \value handles \item{}{} directly
checkRd: (-1) summary_fitlist.Rd:16: Lost braces in \itemize; \value handles \item{}{} directly
checkRd: (-1) summary_fitlist.Rd:17: Lost braces in \itemize; \value handles \item{}{} directly
checkRd: (-1) summary_fitlist.Rd:18: Lost braces in \itemize; \value handles \item{}{} directly
checkRd: (-1) summary_fitlist.Rd:19: Lost braces in \itemize; \value handles \item{}{} directly
Flavors: r-devel-linux-x86_64-debian-clang, r-devel-linux-x86_64-debian-gcc, r-devel-linux-x86_64-fedora-clang, r-devel-linux-x86_64-fedora-gcc, r-prerel-macos-arm64, r-prerel-windows-x86_64, r-patched-linux-x86_64