Last updated on 2024-04-18 10:49:44 CEST.
Flavor | Version | Tinstall | Tcheck | Ttotal | Status | Flags |
---|---|---|---|---|---|---|
r-devel-linux-x86_64-debian-clang | 1.4.3 | 14.18 | 110.49 | 124.67 | NOTE | |
r-devel-linux-x86_64-debian-gcc | 1.4.3 | 10.72 | 78.62 | 89.34 | NOTE | |
r-devel-linux-x86_64-fedora-clang | 1.4.3 | 152.84 | NOTE | |||
r-devel-linux-x86_64-fedora-gcc | 1.4.3 | 148.74 | NOTE | |||
r-prerel-macos-arm64 | 1.4.3 | 43.00 | NOTE | |||
r-prerel-windows-x86_64 | 1.4.3 | 11.00 | 90.00 | 101.00 | NOTE | |
r-patched-linux-x86_64 | 1.4.3 | 12.02 | 101.14 | 113.16 | NOTE | |
r-release-linux-x86_64 | 1.4.3 | 9.47 | 109.81 | 119.28 | NOTE | |
r-release-macos-arm64 | 1.4.3 | 47.00 | NOTE | |||
r-release-macos-x86_64 | 1.4.3 | 83.00 | NOTE | |||
r-release-windows-x86_64 | 1.4.3 | 15.00 | 108.00 | 123.00 | NOTE | |
r-oldrel-macos-arm64 | 1.4.3 | 44.00 | NOTE | |||
r-oldrel-windows-x86_64 | 1.4.3 | 16.00 | 117.00 | 133.00 | NOTE |
Version: 1.4.3
Check: package dependencies
Result: NOTE
Packages suggested but not available for checking:
'cec2005benchmark', 'cec2013'
Flavors: r-devel-linux-x86_64-debian-clang, r-devel-linux-x86_64-debian-gcc, r-devel-linux-x86_64-fedora-clang, r-devel-linux-x86_64-fedora-gcc, r-prerel-macos-arm64, r-prerel-windows-x86_64, r-patched-linux-x86_64, r-release-linux-x86_64, r-release-macos-arm64, r-release-macos-x86_64, r-release-windows-x86_64, r-oldrel-windows-x86_64
Version: 1.4.3
Check: package dependencies
Result: NOTE
Package suggested but not available for checking: ‘cec2005benchmark’
Flavor: r-oldrel-macos-arm64