Last updated on 2024-04-23 10:53:59 CEST.
Flavor | Version | Tinstall | Tcheck | Ttotal | Status | Flags |
---|---|---|---|---|---|---|
r-devel-linux-x86_64-debian-clang | 1.3.3 | 224.21 | 81.36 | 305.57 | OK | |
r-devel-linux-x86_64-debian-gcc | 1.3.3 | 173.43 | 62.49 | 235.92 | OK | |
r-devel-linux-x86_64-fedora-clang | 1.3.3 | 434.98 | OK | |||
r-devel-linux-x86_64-fedora-gcc | 1.3.3 | 473.26 | OK | |||
r-prerel-macos-arm64 | 1.3.3 | 92.00 | NOTE | |||
r-prerel-windows-x86_64 | 1.3.3 | 152.00 | 106.00 | 258.00 | OK | |
r-patched-linux-x86_64 | 1.3.3 | 222.51 | 80.39 | 302.90 | OK | |
r-release-linux-x86_64 | 1.3.3 | 213.19 | 83.14 | 296.33 | OK | |
r-release-macos-arm64 | 1.3.3 | 113.00 | NOTE | |||
r-release-macos-x86_64 | 1.3.3 | 203.00 | NOTE | |||
r-release-windows-x86_64 | 1.3.3 | 199.00 | 125.00 | 324.00 | OK | |
r-oldrel-macos-arm64 | 1.3.3 | 118.00 | NOTE | |||
r-oldrel-windows-x86_64 | 1.3.3 | 186.00 | 118.00 | 304.00 | OK |
Version: 1.3.3
Check: installed package size
Result: NOTE
installed size is 19.7Mb
sub-directories of 1Mb or more:
libs 19.4Mb
Flavors: r-prerel-macos-arm64, r-release-macos-arm64, r-release-macos-x86_64, r-oldrel-macos-arm64