Last updated on 2024-08-13 09:48:11 CEST.
Flavor | Version | Tinstall | Tcheck | Ttotal | Status | Flags |
---|---|---|---|---|---|---|
r-devel-linux-x86_64-debian-clang | 0.1.2 | 9.62 | 109.26 | 118.88 | OK | |
r-devel-linux-x86_64-debian-gcc | 0.1.2 | 6.29 | 76.61 | 82.90 | OK | |
r-devel-linux-x86_64-fedora-clang | 0.1.2 | 203.66 | OK | |||
r-devel-linux-x86_64-fedora-gcc | 0.1.2 | 191.80 | OK | |||
r-devel-windows-x86_64 | 0.1.2 | 12.00 | 118.00 | 130.00 | OK | |
r-patched-linux-x86_64 | 0.1.2 | 9.78 | 101.70 | 111.48 | OK | |
r-release-linux-x86_64 | 0.1.2 | 8.75 | 102.12 | 110.87 | OK | |
r-release-macos-arm64 | 0.1.2 | 58.00 | OK | |||
r-release-macos-x86_64 | 0.1.2 | 96.00 | OK | |||
r-release-windows-x86_64 | 0.1.2 | 12.00 | 119.00 | 131.00 | OK | |
r-oldrel-macos-arm64 | 0.1.2 | 66.00 | OK | |||
r-oldrel-macos-x86_64 | 0.1.2 | 93.00 | NOTE | |||
r-oldrel-windows-x86_64 | 0.1.2 | 14.00 | 140.00 | 154.00 | OK |
Version: 0.1.2
Check: package dependencies
Result: NOTE
Packages suggested but not available for checking:
'scagnostics', 'parsnip', 'C50', 'bartMachine', 'caret'
Flavor: r-oldrel-macos-x86_64