CRAN Package Check Results for Package completejourney

Last updated on 2021-09-28 09:53:12 CEST.

Flavor Version Tinstall Tcheck Ttotal Status Flags
r-devel-linux-x86_64-debian-clang 1.1.0 11.27 54.53 65.80 OK
r-devel-linux-x86_64-debian-gcc 1.1.0 9.73 42.49 52.22 OK
r-devel-linux-x86_64-fedora-clang 1.1.0 88.27 OK
r-devel-linux-x86_64-fedora-gcc 1.1.0 76.70 OK
r-devel-windows-x86_64 1.1.0 15.00 62.00 77.00 OK
r-devel-windows-x86_64-gcc10-UCRT 1.1.0 OK
r-patched-linux-x86_64 1.1.0 10.84 50.85 61.69 OK
r-patched-solaris-x86 1.1.0 117.90 OK
r-release-linux-x86_64 1.1.0 11.64 51.07 62.71 OK
r-release-macos-arm64 1.1.0 NOTE
r-release-macos-x86_64 1.1.0 OK
r-release-windows-ix86+x86_64 1.1.0 23.00 57.00 80.00 OK
r-oldrel-macos-x86_64 1.1.0 OK
r-oldrel-windows-ix86+x86_64 1.1.0 20.00 61.00 81.00 OK

Check Details

Version: 1.1.0
Check: installed package size
Result: NOTE
     installed size is 5.2Mb
     sub-directories of 1Mb or more:
     data 4.9Mb
Flavor: r-release-macos-arm64