CRAN Package Check Results for Package colorspace

Last updated on 2021-09-16 09:54:36 CEST.

Flavor Version Tinstall Tcheck Ttotal Status Flags
r-devel-linux-x86_64-debian-clang 2.0-2 12.24 106.07 118.31 OK
r-devel-linux-x86_64-debian-gcc 2.0-2 7.74 79.88 87.62 OK
r-devel-linux-x86_64-fedora-clang 2.0-2 152.54 OK
r-devel-linux-x86_64-fedora-gcc 2.0-2 139.87 OK
r-devel-windows-x86_64 2.0-2 21.00 156.00 177.00 OK
r-devel-windows-x86_64-gcc10-UCRT 2.0-2 OK
r-patched-linux-x86_64 2.0-2 13.68 102.33 116.01 OK
r-patched-solaris-x86 2.0-2 184.30 OK
r-release-linux-x86_64 2.0-2 11.95 101.60 113.55 OK
r-release-macos-arm64 2.0-2 NOTE
r-release-macos-x86_64 2.0-2 NOTE
r-release-windows-ix86+x86_64 2.0-2 30.00 132.00 162.00 OK
r-oldrel-macos-x86_64 2.0-2 OK
r-oldrel-windows-ix86+x86_64 2.0-2 22.00 166.00 188.00 OK

Check Details

Version: 2.0-2
Check: re-building of vignette outputs
Result: NOTE
    Error(s) in re-building vignettes:
    --- re-building ‘colorspace.Rmd’ using rmarkdown
    Warning in engine$weave(file, quiet = quiet, encoding = enc) :
     Pandoc (>= 1.12.3) not available. Falling back to R Markdown v1.
    Warning in mtext(rownames(xi), side = 2, at = y1[1L:nri] + 0.5 * off[2L]/nr, :
     no font could be found for family "Arial"
    Warning in mtext(rownames(xi), side = 2, at = y1[1L:nri] + 0.5 * off[2L]/nr, :
     no font could be found for family "Arial"
    Warning in mtext(rownames(xi), side = 2, at = y1[1L:nri] + 0.5 * off[2L]/nr, :
     no font could be found for family "Arial"
    Warning in mtext(rownames(xi), side = 2, at = y1[1L:nri] + 0.5 * off[2L]/nr, :
     no font could be found for family "Arial"
    Warning in mtext(rownames(xi), side = 2, at = y1[1L:nri] + 0.5 * off[2L]/nr, :
     no font could be found for family "Arial"
    Warning in mtext(rownames(xi), side = 2, at = y1[1L:nri] + 0.5 * off[2L]/nr, :
     no font could be found for family "Arial"
    Warning in mtext(rownames(xi), side = 2, at = y1[1L:nri] + 0.5 * off[2L]/nr, :
     no font could be found for family "Arial"
    Warning in doTryCatch(return(expr), name, parentenv, handler) :
     no font could be found for family "Arial"
    Warning in doTryCatch(return(expr), name, parentenv, handler) :
     no font could be found for family "Arial"
    Warning in doTryCatch(return(expr), name, parentenv, handler) :
     no font could be found for family "Arial"
    Warning in doTryCatch(return(expr), name, parentenv, handler) :
     no font could be found for family "Arial"
    Warning in doTryCatch(return(expr), name, parentenv, handler) :
     no font could be found for family "Arial"
    Warning in doTryCatch(return(expr), name, parentenv, handler) :
     no font could be found for family "Arial"
    Warning in doTryCatch(return(expr), name, parentenv, handler) :
     no font could be found for family "Arial"
    Warning in mtext(rownames(xi), side = 2, at = y1[1L:nri] + 0.5 * off[2L]/nr, :
     no font could be found for family "Arial"
    Warning in mtext(rownames(xi), side = 2, at = y1[1L:nri] + 0.5 * off[2L]/nr, :
     no font could be found for family "Arial"
    Warning in mtext(rownames(xi), side = 2, at = y1[1L:nri] + 0.5 * off[2L]/nr, :
     no font could be found for family "Arial"
    Warning in mtext(rownames(xi), side = 2, at = y1[1L:nri] + 0.5 * off[2L]/nr, :
     no font could be found for family "Arial"
    Warning in mtext(rownames(xi), side = 2, at = y1[1L:nri] + 0.5 * off[2L]/nr, :
     no font could be found for family "Arial"
    Warning in mtext(rownames(xi), side = 2, at = y1[1L:nri] + 0.5 * off[2L]/nr, :
     no font could be found for family "Arial"
    Warning in mtext(rownames(xi), side = 2, at = y1[1L:nri] + 0.5 * off[2L]/nr, :
     no font could be found for family "Arial"
    Warning in mtext(rownames(xi), side = 2, at = y1[1L:nri] + 0.5 * off[2L]/nr, :
     no font could be found for family "Arial"
    Warning in mtext(rownames(xi), side = 2, at = y1[1L:nri] + 0.5 * off[2L]/nr, :
     no font could be found for family "Arial"
    Warning in mtext(rownames(xi), side = 2, at = y1[1L:nri] + 0.5 * off[2L]/nr, :
     no font could be found for family "Arial"
    Warning in mtext(rownames(xi), side = 2, at = y1[1L:nri] + 0.5 * off[2L]/nr, :
     no font could be found for family "Arial"
    Warning in mtext(rownames(xi), side = 2, at = y1[1L:nri] + 0.5 * off[2L]/nr, :
     no font could be found for family "Arial"
    Warning in mtext(rownames(xi), side = 2, at = y1[1L:nri] + 0.5 * off[2L]/nr, :
     no font could be found for family "Arial"
    Warning in mtext(rownames(xi), side = 2, at = y1[1L:nri] + 0.5 * off[2L]/nr, :
     no font could be found for family "Arial"
    Warning in mtext(rownames(xi), side = 2, at = y1[1L:nri] + 0.5 * off[2L]/nr, :
     no font could be found for family "Arial"
    Warning in mtext(rownames(xi), side = 2, at = y1[1L:nri] + 0.5 * off[2L]/nr, :
     no font could be found for family "Arial"
    Warning in mtext(rownames(xi), side = 2, at = y1[1L:nri] + 0.5 * off[2L]/nr, :
     no font could be found for family "Arial"
    Warning in mtext(rownames(xi), side = 2, at = y1[1L:nri] + 0.5 * off[2L]/nr, :
     no font could be found for family "Arial"
    Warning in mtext(rownames(xi), side = 2, at = y1[1L:nri] + 0.5 * off[2L]/nr, :
     no font could be found for family "Arial"
    Warning in mtext(rownames(xi), side = 2, at = y1[1L:nri] + 0.5 * off[2L]/nr, :
     no font could be found for family "Arial"
    Warning in mtext(rownames(xi), side = 2, at = y1[1L:nri] + 0.5 * off[2L]/nr, :
     no font could be found for family "Arial"
    Warning in mtext(rownames(xi), side = 2, at = y1[1L:nri] + 0.5 * off[2L]/nr, :
     no font could be found for family "Arial"
    Warning in mtext(rownames(xi), side = 2, at = y1[1L:nri] + 0.5 * off[2L]/nr, :
     no font could be found for family "Arial"
    Warning in mtext(rownames(xi), side = 2, at = y1[1L:nri] + 0.5 * off[2L]/nr, :
     no font could be found for family "Arial"
    Warning in mtext(rownames(xi), side = 2, at = y1[1L:nri] + 0.5 * off[2L]/nr, :
     no font could be found for family "Arial"
    Warning in mtext(rownames(xi), side = 2, at = y1[1L:nri] + 0.5 * off[2L]/nr, :
     no font could be found for family "Arial"
    Warning in mtext(rownames(xi), side = 2, at = y1[1L:nri] + 0.5 * off[2L]/nr, :
     no font could be found for family "Arial"
    Warning in mtext(rownames(xi), side = 2, at = y1[1L:nri] + 0.5 * off[2L]/nr, :
     no font could be found for family "Arial"
    Warning in mtext(rownames(xi), side = 2, at = y1[1L:nri] + 0.5 * off[2L]/nr, :
     no font could be found for family "Arial"
    Warning in mtext(rownames(xi), side = 2, at = y1[1L:nri] + 0.5 * off[2L]/nr, :
     no font could be found for family "Arial"
    Warning in mtext(rownames(xi), side = 2, at = y1[1L:nri] + 0.5 * off[2L]/nr, :
     no font could be found for family "Arial"
    Warning in mtext(rownames(xi), side = 2, at = y1[1L:nri] + 0.5 * off[2L]/nr, :
     no font could be found for family "Arial"
    Warning in mtext(rownames(xi), side = 2, at = y1[1L:nri] + 0.5 * off[2L]/nr, :
     no font could be found for family "Arial"
    Warning in mtext(rownames(xi), side = 2, at = y1[1L:nri] + 0.5 * off[2L]/nr, :
     no font could be found for family "Arial"
    Warning in mtext(rownames(xi), side = 2, at = y1[1L:nri] + 0.5 * off[2L]/nr, :
     no font could be found for family "Arial"
    Warning in mtext(rownames(xi), side = 2, at = y1[1L:nri] + 0.5 * off[2L]/nr, :
     no font could be found for family "Arial"
    Warning in mtext(rownames(xi), side = 2, at = y1[1L:nri] + 0.5 * off[2L]/nr, :
     no font could be found for family "Arial"
    Warning in mtext(rownames(xi), side = 2, at = y1[1L:nri] + 0.5 * off[2L]/nr, :
     no font could be found for family "Arial"
    Warning in mtext(rownames(xi), side = 2, at = y1[1L:nri] + 0.5 * off[2L]/nr, :
     no font could be found for family "Arial"
    Warning in mtext(rownames(xi), side = 2, at = y1[1L:nri] + 0.5 * off[2L]/nr, :
     no font could be found for family "Arial"
    Warning in mtext(rownames(xi), side = 2, at = y1[1L:nri] + 0.5 * off[2L]/nr, :
     no font could be found for family "Arial"
    Warning in mtext(rownames(xi), side = 2, at = y1[1L:nri] + 0.5 * off[2L]/nr, :
     no font could be found for family "Arial"
    Warning in mtext(rownames(xi), side = 2, at = y1[1L:nri] + 0.5 * off[2L]/nr, :
     no font could be found for family "Arial"
    Warning in mtext(rownames(xi), side = 2, at = y1[1L:nri] + 0.5 * off[2L]/nr, :
     no font could be found for family "Arial"
    Warning in mtext(rownames(xi), side = 2, at = y1[1L:nri] + 0.5 * off[2L]/nr, :
     no font could be found for family "Arial"
    Warning in mtext(rownames(xi), side = 2, at = y1[1L:nri] + 0.5 * off[2L]/nr, :
     no font could be found for family "Arial"
    Warning in mtext(rownames(xi), side = 2, at = y1[1L:nri] + 0.5 * off[2L]/nr, :
     no font could be found for family "Arial"
    Warning in mtext(rownames(xi), side = 2, at = y1[1L:nri] + 0.5 * off[2L]/nr, :
     no font could be found for family "Arial"
    Warning in mtext(rownames(xi), side = 2, at = y1[1L:nri] + 0.5 * off[2L]/nr, :
     no font could be found for family "Arial"
    Warning in mtext(rownames(xi), side = 2, at = y1[1L:nri] + 0.5 * off[2L]/nr, :
     no font could be found for family "Arial"
    Warning in mtext(rownames(xi), side = 2, at = y1[1L:nri] + 0.5 * off[2L]/nr, :
     no font could be found for family "Arial"
    Warning in mtext(rownames(xi), side = 2, at = y1[1L:nri] + 0.5 * off[2L]/nr, :
     no font could be found for family "Arial"
    Warning in mtext(rownames(xi), side = 2, at = y1[1L:nri] + 0.5 * off[2L]/nr, :
     no font could be found for family "Arial"
    Warning in mtext(rownames(xi), side = 2, at = y1[1L:nri] + 0.5 * off[2L]/nr, :
     no font could be found for family "Arial"
    Warning in mtext(rownames(xi), side = 2, at = y1[1L:nri] + 0.5 * off[2L]/nr, :
     no font could be found for family "Arial"
    Warning in mtext(rownames(xi), side = 2, at = y1[1L:nri] + 0.5 * off[2L]/nr, :
     no font could be found for family "Arial"
    Warning in mtext(rownames(xi), side = 2, at = y1[1L:nri] + 0.5 * off[2L]/nr, :
     no font could be found for family "Arial"
    Warning in mtext(rownames(xi), side = 2, at = y1[1L:nri] + 0.5 * off[2L]/nr, :
     no font could be found for family "Arial"
    Warning in mtext(rownames(xi), side = 2, at = y1[1L:nri] + 0.5 * off[2L]/nr, :
     no font could be found for family "Arial"
    Warning in mtext(rownames(xi), side = 2, at = y1[1L:nri] + 0.5 * off[2L]/nr, :
     no font could be found for family "Arial"
    Warning in mtext(rownames(xi), side = 2, at = y1[1L:nri] + 0.5 * off[2L]/nr, :
     no font could be found for family "Arial"
    Warning in mtext(rownames(xi), side = 2, at = y1[1L:nri] + 0.5 * off[2L]/nr, :
     no font could be found for family "Arial"
    Warning in mtext(rownames(xi), side = 2, at = y1[1L:nri] + 0.5 * off[2L]/nr, :
     no font could be found for family "Arial"
    Warning in mtext(rownames(xi), side = 2, at = y1[1L:nri] + 0.5 * off[2L]/nr, :
     no font could be found for family "Arial"
    Warning in mtext(rownames(xi), side = 2, at = y1[1L:nri] + 0.5 * off[2L]/nr, :
     no font could be found for family "Arial"
    Warning in mtext(rownames(xi), side = 2, at = y1[1L:nri] + 0.5 * off[2L]/nr, :
     no font could be found for family "Arial"
    Warning in mtext(rownames(xi), side = 2, at = y1[1L:nri] + 0.5 * off[2L]/nr, :
     no font could be found for family "Arial"
    Warning in mtext(rownames(xi), side = 2, at = y1[1L:nri] + 0.5 * off[2L]/nr, :
     no font could be found for family "Arial"
    Warning in mtext(rownames(xi), side = 2, at = y1[1L:nri] + 0.5 * off[2L]/nr, :
     no font could be found for family "Arial"
    Warning in mtext(rownames(xi), side = 2, at = y1[1L:nri] + 0.5 * off[2L]/nr, :
     no font could be found for family "Arial"
    Warning in mtext(rownames(xi), side = 2, at = y1[1L:nri] + 0.5 * off[2L]/nr, :
     no font could be found for family "Arial"
    Warning in mtext(rownames(xi), side = 2, at = y1[1L:nri] + 0.5 * off[2L]/nr, :
     no font could be found for family "Arial"
    Warning in mtext(rownames(xi), side = 2, at = y1[1L:nri] + 0.5 * off[2L]/nr, :
     no font could be found for family "Arial"
    Warning in mtext(rownames(xi), side = 2, at = y1[1L:nri] + 0.5 * off[2L]/nr, :
     no font could be found for family "Arial"
    Warning in mtext(rownames(xi), side = 2, at = y1[1L:nri] + 0.5 * off[2L]/nr, :
     no font could be found for family "Arial"
    Warning in mtext(rownames(xi), side = 2, at = y1[1L:nri] + 0.5 * off[2L]/nr, :
     no font could be found for family "Arial"
    Warning in mtext(rownames(xi), side = 2, at = y1[1L:nri] + 0.5 * off[2L]/nr, :
     no font could be found for family "Arial"
    Warning in mtext(rownames(xi), side = 2, at = y1[1L:nri] + 0.5 * off[2L]/nr, :
     no font could be found for family "Arial"
    Warning in mtext(rownames(xi), side = 2, at = y1[1L:nri] + 0.5 * off[2L]/nr, :
     no font could be found for family "Arial"
    Warning in mtext(rownames(xi), side = 2, at = y1[1L:nri] + 0.5 * off[2L]/nr, :
     no font could be found for family "Arial"
    Warning in mtext(rownames(xi), side = 2, at = y1[1L:nri] + 0.5 * off[2L]/nr, :
     no font could be found for family "Arial"
    Warning in mtext(rownames(xi), side = 2, at = y1[1L:nri] + 0.5 * off[2L]/nr, :
     no font could be found for family "Arial"
    Warning in mtext(rownames(xi), side = 2, at = y1[1L:nri] + 0.5 * off[2L]/nr, :
     no font could be found for family "Arial"
    Warning in mtext(rownames(xi), side = 2, at = y1[1L:nri] + 0.5 * off[2L]/nr, :
     no font could be found for family "Arial"
    Warning in mtext(rownames(xi), side = 2, at = y1[1L:nri] + 0.5 * off[2L]/nr, :
     no font could be found for family "Arial"
    Warning in mtext(rownames(xi), side = 2, at = y1[1L:nri] + 0.5 * off[2L]/nr, :
     no font could be found for family "Arial"
    Warning in mtext(rownames(xi), side = 2, at = y1[1L:nri] + 0.5 * off[2L]/nr, :
     no font could be found for family "Arial"
    Warning in mtext(rownames(xi), side = 2, at = y1[1L:nri] + 0.5 * off[2L]/nr, :
     no font could be found for family "Arial"
    Warning in mtext(rownames(xi), side = 2, at = y1[1L:nri] + 0.5 * off[2L]/nr, :
     no font could be found for family "Arial"
    Warning in mtext(rownames(xi), side = 2, at = y1[1L:nri] + 0.5 * off[2L]/nr, :
     no font could be found for family "Arial"
    Warning in mtext(rownames(xi), side = 2, at = y1[1L:nri] + 0.5 * off[2L]/nr, :
     no font could be found for family "Arial"
    Warning in mtext(rownames(xi), side = 2, at = y1[1L:nri] + 0.5 * off[2L]/nr, :
     no font could be found for family "Arial"
    Warning in mtext(rownames(xi), side = 2, at = y1[1L:nri] + 0.5 * off[2L]/nr, :
     no font could be found for family "Arial"
    Warning in mtext(rownames(xi), side = 2, at = y1[1L:nri] + 0.5 * off[2L]/nr, :
     no font could be found for family "Arial"
    Warning in mtext(rownames(xi), side = 2, at = y1[1L:nri] + 0.5 * off[2L]/nr, :
     no font could be found for family "Arial"
    Warning in mtext(rownames(xi), side = 2, at = y1[1L:nri] + 0.5 * off[2L]/nr, :
     no font could be found for family "Arial"
    Warning in mtext(rownames(xi), side = 2, at = y1[1L:nri] + 0.5 * off[2L]/nr, :
     no font could be found for family "Arial"
    Warning in mtext(rownames(xi), side = 2, at = y1[1L:nri] + 0.5 * off[2L]/nr, :
     no font could be found for family "Arial"
    Warning in mtext(rownames(xi), side = 2, at = y1[1L:nri] + 0.5 * off[2L]/nr, :
     no font could be found for family "Arial"
    Warning in mtext(rownames(xi), side = 2, at = y1[1L:nri] + 0.5 * off[2L]/nr, :
     no font could be found for family "Arial"
    Warning in mtext(rownames(xi), side = 2, at = y1[1L:nri] + 0.5 * off[2L]/nr, :
     no font could be found for family "Arial"
    Warning in mtext(rownames(xi), side = 2, at = y1[1L:nri] + 0.5 * off[2L]/nr, :
     no font could be found for family "Arial"
    Warning in mtext(rownames(xi), side = 2, at = y1[1L:nri] + 0.5 * off[2L]/nr, :
     no font could be found for family "Arial"
    Warning in mtext(rownames(xi), side = 2, at = y1[1L:nri] + 0.5 * off[2L]/nr, :
     no font could be found for family "Arial"
    Warning in mtext(rownames(xi), side = 2, at = y1[1L:nri] + 0.5 * off[2L]/nr, :
     no font could be found for family "Arial"
    Warning in mtext(rownames(xi), side = 2, at = y1[1L:nri] + 0.5 * off[2L]/nr, :
     no font could be found for family "Arial"
    Warning in mtext(rownames(xi), side = 2, at = y1[1L:nri] + 0.5 * off[2L]/nr, :
     no font could be found for family "Arial"
    Warning in mtext(rownames(xi), side = 2, at = y1[1L:nri] + 0.5 * off[2L]/nr, :
     no font could be found for family "Arial"
    Warning in mtext(rownames(xi), side = 2, at = y1[1L:nri] + 0.5 * off[2L]/nr, :
     no font could be found for family "Arial"
    Warning in mtext(rownames(xi), side = 2, at = y1[1L:nri] + 0.5 * off[2L]/nr, :
     no font could be found for family "Arial"
    Warning in mtext(rownames(xi), side = 2, at = y1[1L:nri] + 0.5 * off[2L]/nr, :
     no font could be found for family "Arial"
    Warning in mtext(rownames(xi), side = 2, at = y1[1L:nri] + 0.5 * off[2L]/nr, :
     no font could be found for family "Arial"
    Warning in mtext(rownames(xi), side = 2, at = y1[1L:nri] + 0.5 * off[2L]/nr, :
     no font could be found for family "Arial"
    Warning in mtext(rownames(xi), side = 2, at = y1[1L:nri] + 0.5 * off[2L]/nr, :
     no font could be found for family "Arial"
    Warning in mtext(rownames(xi), side = 2, at = y1[1L:nri] + 0.5 * off[2L]/nr, :
     no font could be found for family "Arial"
    Warning in mtext(rownames(xi), side = 2, at = y1[1L:nri] + 0.5 * off[2L]/nr, :
     no font could be found for family "Arial"
    Warning in mtext(rownames(xi), side = 2, at = y1[1L:nri] + 0.5 * off[2L]/nr, :
     no font could be found for family "Arial"
    Warning in mtext(rownames(xi), side = 2, at = y1[1L:nri] + 0.5 * off[2L]/nr, :
     no font could be found for family "Arial"
    Warning in mtext(rownames(xi), side = 2, at = y1[1L:nri] + 0.5 * off[2L]/nr, :
     no font could be found for family "Arial"
    Warning in mtext(rownames(xi), side = 2, at = y1[1L:nri] + 0.5 * off[2L]/nr, :
     no font could be found for family "Arial"
    Warning in mtext(rownames(xi), side = 2, at = y1[1L:nri] + 0.5 * off[2L]/nr, :
     no font could be found for family "Arial"
    Warning in mtext(rownames(xi), side = 2, at = y1[1L:nri] + 0.5 * off[2L]/nr, :
     no font could be found for family "Arial"
    Warning in mtext(rownames(xi), side = 2, at = y1[1L:nri] + 0.5 * off[2L]/nr, :
     no font could be found for family "Arial"
    Warning in mtext(rownames(xi), side = 2, at = y1[1L:nri] + 0.5 * off[2L]/nr, :
     no font could be found for family "Arial"
    Warning in mtext(rownames(xi), side = 2, at = y1[1L:nri] + 0.5 * off[2L]/nr, :
     no font could be found for family "Arial"
    Warning in mtext(rownames(xi), side = 2, at = y1[1L:nri] + 0.5 * off[2L]/nr, :
     no font could be found for family "Arial"
    Warning in mtext(rownames(xi), side = 2, at = y1[1L:nri] + 0.5 * off[2L]/nr, :
     no font could be found for family "Arial"
    Warning in mtext(rownames(xi), side = 2, at = y1[1L:nri] + 0.5 * off[2L]/nr, :
     no font could be found for family "Arial"
    Warning in mtext(rownames(xi), side = 2, at = y1[1L:nri] + 0.5 * off[2L]/nr, :
     no font could be found for family "Arial"
    Warning in mtext(rownames(xi), side = 2, at = y1[1L:nri] + 0.5 * off[2L]/nr, :
     no font could be found for family "Arial"
    Warning in mtext(rownames(xi), side = 2, at = y1[1L:nri] + 0.5 * off[2L]/nr, :
     no font could be found for family "Arial"
    Warning in mtext(rownames(xi), side = 2, at = y1[1L:nri] + 0.5 * off[2L]/nr, :
     no font could be found for family "Arial"
    Warning in mtext(rownames(xi), side = 2, at = y1[1L:nri] + 0.5 * off[2L]/nr, :
     no font could be found for family "Arial"
    Warning in mtext(rownames(xi), side = 2, at = y1[1L:nri] + 0.5 * off[2L]/nr, :
     no font could be found for family "Arial"
    Warning in mtext(rownames(xi), side = 2, at = y1[1L:nri] + 0.5 * off[2L]/nr, :
     no font could be found for family "Arial"
    Warning in mtext(rownames(xi), side = 2, at = y1[1L:nri] + 0.5 * off[2L]/nr, :
     no font could be found for family "Arial"
    Warning in mtext(rownames(xi), side = 2, at = y1[1L:nri] + 0.5 * off[2L]/nr, :
     no font could be found for family "Arial"
    Warning in mtext(rownames(xi), side = 2, at = y1[1L:nri] + 0.5 * off[2L]/nr, :
     no font could be found for family "Arial"
    Warning in mtext(rownames(xi), side = 2, at = y1[1L:nri] + 0.5 * off[2L]/nr, :
     no font could be found for family "Arial"
    Warning in mtext(rownames(xi), side = 2, at = y1[1L:nri] + 0.5 * off[2L]/nr, :
     no font could be found for family "Arial"
    Warning in mtext(rownames(xi), side = 2, at = y1[1L:nri] + 0.5 * off[2L]/nr, :
     no font could be found for family "Arial"
    Warning in mtext(rownames(xi), side = 2, at = y1[1L:nri] + 0.5 * off[2L]/nr, :
     no font could be found for family "Arial"
    Warning in mtext(rownames(xi), side = 2, at = y1[1L:nri] + 0.5 * off[2L]/nr, :
     no font could be found for family "Arial"
    Warning in mtext(rownames(xi), side = 2, at = y1[1L:nri] + 0.5 * off[2L]/nr, :
     no font could be found for family "Arial"
    Warning in mtext(rownames(xi), side = 2, at = y1[1L:nri] + 0.5 * off[2L]/nr, :
     no font could be found for family "Arial"
    Warning in mtext(rownames(xi), side = 2, at = y1[1L:nri] + 0.5 * off[2L]/nr, :
     no font could be found for family "Arial"
    Warning in mtext(rownames(xi), side = 2, at = y1[1L:nri] + 0.5 * off[2L]/nr, :
     no font could be found for family "Arial"
    Warning in mtext(rownames(xi), side = 2, at = y1[1L:nri] + 0.5 * off[2L]/nr, :
     no font could be found for family "Arial"
    Warning in mtext(rownames(xi), side = 2, at = y1[1L:nri] + 0.5 * off[2L]/nr, :
     no font could be found for family "Arial"
    Warning in mtext(rownames(xi), side = 2, at = y1[1L:nri] + 0.5 * off[2L]/nr, :
     no font could be found for family "Arial"
    Warning in mtext(rownames(xi), side = 2, at = y1[1L:nri] + 0.5 * off[2L]/nr, :
     no font could be found for family "Arial"
    Warning in mtext(rownames(xi), side = 2, at = y1[1L:nri] + 0.5 * off[2L]/nr, :
     no font could be found for family "Arial"
    Warning in mtext(rownames(xi), side = 2, at = y1[1L:nri] + 0.5 * off[2L]/nr, :
     no font could be found for family "Arial"
    Warning in mtext(rownames(xi), side = 2, at = y1[1L:nri] + 0.5 * off[2L]/nr, :
     no font could be found for family "Arial"
    Warning in mtext(rownames(xi), side = 2, at = y1[1L:nri] + 0.5 * off[2L]/nr, :
     no font could be found for family "Arial"
    Warning in mtext(rownames(xi), side = 2, at = y1[1L:nri] + 0.5 * off[2L]/nr, :
     no font could be found for family "Arial"
    Warning in mtext(rownames(xi), side = 2, at = y1[1L:nri] + 0.5 * off[2L]/nr, :
     no font could be found for family "Arial"
    Warning in mtext(rownames(xi), side = 2, at = y1[1L:nri] + 0.5 * off[2L]/nr, :
     no font could be found for family "Arial"
    Warning in mtext(rownames(xi), side = 2, at = y1[1L:nri] + 0.5 * off[2L]/nr, :
     no font could be found for family "Arial"
    Warning in mtext(rownames(xi), side = 2, at = y1[1L:nri] + 0.5 * off[2L]/nr, :
     no font could be found for family "Arial"
    Warning in mtext(rownames(xi), side = 2, at = y1[1L:nri] + 0.5 * off[2L]/nr, :
     no font could be found for family "Arial"
    Warning in mtext(rownames(xi), side = 2, at = y1[1L:nri] + 0.5 * off[2L]/nr, :
     no font could be found for family "Arial"
    Warning in mtext(rownames(xi), side = 2, at = y1[1L:nri] + 0.5 * off[2L]/nr, :
     no font could be found for family "Arial"
    Warning in mtext(rownames(xi), side = 2, at = y1[1L:nri] + 0.5 * off[2L]/nr, :
     no font could be found for family "Arial"
    Warning in mtext(rownames(xi), side = 2, at = y1[1L:nri] + 0.5 * off[2L]/nr, :
     no font could be found for family "Arial"
    Warning in mtext(rownames(xi), side = 2, at = y1[1L:nri] + 0.5 * off[2L]/nr, :
     no font could be found for family "Arial"
    Warning in mtext(rownames(xi), side = 2, at = y1[1L:nri] + 0.5 * off[2L]/nr, :
     no font could be found for family "Arial"
    Warning in mtext(rownames(xi), side = 2, at = y1[1L:nri] + 0.5 * off[2L]/nr, :
     no font could be found for family "Arial"
    Warning in mtext(rownames(xi), side = 2, at = y1[1L:nri] + 0.5 * off[2L]/nr, :
     no font could be found for family "Arial"
    Warning in mtext(rownames(xi), side = 2, at = y1[1L:nri] + 0.5 * off[2L]/nr, :
     no font could be found for family "Arial"
    Warning in mtext(rownames(xi), side = 2, at = y1[1L:nri] + 0.5 * off[2L]/nr, :
     no font could be found for family "Arial"
    Warning in mtext(rownames(xi), side = 2, at = y1[1L:nri] + 0.5 * off[2L]/nr, :
     no font could be found for family "Arial"
    Warning in mtext(rownames(xi), side = 2, at = y1[1L:nri] + 0.5 * off[2L]/nr, :
     no font could be found for family "Arial"
    Warning in mtext(rownames(xi), side = 2, at = y1[1L:nri] + 0.5 * off[2L]/nr, :
     no font could be found for family "Arial"
    Warning in mtext(rownames(xi), side = 2, at = y1[1L:nri] + 0.5 * off[2L]/nr, :
     no font could be found for family "Arial"
    Warning in mtext(rownames(xi), side = 2, at = y1[1L:nri] + 0.5 * off[2L]/nr, :
     no font could be found for family "Arial"
    Warning in mtext(rownames(xi), side = 2, at = y1[1L:nri] + 0.5 * off[2L]/nr, :
     no font could be found for family "Arial"
    Warning in mtext(rownames(xi), side = 2, at = y1[1L:nri] + 0.5 * off[2L]/nr, :
     no font could be found for family "Arial"
    Warning in mtext(rownames(xi), side = 2, at = y1[1L:nri] + 0.5 * off[2L]/nr, :
     no font could be found for family "Arial"
    Warning in mtext(rownames(xi), side = 2, at = y1[1L:nri] + 0.5 * off[2L]/nr, :
     no font could be found for family "Arial"
    Warning in mtext(rownames(xi), side = 2, at = y1[1L:nri] + 0.5 * off[2L]/nr, :
     no font could be found for family "Arial"
    Warning in mtext(rownames(xi), side = 2, at = y1[1L:nri] + 0.5 * off[2L]/nr, :
     no font could be found for family "Arial"
    Warning in mtext(rownames(xi), side = 2, at = y1[1L:nri] + 0.5 * off[2L]/nr, :
     no font could be found for family "Arial"
    Warning in mtext(rownames(xi), side = 2, at = y1[1L:nri] + 0.5 * off[2L]/nr, :
     no font could be found for family "Arial"
    Warning in mtext(rownames(xi), side = 2, at = y1[1L:nri] + 0.5 * off[2L]/nr, :
     no font could be found for family "Arial"
    Warning in mtext(rownames(xi), side = 2, at = y1[1L:nri] + 0.5 * off[2L]/nr, :
     no font could be found for family "Arial"
    Warning in mtext(rownames(xi), side = 2, at = y1[1L:nri] + 0.5 * off[2L]/nr, :
     no font could be found for family "Arial"
    Warning in mtext(rownames(xi), side = 2, at = y1[1L:nri] + 0.5 * off[2L]/nr, :
     no font could be found for family "Arial"
    Warning in mtext(rownames(xi), side = 2, at = y1[1L:nri] + 0.5 * off[2L]/nr, :
     no font could be found for family "Arial"
    Warning in mtext(rownames(xi), side = 2, at = y1[1L:nri] + 0.5 * off[2L]/nr, :
     no font could be found for family "Arial"
    Warning in mtext(rownames(xi), side = 2, at = y1[1L:nri] + 0.5 * off[2L]/nr, :
     no font could be found for family "Arial"
    Warning in mtext(rownames(xi), side = 2, at = y1[1L:nri] + 0.5 * off[2L]/nr, :
     no font could be found for family "Arial"
    Warning in mtext(rownames(xi), side = 2, at = y1[1L:nri] + 0.5 * off[2L]/nr, :
     no font could be found for family "Arial"
    Warning in mtext(rownames(xi), side = 2, at = y1[1L:nri] + 0.5 * off[2L]/nr, :
     no font could be found for family "Arial"
    Warning in mtext(rownames(xi), side = 2, at = y1[1L:nri] + 0.5 * off[2L]/nr, :
     no font could be found for family "Arial"
    Warning in mtext(rownames(xi), side = 2, at = y1[1L:nri] + 0.5 * off[2L]/nr, :
     no font could be found for family "Arial"
    Warning in mtext(rownames(xi), side = 2, at = y1[1L:nri] + 0.5 * off[2L]/nr, :
     no font could be found for family "Arial"
    Warning in mtext(rownames(xi), side = 2, at = y1[1L:nri] + 0.5 * off[2L]/nr, :
     no font could be found for family "Arial"
    Warning in mtext(rownames(xi), side = 2, at = y1[1L:nri] + 0.5 * off[2L]/nr, :
     no font could be found for family "Arial"
    Warning in mtext(rownames(xi), side = 2, at = y1[1L:nri] + 0.5 * off[2L]/nr, :
     no font could be found for family "Arial"
    Warning in mtext(rownames(xi), side = 2, at = y1[1L:nri] + 0.5 * off[2L]/nr, :
     no font could be found for family "Arial"
    Warning in mtext(rownames(xi), side = 2, at = y1[1L:nri] + 0.5 * off[2L]/nr, :
     no font could be found for family "Arial"
    Warning in mtext(rownames(xi), side = 2, at = y1[1L:nri] + 0.5 * off[2L]/nr, :
     no font could be found for family "Arial"
    Warning in mtext(rownames(xi), side = 2, at = y1[1L:nri] + 0.5 * off[2L]/nr, :
     no font could be found for family "Arial"
    Warning in mtext(rownames(xi), side = 2, at = y1[1L:nri] + 0.5 * off[2L]/nr, :
     no font could be found for family "Arial"
    Warning in mtext(rownames(xi), side = 2, at = y1[1L:nri] + 0.5 * off[2L]/nr, :
     no font could be found for family "Arial"
    Warning in mtext(rownames(xi), side = 2, at = y1[1L:nri] + 0.5 * off[2L]/nr, :
     no font could be found for family "Arial"
    Warning in mtext(rownames(xi), side = 2, at = y1[1L:nri] + 0.5 * off[2L]/nr, :
     no font could be found for family "Arial"
    Warning in mtext(rownames(xi), side = 2, at = y1[1L:nri] + 0.5 * off[2L]/nr, :
     no font could be found for family "Arial"
    Warning in mtext(rownames(xi), side = 2, at = y1[1L:nri] + 0.5 * off[2L]/nr, :
     no font could be found for family "Arial"
    Warning in doTryCatch(return(expr), name, parentenv, handler) :
     no font could be found for family "Arial"
    Warning in doTryCatch(return(expr), name, parentenv, handler) :
     no font could be found for family "Arial"
    Warning in doTryCatch(return(expr), name, parentenv, handler) :
     no font could be found for family "Arial"
    Warning in doTryCatch(return(expr), name, parentenv, handler) :
     no font could be found for family "Arial"
    Warning in doTryCatch(return(expr), name, parentenv, handler) :
     no font could be found for family "Arial"
    Warning in doTryCatch(return(expr), name, parentenv, handler) :
     no font could be found for family "Arial"
    Warning in doTryCatch(return(expr), name, parentenv, handler) :
     no font could be found for family "Arial"
    Warning in doTryCatch(return(expr), name, parentenv, handler) :
     no font could be found for family "Arial"
    Warning in doTryCatch(return(expr), name, parentenv, handler) :
     no font could be found for family "Arial"
    Warning in doTryCatch(return(expr), name, parentenv, handler) :
     no font could be found for family "Arial"
    Warning in doTryCatch(return(expr), name, parentenv, handler) :
     no font could be found for family "Arial"
    Warning in doTryCatch(return(expr), name, parentenv, handler) :
     no font could be found for family "Arial"
    Warning in doTryCatch(return(expr), name, parentenv, handler) :
     no font could be found for family "Arial"
    Warning in doTryCatch(return(expr), name, parentenv, handler) :
     no font could be found for family "Arial"
    Warning in doTryCatch(return(expr), name, parentenv, handler) :
     no font could be found for family "Arial"
    Warning in doTryCatch(return(expr), name, parentenv, handler) :
     no font could be found for family "Arial"
    Warning in doTryCatch(return(expr), name, parentenv, handler) :
     no font could be found for family "Arial"
    Warning in doTryCatch(return(expr), name, parentenv, handler) :
     no font could be found for family "Arial"
    Warning in doTryCatch(return(expr), name, parentenv, handler) :
     no font could be found for family "Arial"
    Warning in doTryCatch(return(expr), name, parentenv, handler) :
     no font could be found for family "Arial"
    Warning in doTryCatch(return(expr), name, parentenv, handler) :
     no font could be found for family "Arial"
    Warning in doTryCatch(return(expr), name, parentenv, handler) :
     no font could be found for family "Arial"
    Warning in doTryCatch(return(expr), name, parentenv, handler) :
     no font could be found for family "Arial"
    Warning in doTryCatch(return(expr), name, parentenv, handler) :
     no font could be found for family "Arial"
    Warning in doTryCatch(return(expr), name, parentenv, handler) :
     no font could be found for family "Arial"
    Warning in doTryCatch(return(expr), name, parentenv, handler) :
     no font could be found for family "Arial"
    Warning in doTryCatch(return(expr), name, parentenv, handler) :
     no font could be found for family "Arial"
    Warning in doTryCatch(return(expr), name, parentenv, handler) :
     no font could be found for family "Arial"
    Warning in doTryCatch(return(expr), name, parentenv, handler) :
     no font could be found for family "Arial"
    Warning in doTryCatch(return(expr), name, parentenv, handler) :
     no font could be found for family "Arial"
    Warning in doTryCatch(return(expr), name, parentenv, handler) :
     no font could be found for family "Arial"
    Warning in doTryCatch(return(expr), name, parentenv, handler) :
     no font could be found for family "Arial"
    Warning in doTryCatch(return(expr), name, parentenv, handler) :
     no font could be found for family "Arial"
    Warning in doTryCatch(return(expr), name, parentenv, handler) :
     no font could be found for family "Arial"
    Warning in doTryCatch(return(expr), name, parentenv, handler) :
     no font could be found for family "Arial"
    Warning in doTryCatch(return(expr), name, parentenv, handler) :
     no font could be found for family "Arial"
    Warning in doTryCatch(return(expr), name, parentenv, handler) :
     no font could be found for family "Arial"
    Warning in doTryCatch(return(expr), name, parentenv, handler) :
     no font could be found for family "Arial"
    Warning in doTryCatch(return(expr), name, parentenv, handler) :
     no font could be found for family "Arial"
    Warning in doTryCatch(return(expr), name, parentenv, handler) :
     no font could be found for family "Arial"
    Warning in doTryCatch(return(expr), name, parentenv, handler) :
     no font could be found for family "Arial"
    Warning in doTryCatch(return(expr), name, parentenv, handler) :
     no font could be found for family "Arial"
    Warning in doTryCatch(return(expr), name, parentenv, handler) :
     no font could be found for family "Arial"
    Warning in doTryCatch(return(expr), name, parentenv, handler) :
     no font could be found for family "Arial"
    Warning in doTryCatch(return(expr), name, parentenv, handler) :
     no font could be found for family "Arial"
    Warning in doTryCatch(return(expr), name, parentenv, handler) :
     no font could be found for family "Arial"
    Warning in doTryCatch(return(expr), name, parentenv, handler) :
     no font could be found for family "Arial"
    Warning in doTryCatch(return(expr), name, parentenv, handler) :
     no font could be found for family "Arial"
    Warning in doTryCatch(return(expr), name, parentenv, handler) :
     no font could be found for family "Arial"
    Warning in doTryCatch(return(expr), name, parentenv, handler) :
     no font could be found for family "Arial"
    Warning in doTryCatch(return(expr), name, parentenv, handler) :
     no font could be found for family "Arial"
    Warning in doTryCatch(return(expr), name, parentenv, handler) :
     no font could be found for family "Arial"
    Warning in doTryCatch(return(expr), name, parentenv, handler) :
     no font could be found for family "Arial"
    Warning in doTryCatch(return(expr), name, parentenv, handler) :
     no font could be found for family "Arial"
    Warning in doTryCatch(return(expr), name, parentenv, handler) :
     no font could be found for family "Arial"
    Warning in doTryCatch(return(expr), name, parentenv, handler) :
     no font could be found for family "Arial"
    Warning in doTryCatch(return(expr), name, parentenv, handler) :
     no font could be found for family "Arial"
    Warning in doTryCatch(return(expr), name, parentenv, handler) :
     no font could be found for family "Arial"
    Warning in doTryCatch(return(expr), name, parentenv, handler) :
     no font could be found for family "Arial"
    Warning in doTryCatch(return(expr), name, parentenv, handler) :
     no font could be found for family "Arial"
    Warning in doTryCatch(return(expr), name, parentenv, handler) :
     no font could be found for family "Arial"
    Warning in doTryCatch(return(expr), name, parentenv, handler) :
     no font could be found for family "Arial"
    Warning in doTryCatch(return(expr), name, parentenv, handler) :
     no font could be found for family "Arial"
    Warning in doTryCatch(return(expr), name, parentenv, handler) :
     no font could be found for family "Arial"
    Warning in doTryCatch(return(expr), name, parentenv, handler) :
     no font could be found for family "Arial"
    Warning in doTryCatch(return(expr), name, parentenv, handler) :
     no font could be found for family "Arial"
    Warning in doTryCatch(return(expr), name, parentenv, handler) :
     no font could be found for family "Arial"
    Warning in doTryCatch(return(expr), name, parentenv, handler) :
     no font could be found for family "Arial"
    Warning in doTryCatch(return(expr), name, parentenv, handler) :
     no font could be found for family "Arial"
    Warning in doTryCatch(return(expr), name, parentenv, handler) :
     no font could be found for family "Arial"
    Warning in doTryCatch(return(expr), name, parentenv, handler) :
     no font could be found for family "Arial"
    Warning in doTryCatch(return(expr), name, parentenv, handler) :
     no font could be found for family "Arial"
    Warning in doTryCatch(return(expr), name, parentenv, handler) :
     no font could be found for family "Arial"
    Warning in doTryCatch(return(expr), name, parentenv, handler) :
     no font could be found for family "Arial"
    Warning in doTryCatch(return(expr), name, parentenv, handler) :
     no font could be found for family "Arial"
    Warning in doTryCatch(return(expr), name, parentenv, handler) :
     no font could be found for family "Arial"
    Warning in doTryCatch(return(expr), name, parentenv, handler) :
     no font could be found for family "Arial"
    Warning in doTryCatch(return(expr), name, parentenv, handler) :
     no font could be found for family "Arial"
    Warning in doTryCatch(return(expr), name, parentenv, handler) :
     no font could be found for family "Arial"
    Warning in doTryCatch(return(expr), name, parentenv, handler) :
     no font could be found for family "Arial"
    Warning in doTryCatch(return(expr), name, parentenv, handler) :
     no font could be found for family "Arial"
    Warning in doTryCatch(return(expr), name, parentenv, handler) :
     no font could be found for family "Arial"
    Warning in doTryCatch(return(expr), name, parentenv, handler) :
     no font could be found for family "Arial"
    Warning in doTryCatch(return(expr), name, parentenv, handler) :
     no font could be found for family "Arial"
    Warning in doTryCatch(return(expr), name, parentenv, handler) :
     no font could be found for family "Arial"
    Warning in doTryCatch(return(expr), name, parentenv, handler) :
     no font could be found for family "Arial"
    Warning in doTryCatch(return(expr), name, parentenv, handler) :
     no font could be found for family "Arial"
    Warning in doTryCatch(return(expr), name, parentenv, handler) :
     no font could be found for family "Arial"
    Warning in doTryCatch(return(expr), name, parentenv, handler) :
     no font could be found for family "Arial"
    Warning in doTryCatch(return(expr), name, parentenv, handler) :
     no font could be found for family "Arial"
    Warning in doTryCatch(return(expr), name, parentenv, handler) :
     no font could be found for family "Arial"
    Warning in doTryCatch(return(expr), name, parentenv, handler) :
     no font could be found for family "Arial"
    Warning in doTryCatch(return(expr), name, parentenv, handler) :
     no font could be found for family "Arial"
    Warning in doTryCatch(return(expr), name, parentenv, handler) :
     no font could be found for family "Arial"
    Warning in doTryCatch(return(expr), name, parentenv, handler) :
     no font could be found for family "Arial"
    Warning in doTryCatch(return(expr), name, parentenv, handler) :
     no font could be found for family "Arial"
    Warning in doTryCatch(return(expr), name, parentenv, handler) :
     no font could be found for family "Arial"
    Warning in doTryCatch(return(expr), name, parentenv, handler) :
     no font could be found for family "Arial"
    Warning in doTryCatch(return(expr), name, parentenv, handler) :
     no font could be found for family "Arial"
    Warning in doTryCatch(return(expr), name, parentenv, handler) :
     no font could be found for family "Arial"
    Warning in doTryCatch(return(expr), name, parentenv, handler) :
     no font could be found for family "Arial"
    Warning in doTryCatch(return(expr), name, parentenv, handler) :
     no font could be found for family "Arial"
    Warning in doTryCatch(return(expr), name, parentenv, handler) :
     no font could be found for family "Arial"
    Warning in doTryCatch(return(expr), name, parentenv, handler) :
     no font could be found for family "Arial"
    Warning in doTryCatch(return(expr), name, parentenv, handler) :
     no font could be found for family "Arial"
    Warning in doTryCatch(return(expr), name, parentenv, handler) :
     no font could be found for family "Arial"
    Warning in doTryCatch(return(expr), name, parentenv, handler) :
     no font could be found for family "Arial"
    Warning in doTryCatch(return(expr), name, parentenv, handler) :
     no font could be found for family "Arial"
    Warning in doTryCatch(return(expr), name, parentenv, handler) :
     no font could be found for family "Arial"
    Warning in doTryCatch(return(expr), name, parentenv, handler) :
     no font could be found for family "Arial"
    Warning in doTryCatch(return(expr), name, parentenv, handler) :
     no font could be found for family "Arial"
    Warning in doTryCatch(return(expr), name, parentenv, handler) :
     no font could be found for family "Arial"
    Warning in doTryCatch(return(expr), name, parentenv, handler) :
     no font could be found for family "Arial"
    Warning in doTryCatch(return(expr), name, parentenv, handler) :
     no font could be found for family "Arial"
    Warning in doTryCatch(return(expr), name, parentenv, handler) :
     no font could be found for family "Arial"
    Warning in doTryCatch(return(expr), name, parentenv, handler) :
     no font could be found for family "Arial"
    Warning in doTryCatch(return(expr), name, parentenv, handler) :
     no font could be found for family "Arial"
    Warning in doTryCatch(return(expr), name, parentenv, handler) :
     no font could be found for family "Arial"
    Warning in doTryCatch(return(expr), name, parentenv, handler) :
     no font could be found for family "Arial"
    Warning in doTryCatch(return(expr), name, parentenv, handler) :
     no font could be found for family "Arial"
    Warning in doTryCatch(return(expr), name, parentenv, handler) :
     no font could be found for family "Arial"
    Warning in doTryCatch(return(expr), name, parentenv, handler) :
     no font could be found for family "Arial"
    Warning in doTryCatch(return(expr), name, parentenv, handler) :
     no font could be found for family "Arial"
    Warning in doTryCatch(return(expr), name, parentenv, handler) :
     no font could be found for family "Arial"
    Warning in doTryCatch(return(expr), name, parentenv, handler) :
     no font could be found for family "Arial"
    Warning in doTryCatch(return(expr), name, parentenv, handler) :
     no font could be found for family "Arial"
    Warning in doTryCatch(return(expr), name, parentenv, handler) :
     no font could be found for family "Arial"
    Warning in doTryCatch(return(expr), name, parentenv, handler) :
     no font could be found for family "Arial"
    Warning in doTryCatch(return(expr), name, parentenv, handler) :
     no font could be found for family "Arial"
    Warning in doTryCatch(return(expr), name, parentenv, handler) :
     no font could be found for family "Arial"
    Warning in doTryCatch(return(expr), name, parentenv, handler) :
     no font could be found for family "Arial"
    Warning in doTryCatch(return(expr), name, parentenv, handler) :
     no font could be found for family "Arial"
    Warning in doTryCatch(return(expr), name, parentenv, handler) :
     no font could be found for family "Arial"
    Warning in doTryCatch(return(expr), name, parentenv, handler) :
     no font could be found for family "Arial"
    Warning in doTryCatch(return(expr), name, parentenv, handler) :
     no font could be found for family "Arial"
    Warning in doTryCatch(return(expr), name, parentenv, handler) :
     no font could be found for family "Arial"
    Warning in doTryCatch(return(expr), name, parentenv, handler) :
     no font could be found for family "Arial"
    Warning in doTryCatch(return(expr), name, parentenv, handler) :
     no font could be found for family "Arial"
    Warning in doTryCatch(return(expr), name, parentenv, handler) :
     no font could be found for family "Arial"
    Warning in doTryCatch(return(expr), name, parentenv, handler) :
     no font could be found for family "Arial"
    Warning in doTryCatch(return(expr), name, parentenv, handler) :
     no font could be found for family "Arial"
    Warning in doTryCatch(return(expr), name, parentenv, handler) :
     no font could be found for family "Arial"
    Warning in doTryCatch(return(expr), name, parentenv, handler) :
     no font could be found for family "Arial"
    Warning in doTryCatch(return(expr), name, parentenv, handler) :
     no font could be found for family "Arial"
    Warning in doTryCatch(return(expr), name, parentenv, handler) :
     no font could be found for family "Arial"
    Warning in doTryCatch(return(expr), name, parentenv, handler) :
     no font could be found for family "Arial"
    Warning in doTryCatch(return(expr), name, parentenv, handler) :
     no font could be found for family "Arial"
    Warning in doTryCatch(return(expr), name, parentenv, handler) :
     no font could be found for family "Arial"
    Warning in doTryCatch(return(expr), name, parentenv, handler) :
     no font could be found for family "Arial"
    Warning in doTryCatch(return(expr), name, parentenv, handler) :
     no font could be found for family "Arial"
    Warning in doTryCatch(return(expr), name, parentenv, handler) :
     no font could be found for family "Arial"
    Warning in doTryCatch(return(expr), name, parentenv, handler) :
     no font could be found for family "Arial"
    Warning in doTryCatch(return(expr), name, parentenv, handler) :
     no font could be found for family "Arial"
    Warning in doTryCatch(return(expr), name, parentenv, handler) :
     no font could be found for family "Arial"
    Warning in doTryCatch(return(expr), name, parentenv, handler) :
     no font could be found for family "Arial"
    Warning in doTryCatch(return(expr), name, parentenv, handler) :
     no font could be found for family "Arial"
    Warning in doTryCatch(return(expr), name, parentenv, handler) :
     no font could be found for family "Arial"
    Warning in doTryCatch(return(expr), name, parentenv, handler) :
     no font could be found for family "Arial"
    Warning in doTryCatch(return(expr), name, parentenv, handler) :
     no font could be found for family "Arial"
    Warning in doTryCatch(return(expr), name, parentenv, handler) :
     no font could be found for family "Arial"
    Warning in doTryCatch(return(expr), name, parentenv, handler) :
     no font could be found for family "Arial"
    Warning in doTryCatch(return(expr), name, parentenv, handler) :
     no font could be found for family "Arial"
    Warning in doTryCatch(return(expr), name, parentenv, handler) :
     no font could be found for family "Arial"
    Warning in doTryCatch(return(expr), name, parentenv, handler) :
     no font could be found for family "Arial"
    Warning in doTryCatch(return(expr), name, parentenv, handler) :
     no font could be found for family "Arial"
    Warning in doTryCatch(return(expr), name, parentenv, handler) :
     no font could be found for family "Arial"
    Warning in doTryCatch(return(expr), name, parentenv, handler) :
     no font could be found for family "Arial"
    Warning in doTryCatch(return(expr), name, parentenv, handler) :
     no font could be found for family "Arial"
    Warning in doTryCatch(return(expr), name, parentenv, handler) :
     no font could be found for family "Arial"
    Warning in doTryCatch(return(expr), name, parentenv, handler) :
     no font could be found for family "Arial"
    Warning in doTryCatch(return(expr), name, parentenv, handler) :
     no font could be found for family "Arial"
    Warning in doTryCatch(return(expr), name, parentenv, handler) :
     no font could be found for family "Arial"
    Warning in doTryCatch(return(expr), name, parentenv, handler) :
     no font could be found for family "Arial"
    Warning in doTryCatch(return(expr), name, parentenv, handler) :
     no font could be found for family "Arial"
    Warning in doTryCatch(return(expr), name, parentenv, handler) :
     no font could be found for family "Arial"
    Warning in doTryCatch(return(expr), name, parentenv, handler) :
     no font could be found for family "Arial"
    Warning in doTryCatch(return(expr), name, parentenv, handler) :
     no font could be found for family "Arial"
    Warning in doTryCatch(return(expr), name, parentenv, handler) :
     no font could be found for family "Arial"
    Warning in doTryCatch(return(expr), name, parentenv, handler) :
     no font could be found for family "Arial"
    Warning in doTryCatch(return(expr), name, parentenv, handler) :
     no font could be found for family "Arial"
    Warning in doTryCatch(return(expr), name, parentenv, handler) :
     no font could be found for family "Arial"
    Warning in doTryCatch(return(expr), name, parentenv, handler) :
     no font could be found for family "Arial"
    Warning in doTryCatch(return(expr), name, parentenv, handler) :
     no font could be found for family "Arial"
    Warning in doTryCatch(return(expr), name, parentenv, handler) :
     no font could be found for family "Arial"
    Warning in doTryCatch(return(expr), name, parentenv, handler) :
     no font could be found for family "Arial"
    Warning in doTryCatch(return(expr), name, parentenv, handler) :
     no font could be found for family "Arial"
    Warning in doTryCatch(return(expr), name, parentenv, handler) :
     no font could be found for family "Arial"
    Warning in doTryCatch(return(expr), name, parentenv, handler) :
     no font could be found for family "Arial"
    Warning in doTryCatch(return(expr), name, parentenv, handler) :
     no font could be found for family "Arial"
    Warning in doTryCatch(return(expr), name, parentenv, handler) :
     no font could be found for family "Arial"
    Warning in doTryCatch(return(expr), name, parentenv, handler) :
     no font could be found for family "Arial"
    Warning in doTryCatch(return(expr), name, parentenv, handler) :
     no font could be found for family "Arial"
    Warning in doTryCatch(return(expr), name, parentenv, handler) :
     no font could be found for family "Arial"
    Warning in doTryCatch(return(expr), name, parentenv, handler) :
     no font could be found for family "Arial"
    Warning in doTryCatch(return(expr), name, parentenv, handler) :
     no font could be found for family "Arial"
    Warning in doTryCatch(return(expr), name, parentenv, handler) :
     no font could be found for family "Arial"
    Warning in doTryCatch(return(expr), name, parentenv, handler) :
     no font could be found for family "Arial"
    Warning in doTryCatch(return(expr), name, parentenv, handler) :
     no font could be found for family "Arial"
    Warning in doTryCatch(return(expr), name, parentenv, handler) :
     no font could be found for family "Arial"
    Warning in doTryCatch(return(expr), name, parentenv, handler) :
     no font could be found for family "Arial"
    Warning in doTryCatch(return(expr), name, parentenv, handler) :
     no font could be found for family "Arial"
    Warning in doTryCatch(return(expr), name, parentenv, handler) :
     no font could be found for family "Arial"
    Warning in doTryCatch(return(expr), name, parentenv, handler) :
     no font could be found for family "Arial"
    Warning in doTryCatch(return(expr), name, parentenv, handler) :
     no font could be found for family "Arial"
    Warning in doTryCatch(return(expr), name, parentenv, handler) :
     no font could be found for family "Arial"
    Warning in doTryCatch(return(expr), name, parentenv, handler) :
     no font could be found for family "Arial"
    Warning in doTryCatch(return(expr), name, parentenv, handler) :
     no font could be found for family "Arial"
    Warning in doTryCatch(return(expr), name, parentenv, handler) :
     no font could be found for family "Arial"
    Warning in doTryCatch(return(expr), name, parentenv, handler) :
     no font could be found for family "Arial"
    Warning in doTryCatch(return(expr), name, parentenv, handler) :
     no font could be found for family "Arial"
    Warning in title(main = main, xlab = xlab, ylab = ylab, ...) :
     no font could be found for family "Arial"
    Warning in title(main = main, xlab = xlab, ylab = ylab, ...) :
     no font could be found for family "Arial"
    Warning in title(main = main, xlab = xlab, ylab = ylab, ...) :
     no font could be found for family "Arial"
    Warning in title(main = main, xlab = xlab, ylab = ylab, ...) :
     no font could be found for family "Arial"
    Warning in title(main = main, xlab = xlab, ylab = ylab, ...) :
     no font could be found for family "Arial"
    Warning in axis(1, ...) : no font could be found for family "Arial"
    Warning in axis(1, ...) : no font could be found for family "Arial"
    Warning in axis(1, ...) : no font could be found for family "Arial"
    Warning in axis(1, ...) : no font could be found for family "Arial"
    Warning in axis(1, ...) : no font could be found for family "Arial"
    Warning in axis(1, ...) : no font could be found for family "Arial"
    Warning in axis(1, ...) : no font could be found for family "Arial"
    Warning in axis(1, ...) : no font could be found for family "Arial"
    Warning in axis(1, ...) : no font could be found for family "Arial"
    Warning in axis(1, ...) : no font could be found for family "Arial"
    Warning in axis(1, ...) : no font could be found for family "Arial"
    Warning in axis(1, ...) : no font could be found for family "Arial"
    Warning in axis(1, ...) : no font could be found for family "Arial"
    Warning in axis(1, ...) : no font could be found for family "Arial"
    Warning in axis(1, ...) : no font could be found for family "Arial"
    Warning in axis(1, ...) : no font could be found for family "Arial"
    Warning in axis(1, ...) : no font could be found for family "Arial"
    Warning in axis(1, ...) : no font could be found for family "Arial"
    Warning in axis(1, ...) : no font could be found for family "Arial"
    Warning in axis(1, ...) : no font could be found for family "Arial"
    Warning in axis(1, ...) : no font could be found for family "Arial"
    Warning in axis(1, ...) : no font could be found for family "Arial"
    Warning in axis(2, ...) : no font could be found for family "Arial"
    Warning in axis(2, ...) : no font could be found for family "Arial"
    Warning in axis(2, ...) : no font could be found for family "Arial"
    Warning in axis(2, ...) : no font could be found for family "Arial"
    Warning in axis(2, ...) : no font could be found for family "Arial"
    Warning in axis(2, ...) : no font could be found for family "Arial"
    Warning in axis(2, ...) : no font could be found for family "Arial"
    Warning in axis(2, ...) : no font could be found for family "Arial"
    Warning in axis(2, ...) : no font could be found for family "Arial"
    Warning in axis(2, ...) : no font could be found for family "Arial"
    Warning in axis(2, ...) : no font could be found for family "Arial"
    Warning in axis(2, ...) : no font could be found for family "Arial"
    Warning in axis(2, ...) : no font could be found for family "Arial"
    Warning in strwidth(legend, units = "user", cex = cex, font = text.font) :
     no font could be found for family "Arial"
    Warning in strwidth(legend, units = "user", cex = cex, font = text.font) :
     no font could be found for family "Arial"
    Warning in strwidth(legend, units = "user", cex = cex, font = text.font) :
     no font could be found for family "Arial"
    Warning in strwidth(legend, units = "user", cex = cex, font = text.font) :
     no font could be found for family "Arial"
    Warning in doTryCatch(return(expr), name, parentenv, handler) :
     no font could be found for family "Arial"
    Warning in doTryCatch(return(expr), name, parentenv, handler) :
     no font could be found for family "Arial"
    Warning in doTryCatch(return(expr), name, parentenv, handler) :
     no font could be found for family "Arial"
    Warning in doTryCatch(return(expr), name, parentenv, handler) :
     no font could be found for family "Arial"
    Warning in doTryCatch(return(expr), name, parentenv, handler) :
     no font could be found for family "Arial"
    Warning in doTryCatch(return(expr), name, parentenv, handler) :
     no font could be found for family "Arial"
    Warning in doTryCatch(return(expr), name, parentenv, handler) :
     no font could be found for family "Arial"
    Warning in doTryCatch(return(expr), name, parentenv, handler) :
     no font could be found for family "Arial"
    Warning in doTryCatch(return(expr), name, parentenv, handler) :
     no font could be found for family "Arial"
    Warning in doTryCatch(return(expr), name, parentenv, handler) :
     no font could be found for family "Arial"
    Warning in doTryCatch(return(expr), name, parentenv, handler) :
     no font could be found for family "Arial"
    Warning in doTryCatch(return(expr), name, parentenv, handler) :
     no font could be found for family "Arial"
    Warning in doTryCatch(return(expr), name, parentenv, handler) :
     no font could be found for family "Arial"
    Warning in doTryCatch(return(expr), name, parentenv, handler) :
     no font could be found for family "Arial"
    Warning in doTryCatch(return(expr), name, parentenv, handler) :
     no font could be found for family "Arial"
    Warning in doTryCatch(return(expr), name, parentenv, handler) :
     no font could be found for family "Arial"
    Warning in doTryCatch(return(expr), name, parentenv, handler) :
     no font could be found for family "Arial"
    Warning in doTryCatch(return(expr), name, parentenv, handler) :
     no font could be found for family "Arial"
    Warning in doTryCatch(return(expr), name, parentenv, handler) :
     no font could be found for family "Arial"
    Warning in doTryCatch(return(expr), name, parentenv, handler) :
     no font could be found for family "Arial"
    Warning in doTryCatch(return(expr), name, parentenv, handler) :
     no font could be found for family "Arial"
    Warning in doTryCatch(return(expr), name, parentenv, handler) :
     no font could be found for family "Arial"
    Warning in doTryCatch(return(expr), name, parentenv, handler) :
     no font could be found for family "Arial"
    Warning in doTryCatch(return(expr), name, parentenv, handler) :
     no font could be found for family "Arial"
    Warning in doTryCatch(return(expr), name, parentenv, handler) :
     no font could be found for family "Arial"
    Warning in doTryCatch(return(expr), name, parentenv, handler) :
     no font could be found for family "Arial"
    Warning in doTryCatch(return(expr), name, parentenv, handler) :
     no font could be found for family "Arial"
    Warning in doTryCatch(return(expr), name, parentenv, handler) :
     no font could be found for family "Arial"
    Warning in doTryCatch(return(expr), name, parentenv, handler) :
     no font could be found for family "Arial"
    Warning in doTryCatch(return(expr), name, parentenv, handler) :
     no font could be found for family "Arial"
    Warning in doTryCatch(return(expr), name, parentenv, handler) :
     no font could be found for family "Arial"
    Warning in doTryCatch(return(expr), name, parentenv, handler) :
     no font could be found for family "Arial"
    Warning in doTryCatch(return(expr), name, parentenv, handler) :
     no font could be found for family "Arial"
    Warning in doTryCatch(return(expr), name, parentenv, handler) :
     no font could be found for family "Arial"
    Warning in doTryCatch(return(expr), name, parentenv, handler) :
     no font could be found for family "Arial"
    Warning in doTryCatch(return(expr), name, parentenv, handler) :
     no font could be found for family "Arial"
    Warning in doTryCatch(return(expr), name, parentenv, handler) :
     no font could be found for family "Arial"
    Warning in doTryCatch(return(expr), name, parentenv, handler) :
     no font could be found for family "Arial"
    Warning in doTryCatch(return(expr), name, parentenv, handler) :
     no font could be found for family "Arial"
    Warning in doTryCatch(return(expr), name, parentenv, handler) :
     no font could be found for family "Arial"
    Warning in doTryCatch(return(expr), name, parentenv, handler) :
     no font could be found for family "Arial"
    Warning in doTryCatch(return(expr), name, parentenv, handler) :
     no font could be found for family "Arial"
    Warning in doTryCatch(return(expr), name, parentenv, handler) :
     no font could be found for family "Arial"
    Warning in doTryCatch(return(expr), name, parentenv, handler) :
     no font could be found for family "Arial"
    Warning in title(...) : no font could be found for family "Arial"
    Warning in title(...) : no font could be found for family "Arial"
    Warning in title(...) : no font could be found for family "Arial"
    Warning in title(...) : no font could be found for family "Arial"
    Warning in title(...) : no font could be found for family "Arial"
    Warning in axis(1, at = (xat[1L:nx] + xat[2L:(nx + 1L)] - off)/2, labels = xaxlabels, :
     no font could be found for family "Arial"
    Warning in axis(1, at = (xat[1L:nx] + xat[2L:(nx + 1L)] - off)/2, labels = xaxlabels, :
     no font could be found for family "Arial"
    Warning in axis(1, at = (xat[1L:nx] + xat[2L:(nx + 1L)] - off)/2, labels = xaxlabels, :
     no font could be found for family "Arial"
    Warning in axis(1, at = (xat[1L:nx] + xat[2L:(nx + 1L)] - off)/2, labels = xaxlabels, :
     no font could be found for family "Arial"
    Warning in axis(1, at = (xat[1L:nx] + xat[2L:(nx + 1L)] - off)/2, labels = xaxlabels, :
     no font could be found for family "Arial"
    Warning in axis(1, at = (xat[1L:nx] + xat[2L:(nx + 1L)] - off)/2, labels = xaxlabels, :
     no font could be found for family "Arial"
    Warning in axis(1, at = (xat[1L:nx] + xat[2L:(nx + 1L)] - off)/2, labels = xaxlabels, :
     no font could be found for family "Arial"
    Warning in axis(1, at = (xat[1L:nx] + xat[2L:(nx + 1L)] - off)/2, labels = xaxlabels, :
     no font could be found for family "Arial"
    Warning in axis(1, at = (xat[1L:nx] + xat[2L:(nx + 1L)] - off)/2, labels = xaxlabels, :
     no font could be found for family "Arial"
    Warning in axis(1, at = (xat[1L:nx] + xat[2L:(nx + 1L)] - off)/2, labels = xaxlabels, :
     no font could be found for family "Arial"
    Warning in axis(1, at = (xat[1L:nx] + xat[2L:(nx + 1L)] - off)/2, labels = xaxlabels, :
     no font could be found for family "Arial"
    Warning in axis(1, at = (xat[1L:nx] + xat[2L:(nx + 1L)] - off)/2, labels = xaxlabels, :
     no font could be found for family "Arial"
    Warning in axis(1, at = (xat[1L:nx] + xat[2L:(nx + 1L)] - off)/2, labels = xaxlabels, :
     no font could be found for family "Arial"
    Warning in axis(2, at = yat, labels = yaxlabels, tick = FALSE) :
     no font could be found for family "Arial"
    Warning in axis(2, at = yat, labels = yaxlabels, tick = FALSE) :
     no font could be found for family "Arial"
    Warning in axis(2, at = yat, labels = yaxlabels, tick = FALSE) :
     no font could be found for family "Arial"
    Warning in axis(2, at = yat, labels = yaxlabels, tick = FALSE) :
     no font could be found for family "Arial"
    Warning in axis(2, at = yat, labels = yaxlabels, tick = FALSE) :
     no font could be found for family "Arial"
    Warning in axis(2, at = yat, labels = yaxlabels, tick = FALSE) :
     no font could be found for family "Arial"
    Warning in axis(2, at = yat, labels = yaxlabels, tick = FALSE) :
     no font could be found for family "Arial"
    Warning in axis(4) : no font could be found for family "Arial"
    Warning in axis(4) : no font could be found for family "Arial"
    Warning in axis(4) : no font could be found for family "Arial"
    Warning in axis(4) : no font could be found for family "Arial"
    Warning in axis(4) : no font could be found for family "Arial"
    Warning in axis(4) : no font could be found for family "Arial"
    Warning in axis(4) : no font could be found for family "Arial"
    Warning in axis(4) : no font could be found for family "Arial"
    Warning in axis(4) : no font could be found for family "Arial"
    Warning in axis(4) : no font could be found for family "Arial"
    Warning in axis(4) : no font could be found for family "Arial"
    Warning in axis(4) : no font could be found for family "Arial"
    Warning in axis(4) : no font could be found for family "Arial"
    Warning in axis(4) : no font could be found for family "Arial"
    Warning in axis(4) : no font could be found for family "Arial"
    Warning in axis(4) : no font could be found for family "Arial"
    Warning in axis(4) : no font could be found for family "Arial"
    Warning in axis(4) : no font could be found for family "Arial"
    Warning in axis(4) : no font could be found for family "Arial"
    Warning in doTryCatch(return(expr), name, parentenv, handler) :
     no font could be found for family "Arial"
    Warning in doTryCatch(return(expr), name, parentenv, handler) :
     no font could be found for family "Arial"
    Warning in doTryCatch(return(expr), name, parentenv, handler) :
     no font could be found for family "Arial"
    Warning in doTryCatch(return(expr), name, parentenv, handler) :
     no font could be found for family "Arial"
    Warning in doTryCatch(return(expr), name, parentenv, handler) :
     no font could be found for family "Arial"
    Warning in doTryCatch(return(expr), name, parentenv, handler) :
     no font could be found for family "Arial"
    Warning in doTryCatch(return(expr), name, parentenv, handler) :
     no font could be found for family "Arial"
    Warning in doTryCatch(return(expr), name, parentenv, handler) :
     no font could be found for family "Arial"
    Warning in doTryCatch(return(expr), name, parentenv, handler) :
     no font could be found for family "Arial"
    Warning in doTryCatch(return(expr), name, parentenv, handler) :
     no font could be found for family "Arial"
    Warning in doTryCatch(return(expr), name, parentenv, handler) :
     no font could be found for family "Arial"
    Warning in doTryCatch(return(expr), name, parentenv, handler) :
     no font could be found for family "Arial"
    Warning in doTryCatch(return(expr), name, parentenv, handler) :
     no font could be found for family "Arial"
    Warning in doTryCatch(return(expr), name, parentenv, handler) :
     no font could be found for family "Arial"
    Warning in doTryCatch(return(expr), name, parentenv, handler) :
     no font could be found for family "Arial"
    Warning in doTryCatch(return(expr), name, parentenv, handler) :
     no font could be found for family "Arial"
    Warning in doTryCatch(return(expr), name, parentenv, handler) :
     no font could be found for family "Arial"
    Warning in doTryCatch(return(expr), name, parentenv, handler) :
     no font could be found for family "Arial"
    Warning in doTryCatch(return(expr), name, parentenv, handler) :
     no font could be found for family "Arial"
    Warning in doTryCatch(return(expr), name, parentenv, handler) :
     no font could be found for family "Arial"
    Warning in doTryCatch(return(expr), name, parentenv, handler) :
     no font could be found for family "Arial"
    Warning in doTryCatch(return(expr), name, parentenv, handler) :
     no font could be found for family "Arial"
    Warning in doTryCatch(return(expr), name, parentenv, handler) :
     no font could be found for family "Arial"
    Warning in doTryCatch(return(expr), name, parentenv, handler) :
     no font could be found for family "Arial"
    Warning in doTryCatch(return(expr), name, parentenv, handler) :
     no font could be found for family "Arial"
    Warning in doTryCatch(return(expr), name, parentenv, handler) :
     no font could be found for family "Arial"
    Warning in doTryCatch(return(expr), name, parentenv, handler) :
     no font could be found for family "Arial"
    Warning in doTryCatch(return(expr), name, parentenv, handler) :
     no font could be found for family "Arial"
    Warning in doTryCatch(return(expr), name, parentenv, handler) :
     no font could be found for family "Arial"
    Warning in doTryCatch(return(expr), name, parentenv, handler) :
     no font could be found for family "Arial"
    Warning in doTryCatch(return(expr), name, parentenv, handler) :
     no font could be found for family "Arial"
    Warning in doTryCatch(return(expr), name, parentenv, handler) :
     no font could be found for family "Arial"
    Warning in doTryCatch(return(expr), name, parentenv, handler) :
     no font could be found for family "Arial"
    Warning in doTryCatch(return(expr), name, parentenv, handler) :
     no font could be found for family "Arial"
    Warning in doTryCatch(return(expr), name, parentenv, handler) :
     no font could be found for family "Arial"
    Warning in doTryCatch(return(expr), name, parentenv, handler) :
     no font could be found for family "Arial"
    Warning in doTryCatch(return(expr), name, parentenv, handler) :
     no font could be found for family "Arial"
    Warning in doTryCatch(return(expr), name, parentenv, handler) :
     no font could be found for family "Arial"
    Warning in doTryCatch(return(expr), name, parentenv, handler) :
     no font could be found for family "Arial"
    Warning in doTryCatch(return(expr), name, parentenv, handler) :
     no font could be found for family "Arial"
    Warning in doTryCatch(return(expr), name, parentenv, handler) :
     no font could be found for family "Arial"
    Warning in doTryCatch(return(expr), name, parentenv, handler) :
     no font could be found for family "Arial"
    Warning in doTryCatch(return(expr), name, parentenv, handler) :
     no font could be found for family "Arial"
    Warning in doTryCatch(return(expr), name, parentenv, handler) :
     no font could be found for family "Arial"
    Warning in grid.Call(C_stringMetric, as.graphicsAnnot(x$label)) :
     no font could be found for family "Arial"
    Warning in grid.Call(C_stringMetric, as.graphicsAnnot(x$label)) :
     no font could be found for family "Arial"
    Warning in grid.Call(C_stringMetric, as.graphicsAnnot(x$label)) :
     no font could be found for family "Arial"
    Warning in grid.Call(C_stringMetric, as.graphicsAnnot(x$label)) :
     no font could be found for family "Arial"
    Warning in grid.Call(C_stringMetric, as.graphicsAnnot(x$label)) :
     no font could be found for family "Arial"
    Warning in grid.Call(C_stringMetric, as.graphicsAnnot(x$label)) :
     no font could be found for family "Arial"
    Warning in grid.Call(C_stringMetric, as.graphicsAnnot(x$label)) :
     no font could be found for family "Arial"
    Warning in grid.Call(C_stringMetric, as.graphicsAnnot(x$label)) :
     no font could be found for family "Arial"
    Warning in grid.Call(C_stringMetric, as.graphicsAnnot(x$label)) :
     no font could be found for family "Arial"
    Warning in grid.Call(C_stringMetric, as.graphicsAnnot(x$label)) :
     no font could be found for family "Arial"
    Warning in grid.Call(C_stringMetric, as.graphicsAnnot(x$label)) :
     no font could be found for family "Arial"
    Warning in grid.Call(C_stringMetric, as.graphicsAnnot(x$label)) :
     no font could be found for family "Arial"
    Warning in grid.Call(C_stringMetric, as.graphicsAnnot(x$label)) :
     no font could be found for family "Arial"
    Warning in grid.Call(C_stringMetric, as.graphicsAnnot(x$label)) :
     no font could be found for family "Arial"
    Warning in grid.Call(C_stringMetric, as.graphicsAnnot(x$label)) :
     no font could be found for family "Arial"
    Warning in grid.Call(C_stringMetric, as.graphicsAnnot(x$label)) :
     no font could be found for family "Arial"
    Warning in grid.Call(C_stringMetric, as.graphicsAnnot(x$label)) :
     no font could be found for family "Arial"
    Warning in grid.Call(C_stringMetric, as.graphicsAnnot(x$label)) :
     no font could be found for family "Arial"
    Warning in grid.Call(C_stringMetric, as.graphicsAnnot(x$label)) :
     no font could be found for family "Arial"
    Warning in grid.Call(C_stringMetric, as.graphicsAnnot(x$label)) :
     no font could be found for family "Arial"
    Warning in grid.Call(C_stringMetric, as.graphicsAnnot(x$label)) :
     no font could be found for family "Arial"
    Warning in grid.Call(C_stringMetric, as.graphicsAnnot(x$label)) :
     no font could be found for family "Arial"
    Warning in grid.Call(C_stringMetric, as.graphicsAnnot(x$label)) :
     no font could be found for family "Arial"
    Warning in grid.Call(C_stringMetric, as.graphicsAnnot(x$label)) :
     no font could be found for family "Arial"
    Warning in grid.Call(C_stringMetric, as.graphicsAnnot(x$label)) :
     no font could be found for family "Arial"
    Warning in grid.Call(C_stringMetric, as.graphicsAnnot(x$label)) :
     no font could be found for family "Arial"
    Warning in grid.Call(C_stringMetric, as.graphicsAnnot(x$label)) :
     no font could be found for family "Arial"
    Warning in grid.Call(C_stringMetric, as.graphicsAnnot(x$label)) :
     no font could be found for family "Arial"
    Warning in grid.Call(C_textBounds, as.graphicsAnnot(x$label), x$x, x$y, :
     no font could be found for family "Arial"
    Quitting from lines 182-185 (colorspace.Rmd)
    Error: processing vignette 'colorspace.Rmd' failed with diagnostics:
    polygon edge not found
    --- failed re-building ‘colorspace.Rmd’
    
    --- re-building ‘hcl-colors.Rnw’ using Sweave
    Loading required package: grid
    KernSmooth 2.23 loaded
    Copyright M. P. Wand 1997-2009
    Warning in axis(side = side, at = at, labels = labels, ...) :
     no font could be found for family "Arial"
    Warning in axis(side = side, at = at, labels = labels, ...) :
     no font could be found for family "Arial"
    Warning in axis(side = side, at = at, labels = labels, ...) :
     no font could be found for family "Arial"
    Warning in axis(side = side, at = at, labels = labels, ...) :
     no font could be found for family "Arial"
    Warning in axis(side = side, at = at, labels = labels, ...) :
     no font could be found for family "Arial"
    Warning in axis(side = side, at = at, labels = labels, ...) :
     no font could be found for family "Arial"
    Warning in axis(side = side, at = at, labels = labels, ...) :
     no font could be found for family "Arial"
    Warning in axis(side = side, at = at, labels = labels, ...) :
     no font could be found for family "Arial"
    Warning in axis(side = side, at = at, labels = labels, ...) :
     no font could be found for family "Arial"
    Warning in axis(side = side, at = at, labels = labels, ...) :
     no font could be found for family "Arial"
    Warning in axis(side = side, at = at, labels = labels, ...) :
     no font could be found for family "Arial"
    Warning in axis(side = side, at = at, labels = labels, ...) :
     no font could be found for family "Arial"
    Warning in axis(side = side, at = at, labels = labels, ...) :
     no font could be found for family "Arial"
    Warning in axis(side = side, at = at, labels = labels, ...) :
     no font could be found for family "Arial"
    Warning in axis(side = side, at = at, labels = labels, ...) :
     no font could be found for family "Arial"
    Warning in axis(side = side, at = at, labels = labels, ...) :
     no font could be found for family "Arial"
    Warning in axis(side = side, at = at, labels = labels, ...) :
     no font could be found for family "Arial"
    Warning in axis(side = side, at = at, labels = labels, ...) :
     no font could be found for family "Arial"
    Warning in axis(side = side, at = at, labels = labels, ...) :
     no font could be found for family "Arial"
    Warning in axis(side = side, at = at, labels = labels, ...) :
     no font could be found for family "Arial"
    Warning in axis(side = side, at = at, labels = labels, ...) :
     no font could be found for family "Arial"
    Warning in axis(side = side, at = at, labels = labels, ...) :
     no font could be found for family "Arial"
    Warning in axis(side = side, at = at, labels = labels, ...) :
     no font could be found for family "Arial"
    Warning in axis(side = side, at = at, labels = labels, ...) :
     no font could be found for family "Arial"
    Warning in axis(side = side, at = at, labels = labels, ...) :
     no font could be found for family "Arial"
    Warning in axis(side = side, at = at, labels = labels, ...) :
     no font could be found for family "Arial"
    Warning in axis(side = side, at = at, labels = labels, ...) :
     no font could be found for family "Arial"
    Warning in axis(side = side, at = at, labels = labels, ...) :
     no font could be found for family "Arial"
    Warning in axis(side = side, at = at, labels = labels, ...) :
     no font could be found for family "Arial"
    Warning in axis(side = side, at = at, labels = labels, ...) :
     no font could be found for family "Arial"
    Warning in axis(side = side, at = at, labels = labels, ...) :
     no font could be found for family "Arial"
    Warning in axis(side = side, at = at, labels = labels, ...) :
     no font could be found for family "Arial"
    Warning in axis(side = side, at = at, labels = labels, ...) :
     no font could be found for family "Arial"
    Warning in axis(side = side, at = at, labels = labels, ...) :
     no font could be found for family "Arial"
    Warning in axis(side = side, at = at, labels = labels, ...) :
     no font could be found for family "Arial"
    Warning in axis(side = side, at = at, labels = labels, ...) :
     no font could be found for family "Arial"
    Warning in axis(side = side, at = at, labels = labels, ...) :
     no font could be found for family "Arial"
    Warning in axis(side = side, at = at, labels = labels, ...) :
     no font could be found for family "Arial"
    Warning in axis(side = side, at = at, labels = labels, ...) :
     no font could be found for family "Arial"
    Warning in axis(side = side, at = at, labels = labels, ...) :
     no font could be found for family "Arial"
    Warning in axis(side = side, at = at, labels = labels, ...) :
     no font could be found for family "Arial"
    Warning in axis(side = side, at = at, labels = labels, ...) :
     no font could be found for family "Arial"
    Warning in title(...) : no font could be found for family "Arial"
    Warning in title(...) : no font could be found for family "Arial"
    Warning in title(...) : no font could be found for family "Arial"
    Warning in title(...) : no font could be found for family "Arial"
    Warning in axis(side = side, at = at, labels = labels, ...) :
     no font could be found for family "Arial"
    Warning in axis(side = side, at = at, labels = labels, ...) :
     no font could be found for family "Arial"
    Warning in axis(side = side, at = at, labels = labels, ...) :
     no font could be found for family "Arial"
    Warning in axis(side = side, at = at, labels = labels, ...) :
     no font could be found for family "Arial"
    Warning in axis(side = side, at = at, labels = labels, ...) :
     no font could be found for family "Arial"
    Warning in axis(side = side, at = at, labels = labels, ...) :
     no font could be found for family "Arial"
    Warning in axis(side = side, at = at, labels = labels, ...) :
     no font could be found for family "Arial"
    Warning in axis(side = side, at = at, labels = labels, ...) :
     no font could be found for family "Arial"
    Warning in axis(side = side, at = at, labels = labels, ...) :
     no font could be found for family "Arial"
    Warning in axis(side = side, at = at, labels = labels, ...) :
     no font could be found for family "Arial"
    Warning in axis(side = side, at = at, labels = labels, ...) :
     no font could be found for family "Arial"
    Warning in axis(side = side, at = at, labels = labels, ...) :
     no font could be found for family "Arial"
    Warning in axis(side = side, at = at, labels = labels, ...) :
     no font could be found for family "Arial"
    Warning in axis(side = side, at = at, labels = labels, ...) :
     no font could be found for family "Arial"
    Warning in axis(side = side, at = at, labels = labels, ...) :
     no font could be found for family "Arial"
    Warning in axis(side = side, at = at, labels = labels, ...) :
     no font could be found for family "Arial"
    Warning in axis(side = side, at = at, labels = labels, ...) :
     no font could be found for family "Arial"
    Warning in axis(side = side, at = at, labels = labels, ...) :
     no font could be found for family "Arial"
    Warning in axis(side = side, at = at, labels = labels, ...) :
     no font could be found for family "Arial"
    Warning in axis(side = side, at = at, labels = labels, ...) :
     no font could be found for family "Arial"
    Warning in axis(side = side, at = at, labels = labels, ...) :
     no font could be found for family "Arial"
    Warning in axis(side = side, at = at, labels = labels, ...) :
     no font could be found for family "Arial"
    Warning in axis(side = side, at = at, labels = labels, ...) :
     no font could be found for family "Arial"
    Warning in axis(side = side, at = at, labels = labels, ...) :
     no font could be found for family "Arial"
    Warning in axis(side = side, at = at, labels = labels, ...) :
     no font could be found for family "Arial"
    Warning in axis(side = side, at = at, labels = labels, ...) :
     no font could be found for family "Arial"
    Warning in axis(side = side, at = at, labels = labels, ...) :
     no font could be found for family "Arial"
    Warning in axis(side = side, at = at, labels = labels, ...) :
     no font could be found for family "Arial"
    Warning in axis(side = side, at = at, labels = labels, ...) :
     no font could be found for family "Arial"
    Warning in axis(side = side, at = at, labels = labels, ...) :
     no font could be found for family "Arial"
    Warning in axis(side = side, at = at, labels = labels, ...) :
     no font could be found for family "Arial"
    Warning in axis(side = side, at = at, labels = labels, ...) :
     no font could be found for family "Arial"
    Warning in axis(side = side, at = at, labels = labels, ...) :
     no font could be found for family "Arial"
    Warning in axis(side = side, at = at, labels = labels, ...) :
     no font could be found for family "Arial"
    Warning in axis(side = side, at = at, labels = labels, ...) :
     no font could be found for family "Arial"
    Warning in axis(side = side, at = at, labels = labels, ...) :
     no font could be found for family "Arial"
    Warning in axis(side = side, at = at, labels = labels, ...) :
     no font could be found for family "Arial"
    Warning in axis(side = side, at = at, labels = labels, ...) :
     no font could be found for family "Arial"
    Warning in axis(side = side, at = at, labels = labels, ...) :
     no font could be found for family "Arial"
    Warning in axis(side = side, at = at, labels = labels, ...) :
     no font could be found for family "Arial"
    Warning in axis(side = side, at = at, labels = labels, ...) :
     no font could be found for family "Arial"
    Warning in title(...) : no font could be found for family "Arial"
    Warning in title(...) : no font could be found for family "Arial"
    Warning in title(...) : no font could be found for family "Arial"
    Warning in title(...) : no font could be found for family "Arial"
    Warning in axis(side = side, at = at, labels = labels, ...) :
     no font could be found for family "Arial"
    Warning in axis(side = side, at = at, labels = labels, ...) :
     no font could be found for family "Arial"
    Warning in axis(side = side, at = at, labels = labels, ...) :
     no font could be found for family "Arial"
    Warning in axis(side = side, at = at, labels = labels, ...) :
     no font could be found for family "Arial"
    Warning in axis(side = side, at = at, labels = labels, ...) :
     no font could be found for family "Arial"
    Warning in axis(side = side, at = at, labels = labels, ...) :
     no font could be found for family "Arial"
    Warning in axis(side = side, at = at, labels = labels, ...) :
     no font could be found for family "Arial"
    Warning in axis(side = side, at = at, labels = labels, ...) :
     no font could be found for family "Arial"
    Warning in axis(side = side, at = at, labels = labels, ...) :
     no font could be found for family "Arial"
    Warning in axis(side = side, at = at, labels = labels, ...) :
     no font could be found for family "Arial"
    Warning in axis(side = side, at = at, labels = labels, ...) :
     no font could be found for family "Arial"
    Warning in axis(side = side, at = at, labels = labels, ...) :
     no font could be found for family "Arial"
    Warning in axis(side = side, at = at, labels = labels, ...) :
     no font could be found for family "Arial"
    Warning in axis(side = side, at = at, labels = labels, ...) :
     no font could be found for family "Arial"
    Warning in axis(side = side, at = at, labels = labels, ...) :
     no font could be found for family "Arial"
    Warning in axis(side = side, at = at, labels = labels, ...) :
     no font could be found for family "Arial"
    Warning in axis(side = side, at = at, labels = labels, ...) :
     no font could be found for family "Arial"
    Warning in axis(side = side, at = at, labels = labels, ...) :
     no font could be found for family "Arial"
    Warning in axis(side = side, at = at, labels = labels, ...) :
     no font could be found for family "Arial"
    Warning in axis(side = side, at = at, labels = labels, ...) :
     no font could be found for family "Arial"
    Warning in axis(side = side, at = at, labels = labels, ...) :
     no font could be found for family "Arial"
    Warning in axis(side = side, at = at, labels = labels, ...) :
     no font could be found for family "Arial"
    Warning in axis(side = side, at = at, labels = labels, ...) :
     no font could be found for family "Arial"
    Warning in axis(side = side, at = at, labels = labels, ...) :
     no font could be found for family "Arial"
    Warning in axis(side = side, at = at, labels = labels, ...) :
     no font could be found for family "Arial"
    Warning in axis(side = side, at = at, labels = labels, ...) :
     no font could be found for family "Arial"
    Warning in axis(side = side, at = at, labels = labels, ...) :
     no font could be found for family "Arial"
    Warning in axis(side = side, at = at, labels = labels, ...) :
     no font could be found for family "Arial"
    Warning in axis(side = side, at = at, labels = labels, ...) :
     no font could be found for family "Arial"
    Warning in axis(side = side, at = at, labels = labels, ...) :
     no font could be found for family "Arial"
    Warning in axis(side = side, at = at, labels = labels, ...) :
     no font could be found for family "Arial"
    Warning in axis(side = side, at = at, labels = labels, ...) :
     no font could be found for family "Arial"
    Warning in axis(side = side, at = at, labels = labels, ...) :
     no font could be found for family "Arial"
    Warning in axis(side = side, at = at, labels = labels, ...) :
     no font could be found for family "Arial"
    Warning in axis(side = side, at = at, labels = labels, ...) :
     no font could be found for family "Arial"
    Warning in axis(side = side, at = at, labels = labels, ...) :
     no font could be found for family "Arial"
    Warning in axis(side = side, at = at, labels = labels, ...) :
     no font could be found for family "Arial"
    Warning in axis(side = side, at = at, labels = labels, ...) :
     no font could be found for family "Arial"
    Warning in axis(side = side, at = at, labels = labels, ...) :
     no font could be found for family "Arial"
    Warning in axis(side = side, at = at, labels = labels, ...) :
     no font could be found for family "Arial"
    Warning in axis(side = side, at = at, labels = labels, ...) :
     no font could be found for family "Arial"
    Warning in axis(side = side, at = at, labels = labels, ...) :
     no font could be found for family "Arial"
    Warning in title(...) : no font could be found for family "Arial"
    Warning in title(...) : no font could be found for family "Arial"
    Warning in title(...) : no font could be found for family "Arial"
    Warning in title(...) : no font could be found for family "Arial"
    Warning in axis(side = side, at = at, labels = labels, ...) :
     no font could be found for family "Arial"
    Warning in axis(side = side, at = at, labels = labels, ...) :
     no font could be found for family "Arial"
    Warning in axis(side = side, at = at, labels = labels, ...) :
     no font could be found for family "Arial"
    Warning in axis(side = side, at = at, labels = labels, ...) :
     no font could be found for family "Arial"
    Warning in axis(side = side, at = at, labels = labels, ...) :
     no font could be found for family "Arial"
    Warning in axis(side = side, at = at, labels = labels, ...) :
     no font could be found for family "Arial"
    Warning in axis(side = side, at = at, labels = labels, ...) :
     no font could be found for family "Arial"
    Warning in axis(side = side, at = at, labels = labels, ...) :
     no font could be found for family "Arial"
    Warning in axis(side = side, at = at, labels = labels, ...) :
     no font could be found for family "Arial"
    Warning in axis(side = side, at = at, labels = labels, ...) :
     no font could be found for family "Arial"
    Warning in axis(side = side, at = at, labels = labels, ...) :
     no font could be found for family "Arial"
    Warning in axis(side = side, at = at, labels = labels, ...) :
     no font could be found for family "Arial"
    Warning in axis(side = side, at = at, labels = labels, ...) :
     no font could be found for family "Arial"
    Warning in axis(side = side, at = at, labels = labels, ...) :
     no font could be found for family "Arial"
    Warning in axis(side = side, at = at, labels = labels, ...) :
     no font could be found for family "Arial"
    Warning in axis(side = side, at = at, labels = labels, ...) :
     no font could be found for family "Arial"
    Warning in axis(side = side, at = at, labels = labels, ...) :
     no font could be found for family "Arial"
    Warning in axis(side = side, at = at, labels = labels, ...) :
     no font could be found for family "Arial"
    Warning in axis(side = side, at = at, labels = labels, ...) :
     no font could be found for family "Arial"
    Warning in axis(side = side, at = at, labels = labels, ...) :
     no font could be found for family "Arial"
    Warning in axis(side = side, at = at, labels = labels, ...) :
     no font could be found for family "Arial"
    Warning in axis(side = side, at = at, labels = labels, ...) :
     no font could be found for family "Arial"
    Warning in axis(side = side, at = at, labels = labels, ...) :
     no font could be found for family "Arial"
    Warning in axis(side = side, at = at, labels = labels, ...) :
     no font could be found for family "Arial"
    Warning in axis(side = side, at = at, labels = labels, ...) :
     no font could be found for family "Arial"
    Warning in axis(side = side, at = at, labels = labels, ...) :
     no font could be found for family "Arial"
    Warning in axis(side = side, at = at, labels = labels, ...) :
     no font could be found for family "Arial"
    Warning in axis(side = side, at = at, labels = labels, ...) :
     no font could be found for family "Arial"
    Warning in axis(side = side, at = at, labels = labels, ...) :
     no font could be found for family "Arial"
    Warning in axis(side = side, at = at, labels = labels, ...) :
     no font could be found for family "Arial"
    Warning in axis(side = side, at = at, labels = labels, ...) :
     no font could be found for family "Arial"
    Warning in axis(side = side, at = at, labels = labels, ...) :
     no font could be found for family "Arial"
    Warning in axis(side = side, at = at, labels = labels, ...) :
     no font could be found for family "Arial"
    Warning in axis(side = side, at = at, labels = labels, ...) :
     no font could be found for family "Arial"
    Warning in axis(side = side, at = at, labels = labels, ...) :
     no font could be found for family "Arial"
    Warning in axis(side = side, at = at, labels = labels, ...) :
     no font could be found for family "Arial"
    Warning in axis(side = side, at = at, labels = labels, ...) :
     no font could be found for family "Arial"
    Warning in axis(side = side, at = at, labels = labels, ...) :
     no font could be found for family "Arial"
    Warning in axis(side = side, at = at, labels = labels, ...) :
     no font could be found for family "Arial"
    Warning in axis(side = side, at = at, labels = labels, ...) :
     no font could be found for family "Arial"
    Warning in axis(side = side, at = at, labels = labels, ...) :
     no font could be found for family "Arial"
    Warning in title(...) : no font could be found for family "Arial"
    Warning in title(...) : no font could be found for family "Arial"
    Warning in title(...) : no font could be found for family "Arial"
    Warning in title(...) : no font could be found for family "Arial"
    Warning in axis(4) : no font could be found for family "Arial"
    Warning in axis(1) : no font could be found for family "Arial"
    Warning in axis(1) : no font could be found for family "Arial"
    Warning in axis(1) : no font could be found for family "Arial"
    Warning in axis(1) : no font could be found for family "Arial"
    Warning in axis(1) : no font could be found for family "Arial"
    Warning in axis(1) : no font could be found for family "Arial"
    Warning in axis(1) : no font could be found for family "Arial"
    Warning in axis(1) : no font could be found for family "Arial"
    Warning in axis(1) : no font could be found for family "Arial"
    Warning in axis(1) : no font could be found for family "Arial"
    Warning in axis(1) : no font could be found for family "Arial"
    Warning in axis(1) : no font could be found for family "Arial"
    Warning in axis(1) : no font could be found for family "Arial"
    Warning in axis(1) : no font could be found for family "Arial"
    Warning in axis(1) : no font could be found for family "Arial"
    Warning in axis(1) : no font could be found for family "Arial"
    Warning in axis(1) : no font could be found for family "Arial"
    Warning in axis(1) : no font could be found for family "Arial"
    Warning in axis(1) : no font could be found for family "Arial"
    Warning in title(main = "SVM classification plot", xlab = xylb[2], ylab = xylb[1]) :
     no font could be found for family "Arial"
    Warning in title(main = "SVM classification plot", xlab = xylb[2], ylab = xylb[1]) :
     no font could be found for family "Arial"
    Warning in title(main = "SVM classification plot", xlab = xylb[2], ylab = xylb[1]) :
     no font could be found for family "Arial"
    Warning in title(main = "SVM classification plot", xlab = xylb[2], ylab = xylb[1]) :
     no font could be found for family "Arial"
    Warning in title(main = "SVM classification plot", xlab = xylb[2], ylab = xylb[1]) :
     no font could be found for family "Arial"
    Warning in title(main = "SVM classification plot", xlab = xylb[2], ylab = xylb[1]) :
     no font could be found for family "Arial"
    Warning in title(main = "SVM classification plot", xlab = xylb[2], ylab = xylb[1]) :
     no font could be found for family "Arial"
    Warning in title(main = "SVM classification plot", xlab = xylb[2], ylab = xylb[1]) :
     no font could be found for family "Arial"
    --- finished re-building ‘hcl-colors.Rnw’
    
    SUMMARY: processing the following file failed:
     ‘colorspace.Rmd’
    
    Error: Vignette re-building failed.
    Execution halted
Flavor: r-release-macos-arm64

Version: 2.0-2
Check: re-building of vignette outputs
Result: NOTE
    Error(s) in re-building vignettes:
     ...
    --- re-building ‘colorspace.Rmd’ using rmarkdown
    Warning in engine$weave(file, quiet = quiet, encoding = enc) :
     Pandoc (>= 1.12.3) not available. Falling back to R Markdown v1.
    Quitting from lines 20-24 (colorspace.Rmd)
    Error: processing vignette 'colorspace.Rmd' failed with diagnostics:
    package or namespace load failed for 'ggplot2' in loadNamespace(i, c(lib.loc, .libPaths()), versionCheck = vI[[i]]):
     there is no package called 'gtable'
    --- failed re-building ‘colorspace.Rmd’
    
    --- re-building ‘hcl-colors.Rnw’ using Sweave
    Loading required package: grid
    KernSmooth 2.23 loaded
    Copyright M. P. Wand 1997-2009
    --- finished re-building ‘hcl-colors.Rnw’
    
    SUMMARY: processing the following file failed:
     ‘colorspace.Rmd’
    
    Error: Vignette re-building failed.
    Execution halted
Flavor: r-release-macos-x86_64