CRAN Package Check Results for Package colormap

Last updated on 2021-08-04 09:54:44 CEST.

Flavor Version Tinstall Tcheck Ttotal Status Flags
r-devel-linux-x86_64-debian-clang 0.1.4 2.79 31.60 34.39 NOTE
r-devel-linux-x86_64-debian-gcc 0.1.4 2.16 24.90 27.06 NOTE
r-devel-linux-x86_64-fedora-clang 0.1.4 51.54 NOTE
r-devel-linux-x86_64-fedora-gcc 0.1.4 39.98 NOTE
r-devel-windows-x86_64 0.1.4 5.00 60.00 65.00 NOTE
r-devel-windows-x86_64-gcc10-UCRT 0.1.4 NOTE
r-patched-linux-x86_64 0.1.4 2.53 30.64 33.17 NOTE
r-patched-solaris-x86 0.1.4 65.40 NOTE
r-release-linux-x86_64 0.1.4 2.66 30.34 33.00 NOTE
r-release-macos-arm64 0.1.4 NOTE
r-release-macos-x86_64 0.1.4 NOTE
r-release-windows-ix86+x86_64 0.1.4 10.00 64.00 74.00 NOTE
r-oldrel-macos-x86_64 0.1.4 OK
r-oldrel-windows-ix86+x86_64 0.1.4 9.00 60.00 69.00 OK

Check Details

Version: 0.1.4
Check: LazyData
Result: NOTE
     'LazyData' is specified without a 'data' directory
Flavors: r-devel-linux-x86_64-debian-clang, r-devel-linux-x86_64-debian-gcc, r-devel-linux-x86_64-fedora-clang, r-devel-linux-x86_64-fedora-gcc, r-devel-windows-x86_64, r-devel-windows-x86_64-gcc10-UCRT, r-patched-linux-x86_64, r-patched-solaris-x86, r-release-linux-x86_64, r-release-macos-arm64, r-release-macos-x86_64, r-release-windows-ix86+x86_64