CRAN Package Check Results for Package colorizer

Last updated on 2021-10-16 09:54:13 CEST.

Flavor Version Tinstall Tcheck Ttotal Status Flags
r-devel-linux-x86_64-debian-clang 0.1.0 5.22 46.35 51.57 NOTE
r-devel-linux-x86_64-debian-gcc 0.1.0 4.10 34.43 38.53 NOTE
r-devel-linux-x86_64-fedora-clang 0.1.0 75.55 NOTE
r-devel-linux-x86_64-fedora-gcc 0.1.0 58.51 NOTE
r-devel-windows-x86_64 0.1.0 10.00 46.00 56.00 NOTE
r-devel-windows-x86_64-gcc10-UCRT 0.1.0 NOTE
r-patched-linux-x86_64 0.1.0 4.87 43.18 48.05 NOTE
r-patched-solaris-x86 0.1.0 94.90 NOTE
r-release-linux-x86_64 0.1.0 5.11 42.55 47.66 NOTE
r-release-macos-arm64 0.1.0 NOTE
r-release-macos-x86_64 0.1.0 NOTE
r-release-windows-ix86+x86_64 0.1.0 13.00 65.00 78.00 NOTE
r-oldrel-macos-x86_64 0.1.0 OK
r-oldrel-windows-ix86+x86_64 0.1.0 16.00 65.00 81.00 OK

Check Details

Version: 0.1.0
Check: LazyData
Result: NOTE
     'LazyData' is specified without a 'data' directory
Flavors: r-devel-linux-x86_64-debian-clang, r-devel-linux-x86_64-debian-gcc, r-devel-linux-x86_64-fedora-clang, r-devel-linux-x86_64-fedora-gcc, r-devel-windows-x86_64, r-devel-windows-x86_64-gcc10-UCRT, r-patched-linux-x86_64, r-patched-solaris-x86, r-release-linux-x86_64, r-release-macos-arm64, r-release-macos-x86_64, r-release-windows-ix86+x86_64

Version: 0.1.0
Check: package dependencies
Result: NOTE
    Package suggested but not available for checking: ‘gifski’
Flavor: r-patched-solaris-x86