CRAN Package Check Results for Package coinmarketcapr

Last updated on 2021-09-28 09:53:12 CEST.

Flavor Version Tinstall Tcheck Ttotal Status Flags
r-devel-linux-x86_64-debian-clang 0.3.2 6.02 55.31 61.33 NOTE
r-devel-linux-x86_64-debian-gcc 0.3.2 4.59 41.08 45.67 NOTE
r-devel-linux-x86_64-fedora-clang 0.3.2 78.89 NOTE
r-devel-linux-x86_64-fedora-gcc 0.3.2 68.72 NOTE
r-devel-windows-x86_64 0.3.2 7.00 58.00 65.00 NOTE
r-devel-windows-x86_64-gcc10-UCRT 0.3.2 NOTE
r-patched-linux-x86_64 0.3.2 6.28 50.82 57.10 NOTE
r-patched-solaris-x86 0.3.2 102.10 NOTE
r-release-linux-x86_64 0.3.2 5.26 50.68 55.94 NOTE
r-release-macos-arm64 0.3.2 NOTE
r-release-macos-x86_64 0.3.2 NOTE
r-release-windows-ix86+x86_64 0.3.2 14.00 53.00 67.00 NOTE
r-oldrel-macos-x86_64 0.3.2 OK
r-oldrel-windows-ix86+x86_64 0.3.2 11.00 57.00 68.00 OK

Check Details

Version: 0.3.2
Check: LazyData
Result: NOTE
     'LazyData' is specified without a 'data' directory
Flavors: r-devel-linux-x86_64-debian-clang, r-devel-linux-x86_64-debian-gcc, r-devel-linux-x86_64-fedora-clang, r-devel-linux-x86_64-fedora-gcc, r-devel-windows-x86_64, r-devel-windows-x86_64-gcc10-UCRT, r-patched-linux-x86_64, r-patched-solaris-x86, r-release-linux-x86_64, r-release-macos-arm64, r-release-macos-x86_64, r-release-windows-ix86+x86_64