CRAN Package Check Results for Package codingMatrices

Last updated on 2021-08-04 09:54:44 CEST.

Flavor Version Tinstall Tcheck Ttotal Status Flags
r-devel-linux-x86_64-debian-clang 0.3.3 5.86 83.67 89.53 NOTE
r-devel-linux-x86_64-debian-gcc 0.3.3 6.80 65.22 72.02 NOTE
r-devel-linux-x86_64-fedora-clang 0.3.3 118.69 NOTE
r-devel-linux-x86_64-fedora-gcc 0.3.3 106.45 NOTE
r-devel-windows-x86_64 0.3.3 8.00 106.00 114.00 NOTE
r-devel-windows-x86_64-gcc10-UCRT 0.3.3 NOTE
r-patched-linux-x86_64 0.3.3 7.15 80.21 87.36 NOTE
r-patched-solaris-x86 0.3.3 156.50 NOTE
r-release-linux-x86_64 0.3.3 7.15 81.70 88.85 NOTE
r-release-macos-arm64 0.3.3 NOTE
r-release-macos-x86_64 0.3.3 NOTE
r-release-windows-ix86+x86_64 0.3.3 17.00 106.00 123.00 NOTE
r-oldrel-macos-x86_64 0.3.3 OK
r-oldrel-windows-ix86+x86_64 0.3.3 13.00 106.00 119.00 OK

Check Details

Version: 0.3.3
Check: LazyData
Result: NOTE
     'LazyData' is specified without a 'data' directory
Flavors: r-devel-linux-x86_64-debian-clang, r-devel-linux-x86_64-debian-gcc, r-devel-linux-x86_64-fedora-clang, r-devel-linux-x86_64-fedora-gcc, r-devel-windows-x86_64, r-devel-windows-x86_64-gcc10-UCRT, r-patched-linux-x86_64, r-patched-solaris-x86, r-release-linux-x86_64, r-release-macos-arm64, r-release-macos-x86_64, r-release-windows-ix86+x86_64