CRAN Package Check Results for Package clv

Last updated on 2021-10-22 09:52:59 CEST.

Flavor Version Tinstall Tcheck Ttotal Status Flags
r-devel-linux-x86_64-debian-clang 0.3-2.2 7.59 34.37 41.96 OK
r-devel-linux-x86_64-debian-gcc 0.3-2.2 4.70 26.22 30.92 OK
r-devel-linux-x86_64-fedora-clang 0.3-2.2 60.58 NOTE
r-devel-linux-x86_64-fedora-gcc 0.3-2.2 48.85 NOTE
r-devel-windows-x86_64 0.3-2.2 12.00 53.00 65.00 OK
r-devel-windows-x86_64-gcc10-UCRT 0.3-2.2 OK
r-patched-linux-x86_64 0.3-2.2 7.01 32.58 39.59 OK
r-patched-solaris-x86 0.3-2.2 71.10 OK
r-release-linux-x86_64 0.3-2.2 5.00 33.06 38.06 OK
r-release-macos-arm64 0.3-2.2 OK
r-release-macos-x86_64 0.3-2.2 OK
r-release-windows-ix86+x86_64 0.3-2.2 15.00 67.00 82.00 OK
r-oldrel-macos-x86_64 0.3-2.2 OK
r-oldrel-windows-ix86+x86_64 0.3-2.2 20.00 64.00 84.00 OK

Check Details

Version: 0.3-2.2
Check: compiled code
Result: NOTE
    File ‘clv/libs/clv.so’:
     Found no calls to: ‘R_registerRoutines’, ‘R_useDynamicSymbols’
    
    It is good practice to register native routines and to disable symbol
    search.
    
    See ‘Writing portable packages’ in the ‘Writing R Extensions’ manual.
Flavors: r-devel-linux-x86_64-fedora-clang, r-devel-linux-x86_64-fedora-gcc