CRAN Package Check Results for Package clustermq

Last updated on 2021-05-08 09:51:04 CEST.

Flavor Version Tinstall Tcheck Ttotal Status Flags
r-devel-linux-x86_64-debian-clang 0.8.95.1 38.67 60.72 99.39 NOTE
r-devel-linux-x86_64-debian-gcc 0.8.95.1 29.10 48.64 77.74 WARN
r-devel-linux-x86_64-fedora-clang 0.8.95.1 147.34 NOTE
r-devel-linux-x86_64-fedora-gcc 0.8.95.1 132.48 NOTE
r-devel-windows-ix86+x86_64 0.8.95.1 77.00 115.00 192.00 NOTE
r-devel-windows-x86_64-gcc10-UCRT 0.8.95.1 NOTE
r-patched-linux-x86_64 0.8.95.1 34.54 59.34 93.88 NOTE
r-patched-solaris-x86 0.8.95.1 131.40 NOTE
r-release-linux-x86_64 0.8.95.1 35.17 58.61 93.78 OK
r-release-macos-x86_64 0.8.95.1 NOTE
r-release-windows-ix86+x86_64 0.8.95.1 76.00 91.00 167.00 OK
r-oldrel-macos-x86_64 0.8.95.1 NOTE
r-oldrel-windows-ix86+x86_64 0.8.95.1 96.00 104.00 200.00 OK

Check Details

Version: 0.8.95.1
Check: LazyData
Result: NOTE
     'LazyData' is specified without a 'data' directory
Flavors: r-devel-linux-x86_64-debian-clang, r-devel-linux-x86_64-debian-gcc, r-devel-linux-x86_64-fedora-clang, r-devel-linux-x86_64-fedora-gcc, r-devel-windows-ix86+x86_64, r-devel-windows-x86_64-gcc10-UCRT, r-patched-linux-x86_64

Version: 0.8.95.1
Check: re-building of vignette outputs
Result: WARN
    Error(s) in re-building vignettes:
     ...
    --- re-building ‘quickstart.Rmd’ using rmarkdown
    Could not fetch http://image.ibb.co/cRgYNR/plot.png
    HttpExceptionRequest Request {
     host = "image.ibb.co"
     port = 80
     secure = False
     requestHeaders = []
     path = "/cRgYNR/plot.png"
     queryString = ""
     method = "GET"
     proxy = Nothing
     rawBody = False
     redirectCount = 10
     responseTimeout = ResponseTimeoutDefault
     requestVersion = HTTP/1.1
    }
     ResponseTimeout
    Error: processing vignette 'quickstart.Rmd' failed with diagnostics:
    pandoc document conversion failed with error 61
    --- failed re-building ‘quickstart.Rmd’
    
    --- re-building ‘technicaldocs.Rmd’ using rmarkdown
    --- finished re-building ‘technicaldocs.Rmd’
    
    --- re-building ‘userguide.Rmd’ using rmarkdown
    --- finished re-building ‘userguide.Rmd’
    
    SUMMARY: processing the following file failed:
     ‘quickstart.Rmd’
    
    Error: Vignette re-building failed.
    Execution halted
Flavor: r-devel-linux-x86_64-debian-gcc

Version: 0.8.95.1
Check: top-level files
Result: NOTE
    ‘configure’: ‘env bash’ is not portable as bash need not be installed
Flavors: r-devel-linux-x86_64-fedora-clang, r-devel-linux-x86_64-fedora-gcc

Version: 0.8.95.1
Check: dependencies in R code
Result: NOTE
    Namespaces in Imports field not imported from:
     ‘R6’ ‘methods’ ‘purrr’
     All declared Imports should be used.
Flavors: r-devel-linux-x86_64-fedora-clang, r-devel-linux-x86_64-fedora-gcc, r-devel-windows-x86_64-gcc10-UCRT, r-patched-solaris-x86, r-release-macos-x86_64, r-oldrel-macos-x86_64

Version: 0.8.95.1
Check: installed package size
Result: NOTE
     installed size is 13.8Mb
     sub-directories of 1Mb or more:
     libs 12.8Mb
Flavor: r-release-macos-x86_64