CRAN Package Check Results for Package clue

Last updated on 2021-09-19 09:50:05 CEST.

Flavor Version Tinstall Tcheck Ttotal Status Flags
r-devel-linux-x86_64-debian-clang 0.3-59 11.08 79.75 90.83 OK
r-devel-linux-x86_64-debian-gcc 0.3-59 8.12 59.82 67.94 OK
r-devel-linux-x86_64-fedora-clang 0.3-59 116.16 NOTE
r-devel-linux-x86_64-fedora-gcc 0.3-59 105.45 OK
r-devel-windows-x86_64 0.3-59 14.00 106.00 120.00 OK
r-devel-windows-x86_64-gcc10-UCRT 0.3-59 ERROR
r-patched-linux-x86_64 0.3-59 11.04 78.31 89.35 OK
r-patched-solaris-x86 0.3-59 145.10 NOTE
r-release-linux-x86_64 0.3-59 9.05 76.94 85.99 OK
r-release-macos-arm64 0.3-59 OK
r-release-macos-x86_64 0.3-59 OK
r-release-windows-ix86+x86_64 0.3-59 23.00 92.00 115.00 OK
r-oldrel-macos-x86_64 0.3-59 OK
r-oldrel-windows-ix86+x86_64 0.3-59 23.00 97.00 120.00 OK

Check Details

Version: 0.3-59
Check: Rd cross-references
Result: NOTE
    Undeclared packages ‘mlbench’, ‘fpc’ in Rd xrefs
Flavor: r-devel-linux-x86_64-fedora-clang

Version: 0.3-59
Check: whether package can be installed
Result: ERROR
    Installation failed.
Flavor: r-devel-windows-x86_64-gcc10-UCRT

Version: 0.3-59
Check: package dependencies
Result: NOTE
    Package which this enhances but not available for checking: ‘RWeka’
Flavor: r-patched-solaris-x86