CRAN Package Check Results for Package clinPK

Last updated on 2021-09-24 09:54:17 CEST.

Flavor Version Tinstall Tcheck Ttotal Status Flags
r-devel-linux-x86_64-debian-clang 0.9.0 5.31 36.44 41.75 NOTE
r-devel-linux-x86_64-debian-gcc 0.9.0 4.09 28.33 32.42 NOTE
r-devel-linux-x86_64-fedora-clang 0.9.0 59.14 NOTE
r-devel-linux-x86_64-fedora-gcc 0.9.0 48.14 NOTE
r-devel-windows-x86_64 0.9.0 8.00 41.00 49.00 NOTE
r-devel-windows-x86_64-gcc10-UCRT 0.9.0 NOTE
r-patched-linux-x86_64 0.9.0 5.65 36.22 41.87 NOTE
r-patched-solaris-x86 0.9.0 70.40 NOTE
r-release-linux-x86_64 0.9.0 5.06 35.43 40.49 NOTE
r-release-macos-arm64 0.9.0 NOTE
r-release-macos-x86_64 0.9.0 NOTE
r-release-windows-ix86+x86_64 0.9.0 10.00 43.00 53.00 NOTE
r-oldrel-macos-x86_64 0.9.0 OK
r-oldrel-windows-ix86+x86_64 0.9.0 8.00 42.00 50.00 OK

Check Details

Version: 0.9.0
Check: LazyData
Result: NOTE
     'LazyData' is specified without a 'data' directory
Flavors: r-devel-linux-x86_64-debian-clang, r-devel-linux-x86_64-debian-gcc, r-devel-linux-x86_64-fedora-clang, r-devel-linux-x86_64-fedora-gcc, r-devel-windows-x86_64, r-devel-windows-x86_64-gcc10-UCRT, r-patched-linux-x86_64, r-patched-solaris-x86, r-release-linux-x86_64, r-release-macos-arm64, r-release-macos-x86_64, r-release-windows-ix86+x86_64