CRAN Package Check Results for Package circlize

Last updated on 2021-09-17 09:53:19 CEST.

Flavor Version Tinstall Tcheck Ttotal Status Flags
r-devel-linux-x86_64-debian-clang 0.4.13 19.08 135.39 154.47 OK
r-devel-linux-x86_64-debian-gcc 0.4.13 11.64 96.12 107.76 OK
r-devel-linux-x86_64-fedora-clang 0.4.13 184.42 OK
r-devel-linux-x86_64-fedora-gcc 0.4.13 174.34 OK
r-devel-windows-x86_64 0.4.13 20.00 182.00 202.00 OK
r-devel-windows-x86_64-gcc10-UCRT 0.4.13 OK
r-patched-linux-x86_64 0.4.13 15.79 127.24 143.03 OK
r-patched-solaris-x86 0.4.13 202.10 OK
r-release-linux-x86_64 0.4.13 14.18 125.38 139.56 OK
r-release-macos-arm64 0.4.13 NOTE
r-release-macos-x86_64 0.4.13 OK
r-release-windows-ix86+x86_64 0.4.13 27.00 118.00 145.00 OK
r-oldrel-macos-x86_64 0.4.13 OK
r-oldrel-windows-ix86+x86_64 0.4.13 19.00 162.00 181.00 OK

Check Details

Version: 0.4.13
Check: package dependencies
Result: NOTE
    Package suggested but not available for checking: ‘ComplexHeatmap’
Flavor: r-release-macos-arm64

Version: 0.4.13
Check: dependencies in R code
Result: NOTE
    Unavailable namespace imported from by a ':::' call: ‘ComplexHeatmap’
     See the note in ?`:::` about the use of this operator.
Flavor: r-release-macos-arm64