CRAN Package Check Results for Package cicerone

Last updated on 2021-10-26 10:04:21 CEST.

Flavor Version Tinstall Tcheck Ttotal Status Flags
r-devel-linux-x86_64-debian-clang 1.0.4 3.69 32.08 35.77 NOTE
r-devel-linux-x86_64-debian-gcc 1.0.4 2.86 25.50 28.36 NOTE
r-devel-linux-x86_64-fedora-clang 1.0.4 54.30 NOTE
r-devel-linux-x86_64-fedora-gcc 1.0.4 44.90 NOTE
r-devel-windows-x86_64 1.0.4 6.00 56.00 62.00 NOTE
r-devel-windows-x86_64-gcc10-UCRT 1.0.4 NOTE
r-patched-linux-x86_64 1.0.4 3.76 31.11 34.87 NOTE
r-patched-solaris-x86 1.0.4 71.40 NOTE
r-release-linux-x86_64 1.0.4 3.38 31.38 34.76 NOTE
r-release-macos-arm64 1.0.4 NOTE
r-release-macos-x86_64 1.0.4 NOTE
r-release-windows-ix86+x86_64 1.0.4 8.00 53.00 61.00 NOTE
r-oldrel-macos-x86_64 1.0.4 NOTE
r-oldrel-windows-ix86+x86_64 1.0.4 10.00 56.00 66.00 OK

Check Details

Version: 1.0.4
Check: LazyData
Result: NOTE
     'LazyData' is specified without a 'data' directory
Flavors: r-devel-linux-x86_64-debian-clang, r-devel-linux-x86_64-debian-gcc, r-devel-linux-x86_64-fedora-clang, r-devel-linux-x86_64-fedora-gcc, r-devel-windows-x86_64, r-devel-windows-x86_64-gcc10-UCRT, r-patched-linux-x86_64, r-patched-solaris-x86, r-release-linux-x86_64, r-release-macos-arm64, r-release-macos-x86_64, r-release-windows-ix86+x86_64

Version: 1.0.4
Check: dependencies in R code
Result: NOTE
    Namespace in Imports field not imported from: ‘R6’
     All declared Imports should be used.
Flavors: r-devel-linux-x86_64-fedora-clang, r-devel-linux-x86_64-fedora-gcc, r-devel-windows-x86_64-gcc10-UCRT, r-patched-solaris-x86, r-release-macos-arm64, r-release-macos-x86_64, r-oldrel-macos-x86_64