CRAN Package Check Results for Package chunked

Last updated on 2021-10-16 09:54:12 CEST.

Flavor Version Tinstall Tcheck Ttotal Status Flags
r-devel-linux-x86_64-debian-clang 0.5.1 4.07 49.11 53.18 NOTE
r-devel-linux-x86_64-debian-gcc 0.5.1 3.45 36.78 40.23 NOTE
r-devel-linux-x86_64-fedora-clang 0.5.1 73.61 NOTE
r-devel-linux-x86_64-fedora-gcc 0.5.1 61.04 NOTE
r-devel-windows-x86_64 0.5.1 8.00 51.00 59.00 NOTE
r-devel-windows-x86_64-gcc10-UCRT 0.5.1 NOTE
r-patched-linux-x86_64 0.5.1 8.35 45.50 53.85 NOTE
r-patched-solaris-x86 0.5.1 89.00 NOTE
r-release-linux-x86_64 0.5.1 3.78 46.06 49.84 NOTE
r-release-macos-arm64 0.5.1 NOTE
r-release-macos-x86_64 0.5.1 NOTE
r-release-windows-ix86+x86_64 0.5.1 11.00 67.00 78.00 NOTE
r-oldrel-macos-x86_64 0.5.1 OK
r-oldrel-windows-ix86+x86_64 0.5.1 12.00 71.00 83.00 OK

Check Details

Version: 0.5.1
Check: LazyData
Result: NOTE
     'LazyData' is specified without a 'data' directory
Flavors: r-devel-linux-x86_64-debian-clang, r-devel-linux-x86_64-debian-gcc, r-devel-linux-x86_64-fedora-clang, r-devel-linux-x86_64-fedora-gcc, r-devel-windows-x86_64, r-devel-windows-x86_64-gcc10-UCRT, r-patched-linux-x86_64, r-patched-solaris-x86, r-release-linux-x86_64, r-release-macos-arm64, r-release-macos-x86_64, r-release-windows-ix86+x86_64