Last updated on 2024-04-26 09:51:55 CEST.
Flavor | Version | Tinstall | Tcheck | Ttotal | Status | Flags |
---|---|---|---|---|---|---|
r-devel-linux-x86_64-debian-clang | 3.7.3 | 19.90 | 120.50 | 140.40 | OK | |
r-devel-linux-x86_64-debian-gcc | 3.7.3 | 16.90 | 91.56 | 108.46 | OK | |
r-devel-linux-x86_64-fedora-clang | 3.7.3 | 186.52 | NOTE | |||
r-devel-linux-x86_64-fedora-gcc | 3.7.3 | 191.03 | NOTE | |||
r-devel-windows-x86_64 | 3.7.3 | 20.00 | 109.00 | 129.00 | OK | |
r-patched-linux-x86_64 | 3.7.3 | 12.91 | 117.35 | 130.26 | OK | |
r-release-linux-x86_64 | 3.7.3 | 12.58 | 118.32 | 130.90 | OK | |
r-release-macos-arm64 | 3.7.3 | 45.00 | OK | |||
r-release-macos-x86_64 | 3.7.3 | 147.00 | OK | |||
r-release-windows-x86_64 | 3.7.3 | 16.00 | 108.00 | 124.00 | OK | |
r-oldrel-macos-arm64 | 3.7.3 | 55.00 | OK | |||
r-oldrel-macos-x86_64 | 3.7.3 | 99.00 | OK | |||
r-oldrel-windows-x86_64 | 3.7.3 | 24.00 | 133.00 | 157.00 | OK |
Version: 3.7.3
Check: data for non-ASCII characters
Result: NOTE
Note: found 10 marked UTF-8 strings
Flavors: r-devel-linux-x86_64-fedora-clang, r-devel-linux-x86_64-fedora-gcc