CRAN Package Check Results for Package checkmate

Last updated on 2021-09-25 09:53:46 CEST.

Flavor Version Tinstall Tcheck Ttotal Status Flags
r-devel-linux-x86_64-debian-clang 2.0.0 9.88 85.76 95.64 OK
r-devel-linux-x86_64-debian-gcc 2.0.0 7.66 64.91 72.57 OK
r-devel-linux-x86_64-fedora-clang 2.0.0 120.84 OK
r-devel-linux-x86_64-fedora-gcc 2.0.0 111.81 OK
r-devel-windows-x86_64 2.0.0 16.00 96.00 112.00 OK
r-devel-windows-x86_64-gcc10-UCRT 2.0.0 OK
r-patched-linux-x86_64 2.0.0 11.62 81.05 92.67 OK
r-patched-solaris-x86 2.0.0 141.10 ERROR
r-release-linux-x86_64 2.0.0 9.24 79.44 88.68 OK
r-release-macos-arm64 2.0.0 OK
r-release-macos-x86_64 2.0.0 OK
r-release-windows-ix86+x86_64 2.0.0 29.00 114.00 143.00 OK
r-oldrel-macos-x86_64 2.0.0 OK
r-oldrel-windows-ix86+x86_64 2.0.0 39.00 115.00 154.00 OK

Check Details

Version: 2.0.0
Check: tests
Result: ERROR
     Running ‘test-all.R’ [26s/30s]
    Running the tests in ‘tests/test-all.R’ failed.
    Complete output:
     > library(testthat)
     > test_check("checkmate")
     Loading required package: checkmate
     ══ Skipped tests ═══════════════════════════════════════════════════════════════
     • On CRAN (1)
    
     ══ Failed tests ════════════════════════════════════════════════════════════════
     ── Failure (test_checkNames.R:34:3): checkNames ────────────────────────────────
     testNames("ä", type = "strict") is not FALSE
    
     `actual`: TRUE
     `expected`: FALSE
     ── Failure (test_checkNames.R:35:3): checkNames ────────────────────────────────
     testNames("ä", type = "ids") is not FALSE
    
     `actual`: TRUE
     `expected`: FALSE
    
     [ FAIL 2 | WARN 0 | SKIP 1 | PASS 2899 ]
     Error: Test failures
     Execution halted
Flavor: r-patched-solaris-x86