CRAN Package Check Results for Package censo2017

Last updated on 2021-10-27 10:09:40 CEST.

Flavor Version Tinstall Tcheck Ttotal Status Flags
r-devel-linux-x86_64-debian-clang 0.6.1 2.79 27.73 30.52 OK
r-devel-linux-x86_64-debian-gcc 0.6.1 2.08 22.24 24.32 OK
r-devel-linux-x86_64-fedora-clang 0.6.1 47.90 OK
r-devel-linux-x86_64-fedora-gcc 0.6.1 37.00 OK
r-devel-windows-x86_64 0.6.1 5.00 48.00 53.00 OK
r-devel-windows-x86_64-gcc10-UCRT 0.6.1 OK
r-patched-linux-x86_64 0.6.1 2.62 27.55 30.17 OK
r-patched-solaris-x86 0.6.1 59.10 NOTE
r-release-linux-x86_64 0.6.1 2.49 27.15 29.64 OK
r-release-macos-arm64 0.6.1 OK
r-release-macos-x86_64 0.6.1 OK
r-release-windows-ix86+x86_64 0.6.1 7.00 50.00 57.00 OK
r-oldrel-macos-x86_64 0.6.1 OK
r-oldrel-windows-ix86+x86_64 0.6.1 7.00 53.00 60.00 OK

Check Details

Version: 0.6.1
Check: package dependencies
Result: NOTE
    Package suggested but not available for checking: ‘chilemapas’
Flavor: r-patched-solaris-x86