Last updated on 2024-05-07 10:55:54 CEST.
Flavor | Version | Tinstall | Tcheck | Ttotal | Status | Flags |
---|---|---|---|---|---|---|
r-devel-linux-x86_64-debian-clang | 1.0.0 | 5.47 | 52.63 | 58.10 | OK | |
r-devel-linux-x86_64-debian-gcc | 1.0.0 | 4.27 | 40.02 | 44.29 | OK | |
r-devel-linux-x86_64-fedora-clang | 1.0.0 | 73.80 | NOTE | |||
r-devel-linux-x86_64-fedora-gcc | 1.0.0 | 105.13 | NOTE | |||
r-devel-windows-x86_64 | 1.0.0 | 6.00 | 74.00 | 80.00 | OK | |
r-patched-linux-x86_64 | 1.0.0 | 4.91 | 51.18 | 56.09 | OK | |
r-release-linux-x86_64 | 1.0.0 | 5.75 | 50.35 | 56.10 | OK | |
r-release-macos-arm64 | 1.0.0 | 31.00 | OK | |||
r-release-windows-x86_64 | 1.0.0 | 6.00 | 75.00 | 81.00 | OK | |
r-oldrel-macos-arm64 | 1.0.0 | 34.00 | OK | |||
r-oldrel-macos-x86_64 | 1.0.0 | 45.00 | OK | |||
r-oldrel-windows-x86_64 | 1.0.0 | 7.00 | 74.00 | 81.00 | OK |
Version: 1.0.0
Check: dependencies in R code
Result: NOTE
Namespaces in Imports field not imported from:
‘base’ ‘stats’ ‘tidyr’
All declared Imports should be used.
Flavors: r-devel-linux-x86_64-fedora-clang, r-devel-linux-x86_64-fedora-gcc