CRAN Package Check Results for Package cder

Last updated on 2021-09-28 09:53:12 CEST.

Flavor Version Tinstall Tcheck Ttotal Status Flags
r-devel-linux-x86_64-debian-clang 0.2-2 6.73 58.58 65.31 NOTE
r-devel-linux-x86_64-debian-gcc 0.2-2 5.07 43.82 48.89 NOTE
r-devel-linux-x86_64-fedora-clang 0.2-2 87.05 NOTE
r-devel-linux-x86_64-fedora-gcc 0.2-2 78.29 NOTE
r-devel-windows-x86_64 0.2-2 8.00 70.00 78.00 NOTE
r-devel-windows-x86_64-gcc10-UCRT 0.2-2 NOTE
r-patched-linux-x86_64 0.2-2 4.69 54.17 58.86 NOTE
r-patched-solaris-x86 0.2-2 113.20 NOTE
r-release-linux-x86_64 0.2-2 5.13 54.72 59.85 NOTE
r-release-macos-arm64 0.2-2 NOTE
r-release-macos-x86_64 0.2-2 NOTE
r-release-windows-ix86+x86_64 0.2-2 15.00 54.00 69.00 NOTE
r-oldrel-macos-x86_64 0.2-2 OK
r-oldrel-windows-ix86+x86_64 0.2-2 10.00 56.00 66.00 OK

Check Details

Version: 0.2-2
Check: LazyData
Result: NOTE
     'LazyData' is specified without a 'data' directory
Flavors: r-devel-linux-x86_64-debian-clang, r-devel-linux-x86_64-debian-gcc, r-devel-linux-x86_64-fedora-clang, r-devel-linux-x86_64-fedora-gcc, r-devel-windows-x86_64, r-devel-windows-x86_64-gcc10-UCRT, r-patched-linux-x86_64, r-patched-solaris-x86, r-release-linux-x86_64, r-release-macos-arm64, r-release-macos-x86_64, r-release-windows-ix86+x86_64