CRAN Package Check Results for Package ccTensor

Last updated on 2021-10-16 09:54:12 CEST.

Flavor Version Tinstall Tcheck Ttotal Status Flags
r-devel-linux-x86_64-debian-clang 1.0.2 3.34 40.98 44.32 OK
r-devel-linux-x86_64-debian-gcc 1.0.2 2.34 31.41 33.75 OK
r-devel-linux-x86_64-fedora-clang 1.0.2 62.81 NOTE
r-devel-linux-x86_64-fedora-gcc 1.0.2 52.37 NOTE
r-devel-windows-x86_64 1.0.2 21.00 48.00 69.00 OK
r-devel-windows-x86_64-gcc10-UCRT 1.0.2 NOTE
r-patched-linux-x86_64 1.0.2 2.17 40.27 42.44 OK
r-patched-solaris-x86 1.0.2 86.90 NOTE
r-release-linux-x86_64 1.0.2 2.73 39.63 42.36 OK
r-release-macos-arm64 1.0.2 NOTE
r-release-macos-x86_64 1.0.2 NOTE
r-release-windows-ix86+x86_64 1.0.2 8.00 67.00 75.00 OK

Check Details

Version: 1.0.2
Check: dependencies in R code
Result: NOTE
    Namespace in Imports field not imported from: ‘fields’
     All declared Imports should be used.
Flavors: r-devel-linux-x86_64-fedora-clang, r-devel-linux-x86_64-fedora-gcc, r-devel-windows-x86_64-gcc10-UCRT, r-patched-solaris-x86, r-release-macos-arm64, r-release-macos-x86_64