Last updated on 2025-11-02 10:50:37 CET.
| Flavor | Version | Tinstall | Tcheck | Ttotal | Status | Flags |
|---|---|---|---|---|---|---|
| r-devel-linux-x86_64-debian-clang | 1.1 | 90.00 | 48.71 | 138.71 | OK | |
| r-devel-linux-x86_64-debian-gcc | 1.1 | 66.41 | 35.59 | 102.00 | OK | |
| r-devel-linux-x86_64-fedora-clang | 1.1 | 170.00 | 74.48 | 244.48 | OK | |
| r-devel-linux-x86_64-fedora-gcc | 1.1 | 204.00 | 52.66 | 256.66 | OK | |
| r-devel-windows-x86_64 | 1.1 | 102.00 | 86.00 | 188.00 | OK | |
| r-patched-linux-x86_64 | 1.1 | 97.10 | 45.19 | 142.29 | OK | |
| r-release-linux-x86_64 | 1.1 | 97.01 | 46.46 | 143.47 | OK | |
| r-release-macos-arm64 | 1.1 | 30.00 | 23.00 | 53.00 | OK | |
| r-release-macos-x86_64 | 1.1 | 27.00 | 41.00 | 68.00 | OK | |
| r-release-windows-x86_64 | 1.1 | 97.00 | 85.00 | 182.00 | OK | |
| r-oldrel-macos-arm64 | 1.1 | 31.00 | 27.00 | 58.00 | NOTE | |
| r-oldrel-macos-x86_64 | 1.1 | 26.00 | 45.00 | 71.00 | NOTE | |
| r-oldrel-windows-x86_64 | 1.1 | 128.00 | 106.00 | 234.00 | OK |
Version: 1.1
Check: installed package size
Result: NOTE
installed size is 6.0Mb
sub-directories of 1Mb or more:
libs 5.6Mb
Flavors: r-oldrel-macos-arm64, r-oldrel-macos-x86_64