CRAN Package Check Results for Package cat.dt

Last updated on 2021-08-04 09:54:43 CEST.

Flavor Version Tinstall Tcheck Ttotal Status Flags
r-devel-linux-x86_64-debian-clang 0.3.1 5.40 102.50 107.90 OK
r-devel-linux-x86_64-debian-gcc 0.3.1 4.03 78.82 82.85 OK
r-devel-linux-x86_64-fedora-clang 0.3.1 137.64 OK
r-devel-linux-x86_64-fedora-gcc 0.3.1 132.53 OK
r-devel-windows-x86_64 0.3.1 9.00 133.00 142.00 OK
r-devel-windows-x86_64-gcc10-UCRT 0.3.1 OK
r-patched-linux-x86_64 0.3.1 6.25 101.81 108.06 OK
r-patched-solaris-x86 0.3.1 283.70 OK
r-release-linux-x86_64 0.3.1 5.84 102.24 108.08 OK
r-release-macos-arm64 0.3.1 WARN
r-release-macos-x86_64 0.3.1 OK
r-release-windows-ix86+x86_64 0.3.1 14.00 125.00 139.00 OK
r-oldrel-macos-x86_64 0.3.1 OK
r-oldrel-windows-ix86+x86_64 0.3.1 14.00 128.00 142.00 OK

Check Details

Version: 0.3.1
Check: re-building of vignette outputs
Result: WARN
    Error(s) in re-building vignettes:
     ...
    --- re-building ‘cat.Rmd’ using rmarkdown
    Warning in engine$weave(file, quiet = quiet, encoding = enc) :
     Pandoc (>= 1.12.3) not available. Falling back to R Markdown v1.
    Quitting from lines 95-96 (cat.Rmd)
    Error: processing vignette 'cat.Rmd' failed with diagnostics:
    polygon edge not found
    --- failed re-building ‘cat.Rmd’
    
    SUMMARY: processing the following file failed:
     ‘cat.Rmd’
    
    Error: Vignette re-building failed.
    Execution halted
Flavor: r-release-macos-arm64