CRAN Package Check Results for Package casen

Last updated on 2021-10-23 10:56:47 CEST.

Flavor Version Tinstall Tcheck Ttotal Status Flags
r-devel-linux-x86_64-debian-clang 0.1.4 9.58 118.87 128.45 OK
r-devel-linux-x86_64-debian-gcc 0.1.4 8.15 88.30 96.45 OK
r-devel-linux-x86_64-fedora-clang 0.1.4 164.22 NOTE
r-devel-linux-x86_64-fedora-gcc 0.1.4 151.47 NOTE
r-devel-windows-x86_64 0.1.4 17.00 163.00 180.00 OK
r-devel-windows-x86_64-gcc10-UCRT 0.1.4 NOTE
r-patched-linux-x86_64 0.1.4 9.57 111.40 120.97 OK
r-patched-solaris-x86 0.1.4 189.00 NOTE
r-release-linux-x86_64 0.1.4 9.50 111.32 120.82 OK
r-release-macos-arm64 0.1.4 NOTE
r-release-macos-x86_64 0.1.4 NOTE
r-release-windows-ix86+x86_64 0.1.4 15.00 152.00 167.00 OK
r-oldrel-macos-x86_64 0.1.4 NOTE
r-oldrel-windows-ix86+x86_64 0.1.4 24.00 158.00 182.00 OK

Check Details

Version: 0.1.4
Check: dependencies in R code
Result: NOTE
    Namespaces in Imports field not imported from:
     ‘janitor’ ‘tibble’
     All declared Imports should be used.
Flavors: r-devel-linux-x86_64-fedora-clang, r-devel-linux-x86_64-fedora-gcc, r-devel-windows-x86_64-gcc10-UCRT, r-patched-solaris-x86, r-release-macos-arm64, r-release-macos-x86_64, r-oldrel-macos-x86_64

Version: 0.1.4
Check: data for non-ASCII characters
Result: NOTE
     Note: found 75 marked UTF-8 strings
Flavors: r-devel-linux-x86_64-fedora-clang, r-devel-linux-x86_64-fedora-gcc, r-devel-windows-x86_64-gcc10-UCRT, r-patched-solaris-x86, r-release-macos-arm64, r-release-macos-x86_64, r-oldrel-macos-x86_64