CRAN Package Check Results for Package caretEnsemble

Last updated on 2021-09-21 09:52:27 CEST.

Flavor Version Tinstall Tcheck Ttotal Status Flags
r-devel-linux-x86_64-debian-clang 2.0.1 14.05 372.96 387.01 OK
r-devel-linux-x86_64-debian-gcc 2.0.1 11.13 288.76 299.89 OK
r-devel-linux-x86_64-fedora-clang 2.0.1 460.02 OK
r-devel-linux-x86_64-fedora-gcc 2.0.1 448.32 OK
r-devel-windows-x86_64 2.0.1 17.00 338.00 355.00 OK
r-devel-windows-x86_64-gcc10-UCRT 2.0.1 ERROR
r-patched-linux-x86_64 2.0.1 19.48 349.57 369.05 OK
r-patched-solaris-x86 2.0.1 518.20 OK
r-release-linux-x86_64 2.0.1 13.90 348.68 362.58 OK
r-release-macos-arm64 2.0.1 OK
r-release-macos-x86_64 2.0.1 OK
r-release-windows-ix86+x86_64 2.0.1 35.00 338.00 373.00 OK
r-oldrel-macos-x86_64 2.0.1 OK
r-oldrel-windows-ix86+x86_64 2.0.1 36.00 450.00 486.00 OK

Check Details

Version: 2.0.1
Check: whether package can be installed
Result: WARN
    Found the following significant warnings:
     WARNING: installation-time patches will not be applied, could not get the patches index
Flavor: r-devel-windows-x86_64-gcc10-UCRT

Version: 2.0.1
Check: PDF version of manual
Result: WARN
    LaTeX errors when creating PDF version.
    This typically indicates Rd problems.
Flavor: r-devel-windows-x86_64-gcc10-UCRT

Version: 2.0.1
Check: PDF version of manual without hyperrefs or index
Result: ERROR
    Re-running with no redirection of stdout/stderr.
Flavor: r-devel-windows-x86_64-gcc10-UCRT