CRAN Package Check Results for Package captr

Last updated on 2021-09-17 09:53:18 CEST.

Flavor Version Tinstall Tcheck Ttotal Status Flags
r-devel-linux-x86_64-debian-clang 0.3.0 2.64 29.10 31.74 NOTE
r-devel-linux-x86_64-debian-gcc 0.3.0 2.03 23.20 25.23 NOTE
r-devel-linux-x86_64-fedora-clang 0.3.0 47.41 NOTE
r-devel-linux-x86_64-fedora-gcc 0.3.0 36.78 NOTE
r-devel-windows-x86_64 0.3.0 4.00 52.00 56.00 NOTE
r-devel-windows-x86_64-gcc10-UCRT 0.3.0 NOTE
r-patched-linux-x86_64 0.3.0 3.14 28.18 31.32 NOTE
r-patched-solaris-x86 0.3.0 56.70 NOTE
r-release-linux-x86_64 0.3.0 2.76 28.27 31.03 NOTE
r-release-macos-arm64 0.3.0 NOTE
r-release-macos-x86_64 0.3.0 NOTE
r-release-windows-ix86+x86_64 0.3.0 6.00 37.00 43.00 NOTE
r-oldrel-macos-x86_64 0.3.0 OK
r-oldrel-windows-ix86+x86_64 0.3.0 5.00 98.00 103.00 OK

Check Details

Version: 0.3.0
Check: LazyData
Result: NOTE
     'LazyData' is specified without a 'data' directory
Flavors: r-devel-linux-x86_64-debian-clang, r-devel-linux-x86_64-debian-gcc, r-devel-linux-x86_64-fedora-clang, r-devel-linux-x86_64-fedora-gcc, r-devel-windows-x86_64, r-devel-windows-x86_64-gcc10-UCRT, r-patched-linux-x86_64, r-patched-solaris-x86, r-release-linux-x86_64, r-release-macos-arm64, r-release-macos-x86_64, r-release-windows-ix86+x86_64