CRAN Package Check Results for Package cape

Last updated on 2021-10-27 10:09:40 CEST.

Flavor Version Tinstall Tcheck Ttotal Status Flags
r-devel-linux-x86_64-debian-clang 3.1.0 23.98 326.73 350.71 NOTE
r-devel-linux-x86_64-debian-gcc 3.1.0 21.98 236.36 258.34 NOTE
r-devel-linux-x86_64-fedora-clang 3.1.0 414.84 NOTE
r-devel-linux-x86_64-fedora-gcc 3.1.0 404.46 NOTE
r-devel-windows-x86_64 3.1.0 38.00 408.00 446.00 WARN
r-devel-windows-x86_64-gcc10-UCRT 3.1.0 WARN
r-patched-linux-x86_64 3.1.0 25.70 309.64 335.34 NOTE
r-patched-solaris-x86 3.1.0 280.40 NOTE
r-release-linux-x86_64 3.1.0 25.25 310.20 335.45 NOTE
r-release-macos-arm64 3.1.0 NOTE
r-release-macos-x86_64 3.1.0 NOTE
r-release-windows-ix86+x86_64 3.1.0 4.00 8.00 12.00 ERROR
r-oldrel-macos-x86_64 3.1.0 OK
r-oldrel-windows-ix86+x86_64 3.1.0 51.00 373.00 424.00 OK

Check Details

Version: 3.1.0
Check: LazyData
Result: NOTE
     'LazyData' is specified without a 'data' directory
Flavors: r-devel-linux-x86_64-debian-clang, r-devel-linux-x86_64-debian-gcc, r-devel-linux-x86_64-fedora-clang, r-devel-linux-x86_64-fedora-gcc, r-devel-windows-x86_64, r-devel-windows-x86_64-gcc10-UCRT, r-patched-linux-x86_64, r-patched-solaris-x86, r-release-linux-x86_64, r-release-macos-arm64, r-release-macos-x86_64

Version: 3.1.0
Check: whether package can be installed
Result: WARN
    Found the following significant warnings:
     Warning: 'memory.limit()' is no longer supported
Flavors: r-devel-windows-x86_64, r-devel-windows-x86_64-gcc10-UCRT

Version: 3.1.0
Check: whether package can be installed
Result: ERROR
    Installation failed.
Flavor: r-release-windows-ix86+x86_64